{"id":17551,"date":"2022-04-05T11:11:33","date_gmt":"2022-04-05T15:11:33","guid":{"rendered":"https:\/\/af.ca\/ottawa\/?page_id=17551"},"modified":"2022-04-05T11:35:50","modified_gmt":"2022-04-05T15:35:50","slug":"le-mois-de-la-francophonie-2022-a-lalliance-francaise-ottawa","status":"publish","type":"page","link":"https:\/\/af.ca\/ottawa\/le-mois-de-la-francophonie-2022-a-lalliance-francaise-ottawa\/","title":{"rendered":"Le mois de la francophonie 2022 \u00e0 l\u2019Alliance Francaise Ottawa"},"content":{"rendered":"<p>&nbsp;<\/p>\n<p>&nbsp;<\/p>\n<p><span style=\"color: #000000;\">Le Mois de la Francophonie est une occasion pour les francophones et francophiles du monde entier de se rassembler et c\u00e9l\u00e9brer la richesse de la langue fran\u00e7aise. L\u2019Alliance Francaise Ottawa n\u2019a pas d\u00e9rog\u00e9 \u00e0 cette r\u00e8gle et s\u2019est voulu \u00eatre un centre d\u2019\u00e9change de partages et de d\u00e9couverte de ces cultures en organisant plusieurs activit\u00e9s durant cette p\u00e9riode.<\/span><\/p>\n<p>&nbsp;<\/p>\n<p><span style=\"color: #000000;\">Le num\u00e9rique a \u00e9t\u00e9 mis \u00e0 profit durant cette p\u00e9riode, tout d\u2019abord dans le cadre d\u2019un \u00ab\u00a0speak dating\u00a0\u00bb international qui s\u2019est tenu en ligne, en collaboration avec des AF de la Colombie, du Mexique et du Nigeria. Un \u00e9v\u00e8nement au cours duquel pr\u00e8s d\u2019une centaine de participants ont eu le plaisir d\u2019\u00e9changer en fran\u00e7ais et parler de francophonie.<\/span><\/p>\n<p><span style=\"color: #000000;\">Les passionn\u00e9s de lectures ont pu nous retrouver avec EUNIC et l\u2019ambassade de Belgique au Canada, pour une discussion virtuelle sur le dernier roman de l\u2019\u00e9crivain belge d&rsquo;Am\u00e9lie Nothomb, <em>Premier Sang<\/em>. Ce fut une belle mani\u00e8re de c\u00e9l\u00e9brer la Francophonie et la litt\u00e9rature europ\u00e9enne.<\/span><\/p>\n<p><span style=\"color: #000000;\">De m\u00eame, les internautes nous ont rejoints pour une autre activit\u00e9 ludique et \u00e9ducative en ligne sous le th\u00e8me\u00a0: <em>Pourquoi les Qu\u00e9b\u00e9cois ont un accent<\/em>, avec Genevi\u00e8ve Breton de <a href=\"https:\/\/maprofdefrancais.ca\/\">maprofdefrancais.ca<\/a>. Cette activit\u00e9 a permis aux uns et aux autres de conna\u00eetre les raisons historiques et linguistiques de cette forme de fran\u00e7ais.<\/span><\/p>\n<p><span style=\"color: #000000;\">Toutes les occasions sont bonnes pour pratiquer le fran\u00e7ais, m\u00eame en faisant quelque chose d\u2019aussi simple que de prendre une tasse de caf\u00e9\u00a0: c\u2019est dans cette optique qu\u2019a eu lieu le caf\u00e9 discussion en ligne de l\u2019AF.<\/span><\/p>\n<p>&nbsp;<\/p>\n<p><span style=\"color: #000000;\">D\u2019autres activit\u00e9s en pr\u00e9sentiel ont permis de retrouver cette dynamique de soir\u00e9es sociales et de rencontre int\u00e9ressantes qui n\u2019\u00e9taient pas possible durant la p\u00e9riode de confinement.<\/span><\/p>\n<p><span style=\"color: #000000;\">Lorsqu\u2019on pense bar ou soir\u00e9e au pub, on est moins port\u00e9 \u00e0 penser \u00e0 une occasion d\u2019apprentissage. Mais c\u2019est le pari qu\u2019a r\u00e9ussi l\u2019AF Ottawa en organisant une soir\u00e9e pub en fran\u00e7ais \u00e0 Ottawa. Une trentaine d\u2019apprenants en fran\u00e7ais et de francophiles ont eu l\u2019occasion de se rencontrer et d\u2019\u00e9changer durant cette soir\u00e9e pub qui est une activit\u00e9 r\u00e9currente de l\u2019alliance.<\/span><\/p>\n<p><span style=\"color: #000000;\">Les locaux de l\u2019Alliance Francaise Ottawa \u00e9taient ouverts pour accueillir les participants \u00e0 la soir\u00e9e projection de films propos\u00e9s par l\u2019Office National du Film du Canada dans le cadre des Rendez-vous de la Francophonie. Cette s\u00e9quence de film a \u00e9t\u00e9 suivi d\u2019un d\u00e9bat portant sur la francophonie et les identit\u00e9s\u00a0: qu\u2019on soit d\u2019origine fran\u00e7aise, canadienne, sud-am\u00e9ricaine, Nunavummiute ou burkinab\u00e9e, la langue fran\u00e7aise permet de briser les barri\u00e8res et d\u2019interagir avec d\u2019autres cultures, et m\u00eame d\u00e9couvrir des similarit\u00e9s qui renforcent les relations entre diff\u00e9rents peuples.<\/span><\/p>\n<p><span style=\"color: #000000;\">Notre programme de mars s\u2019est termin\u00e9 par un franc succ\u00e8s de la pi\u00e8ce de th\u00e9\u00e2tre <em>La Douleur<\/em> de Marguerite Duras, interpr\u00e9t\u00e9e par la com\u00e9dienne et metteur en sc\u00e8ne <a href=\"https:\/\/maudandrieux.jimdofree.com\/\">Maud Andrieux<\/a> devant 70 spectateurs conquis. Ce fut une pi\u00e8ce de th\u00e9\u00e2tre bouleversante, riche en \u00e9motion, pleine de vie pour les adeptes du th\u00e9\u00e2tre et les connaisseurs de la litt\u00e9rature fran\u00e7aise.<\/span><\/p>\n<p>&nbsp;<\/p>\n<p><span style=\"color: #000000;\">L\u2019Alliance Francaise Ottawa remercie toutes les personnes ayant particip\u00e9s de pr\u00eat ou de loin aux activit\u00e9s du mois de la Francophonie et donne rendez-vous <a href=\"https:\/\/af.ca\/ottawa\/en\/event-details\/?eventId=443#\/\">le samedi 23 avril pour une Journ\u00e9e Portes Ouvertes<\/a>.<\/span><\/p>\n<p>&nbsp;<\/p>\n<p>&nbsp;<\/p>\n<p><span style=\"color: #000000;\"><em>Marie Cl\u00e9mence Brou, Responsable communication et marketing, Alliance Fran\u00e7aise Ottawa<\/em><\/span><\/p>\n<p>&nbsp;<\/p>\n<p>&nbsp;<\/p>\n","protected":false},"excerpt":{"rendered":"<p>&nbsp; &nbsp; Le Mois de la Francophonie est une occasion pour les francophones et francophiles du monde entier de se rassembler et c\u00e9l\u00e9brer la richesse de la langue fran\u00e7aise. L\u2019Alliance Francaise Ottawa n\u2019a pas d\u00e9rog\u00e9 \u00e0 cette r\u00e8gle et s\u2019est voulu \u00eatre un centre d\u2019\u00e9change de partages et de d\u00e9couverte de ces cultures en organisant&#8230;<\/p>\n<p><a class=\"button invert-primary\" href=\"https:\/\/af.ca\/ottawa\/le-mois-de-la-francophonie-2022-a-lalliance-francaise-ottawa\/\">En savoir plus<\/a><\/p>\n","protected":false},"author":3,"featured_media":0,"parent":0,"menu_order":165,"comment_status":"closed","ping_status":"closed","template":"","meta":{"_acf_changed":false,"om_disable_all_campaigns":false,"_monsterinsights_skip_tracking":false,"_monsterinsights_sitenote_active":false,"_monsterinsights_sitenote_note":"","_monsterinsights_sitenote_category":0,"footnotes":""},"class_list":["post-17551","page","type-page","status-publish","hentry"],"acf":[],"yoast_head":"<!-- This site is optimized with the Yoast SEO plugin v27.4 - https:\/\/yoast.com\/product\/yoast-seo-wordpress\/ -->\n<title>Le mois de la francophonie 2022 \u00e0 l\u2019Alliance Francaise Ottawa - Alliance Fran\u00e7aise Ottawa<\/title>\n<meta name=\"robots\" content=\"index, follow, max-snippet:-1, max-image-preview:large, max-video-preview:-1\" \/>\n<link rel=\"canonical\" href=\"https:\/\/af.ca\/ottawa\/le-mois-de-la-francophonie-2022-a-lalliance-francaise-ottawa\/\" \/>\n<meta property=\"og:locale\" content=\"fr_FR\" \/>\n<meta property=\"og:type\" content=\"article\" \/>\n<meta property=\"og:title\" content=\"Le mois de la francophonie 2022 \u00e0 l\u2019Alliance Francaise Ottawa - Alliance Fran\u00e7aise Ottawa\" \/>\n<meta property=\"og:description\" content=\"&nbsp; &nbsp; Le Mois de la Francophonie est une occasion pour les francophones et francophiles du monde entier de se rassembler et c\u00e9l\u00e9brer la richesse de la langue fran\u00e7aise. L\u2019Alliance Francaise Ottawa n\u2019a pas d\u00e9rog\u00e9 \u00e0 cette r\u00e8gle et s\u2019est voulu \u00eatre un centre d\u2019\u00e9change de partages et de d\u00e9couverte de ces cultures en organisant...En savoir plus\" \/>\n<meta property=\"og:url\" content=\"https:\/\/af.ca\/ottawa\/le-mois-de-la-francophonie-2022-a-lalliance-francaise-ottawa\/\" \/>\n<meta property=\"og:site_name\" content=\"Alliance Fran\u00e7aise Ottawa\" \/>\n<meta property=\"article:modified_time\" content=\"2022-04-05T15:35:50+00:00\" \/>\n<meta name=\"twitter:card\" content=\"summary_large_image\" \/>\n<meta name=\"twitter:label1\" content=\"Dur\u00e9e de lecture estim\u00e9e\" \/>\n\t<meta name=\"twitter:data1\" content=\"3 minutes\" \/>\n<script type=\"application\/ld+json\" class=\"yoast-schema-graph\">{\"@context\":\"https:\\\/\\\/schema.org\",\"@graph\":[{\"@type\":\"WebPage\",\"@id\":\"https:\\\/\\\/af.ca\\\/ottawa\\\/le-mois-de-la-francophonie-2022-a-lalliance-francaise-ottawa\\\/\",\"url\":\"https:\\\/\\\/af.ca\\\/ottawa\\\/le-mois-de-la-francophonie-2022-a-lalliance-francaise-ottawa\\\/\",\"name\":\"Le mois de la francophonie 2022 \u00e0 l\u2019Alliance Francaise Ottawa - Alliance Fran\u00e7aise Ottawa\",\"isPartOf\":{\"@id\":\"https:\\\/\\\/af.ca\\\/ottawa\\\/#website\"},\"datePublished\":\"2022-04-05T15:11:33+00:00\",\"dateModified\":\"2022-04-05T15:35:50+00:00\",\"breadcrumb\":{\"@id\":\"https:\\\/\\\/af.ca\\\/ottawa\\\/le-mois-de-la-francophonie-2022-a-lalliance-francaise-ottawa\\\/#breadcrumb\"},\"inLanguage\":\"fr-FR\",\"potentialAction\":[{\"@type\":\"ReadAction\",\"target\":[\"https:\\\/\\\/af.ca\\\/ottawa\\\/le-mois-de-la-francophonie-2022-a-lalliance-francaise-ottawa\\\/\"]}]},{\"@type\":\"BreadcrumbList\",\"@id\":\"https:\\\/\\\/af.ca\\\/ottawa\\\/le-mois-de-la-francophonie-2022-a-lalliance-francaise-ottawa\\\/#breadcrumb\",\"itemListElement\":[{\"@type\":\"ListItem\",\"position\":1,\"name\":\"Home\",\"item\":\"https:\\\/\\\/af.ca\\\/ottawa\\\/\"},{\"@type\":\"ListItem\",\"position\":2,\"name\":\"Le mois de la francophonie 2022 \u00e0 l\u2019Alliance Francaise Ottawa\"}]},{\"@type\":\"WebSite\",\"@id\":\"https:\\\/\\\/af.ca\\\/ottawa\\\/#website\",\"url\":\"https:\\\/\\\/af.ca\\\/ottawa\\\/\",\"name\":\"Alliance Fran\u00e7aise Ottawa\",\"description\":\"\u00c9cole de langue fran\u00e7aise et centre culturel\",\"potentialAction\":[{\"@type\":\"SearchAction\",\"target\":{\"@type\":\"EntryPoint\",\"urlTemplate\":\"https:\\\/\\\/af.ca\\\/ottawa\\\/?s={search_term_string}\"},\"query-input\":{\"@type\":\"PropertyValueSpecification\",\"valueRequired\":true,\"valueName\":\"search_term_string\"}}],\"inLanguage\":\"fr-FR\"}]}<\/script>\n<!-- \/ Yoast SEO plugin. -->","yoast_head_json":{"title":"Le mois de la francophonie 2022 \u00e0 l\u2019Alliance Francaise Ottawa - Alliance Fran\u00e7aise Ottawa","robots":{"index":"index","follow":"follow","max-snippet":"max-snippet:-1","max-image-preview":"max-image-preview:large","max-video-preview":"max-video-preview:-1"},"canonical":"https:\/\/af.ca\/ottawa\/le-mois-de-la-francophonie-2022-a-lalliance-francaise-ottawa\/","og_locale":"fr_FR","og_type":"article","og_title":"Le mois de la francophonie 2022 \u00e0 l\u2019Alliance Francaise Ottawa - Alliance Fran\u00e7aise Ottawa","og_description":"&nbsp; &nbsp; Le Mois de la Francophonie est une occasion pour les francophones et francophiles du monde entier de se rassembler et c\u00e9l\u00e9brer la richesse de la langue fran\u00e7aise. L\u2019Alliance Francaise Ottawa n\u2019a pas d\u00e9rog\u00e9 \u00e0 cette r\u00e8gle et s\u2019est voulu \u00eatre un centre d\u2019\u00e9change de partages et de d\u00e9couverte de ces cultures en organisant...En savoir plus","og_url":"https:\/\/af.ca\/ottawa\/le-mois-de-la-francophonie-2022-a-lalliance-francaise-ottawa\/","og_site_name":"Alliance Fran\u00e7aise Ottawa","article_modified_time":"2022-04-05T15:35:50+00:00","twitter_card":"summary_large_image","twitter_misc":{"Dur\u00e9e de lecture estim\u00e9e":"3 minutes"},"schema":{"@context":"https:\/\/schema.org","@graph":[{"@type":"WebPage","@id":"https:\/\/af.ca\/ottawa\/le-mois-de-la-francophonie-2022-a-lalliance-francaise-ottawa\/","url":"https:\/\/af.ca\/ottawa\/le-mois-de-la-francophonie-2022-a-lalliance-francaise-ottawa\/","name":"Le mois de la francophonie 2022 \u00e0 l\u2019Alliance Francaise Ottawa - Alliance Fran\u00e7aise Ottawa","isPartOf":{"@id":"https:\/\/af.ca\/ottawa\/#website"},"datePublished":"2022-04-05T15:11:33+00:00","dateModified":"2022-04-05T15:35:50+00:00","breadcrumb":{"@id":"https:\/\/af.ca\/ottawa\/le-mois-de-la-francophonie-2022-a-lalliance-francaise-ottawa\/#breadcrumb"},"inLanguage":"fr-FR","potentialAction":[{"@type":"ReadAction","target":["https:\/\/af.ca\/ottawa\/le-mois-de-la-francophonie-2022-a-lalliance-francaise-ottawa\/"]}]},{"@type":"BreadcrumbList","@id":"https:\/\/af.ca\/ottawa\/le-mois-de-la-francophonie-2022-a-lalliance-francaise-ottawa\/#breadcrumb","itemListElement":[{"@type":"ListItem","position":1,"name":"Home","item":"https:\/\/af.ca\/ottawa\/"},{"@type":"ListItem","position":2,"name":"Le mois de la francophonie 2022 \u00e0 l\u2019Alliance Francaise Ottawa"}]},{"@type":"WebSite","@id":"https:\/\/af.ca\/ottawa\/#website","url":"https:\/\/af.ca\/ottawa\/","name":"Alliance Fran\u00e7aise Ottawa","description":"\u00c9cole de langue fran\u00e7aise et centre culturel","potentialAction":[{"@type":"SearchAction","target":{"@type":"EntryPoint","urlTemplate":"https:\/\/af.ca\/ottawa\/?s={search_term_string}"},"query-input":{"@type":"PropertyValueSpecification","valueRequired":true,"valueName":"search_term_string"}}],"inLanguage":"fr-FR"}]}},"blog_post_layout_featured_media_urls":{"thumbnail":"","full":""},"categories_names":null,"comments_number":"0","_links":{"self":[{"href":"https:\/\/af.ca\/ottawa\/wp-json\/wp\/v2\/pages\/17551","targetHints":{"allow":["GET"]}}],"collection":[{"href":"https:\/\/af.ca\/ottawa\/wp-json\/wp\/v2\/pages"}],"about":[{"href":"https:\/\/af.ca\/ottawa\/wp-json\/wp\/v2\/types\/page"}],"author":[{"embeddable":true,"href":"https:\/\/af.ca\/ottawa\/wp-json\/wp\/v2\/users\/3"}],"replies":[{"embeddable":true,"href":"https:\/\/af.ca\/ottawa\/wp-json\/wp\/v2\/comments?post=17551"}],"version-history":[{"count":0,"href":"https:\/\/af.ca\/ottawa\/wp-json\/wp\/v2\/pages\/17551\/revisions"}],"wp:attachment":[{"href":"https:\/\/af.ca\/ottawa\/wp-json\/wp\/v2\/media?parent=17551"}],"curies":[{"name":"wp","href":"https:\/\/api.w.org\/{rel}","templated":true}]}}