{"id":17992,"date":"2022-08-25T09:25:44","date_gmt":"2022-08-25T13:25:44","guid":{"rendered":"https:\/\/af.ca\/ottawa\/?page_id=17992"},"modified":"2022-08-25T10:00:26","modified_gmt":"2022-08-25T14:00:26","slug":"pourquoi-apprendre-le-francais-au-canada","status":"publish","type":"page","link":"https:\/\/af.ca\/ottawa\/pourquoi-apprendre-le-francais-au-canada\/","title":{"rendered":"Pourquoi apprendre le fran\u00e7ais au Canada ?"},"content":{"rendered":"<h3><a href=\"https:\/\/af.ca\/ottawa\/wp-content\/uploads\/2022\/08\/french-in-canada-scaled.jpg\"><img loading=\"lazy\" decoding=\"async\" class=\"alignnone  wp-image-18588\" src=\"https:\/\/af.ca\/ottawa\/wp-content\/uploads\/2022\/08\/french-in-canada-300x200.jpg\" alt=\"\" width=\"871\" height=\"580\" srcset=\"https:\/\/af.ca\/ottawa\/wp-content\/uploads\/2022\/08\/french-in-canada-300x200.jpg 300w, https:\/\/af.ca\/ottawa\/wp-content\/uploads\/2022\/08\/french-in-canada-1024x683.jpg 1024w, https:\/\/af.ca\/ottawa\/wp-content\/uploads\/2022\/08\/french-in-canada-768x512.jpg 768w, https:\/\/af.ca\/ottawa\/wp-content\/uploads\/2022\/08\/french-in-canada-1536x1024.jpg 1536w, https:\/\/af.ca\/ottawa\/wp-content\/uploads\/2022\/08\/french-in-canada-2048x1365.jpg 2048w\" sizes=\"auto, (max-width: 871px) 100vw, 871px\" \/><\/a><\/h3>\n<h3><\/h3>\n<h3><\/h3>\n<p>&nbsp;<\/p>\n<p>&nbsp;<\/p>\n<h3><\/h3>\n<h3><span style=\"color: #000000;\"><strong>Le fran\u00e7ais, deuxi\u00e8me langue officielle du Canada<\/strong><\/span><\/h3>\n<p>&nbsp;<\/p>\n<p>Le Canada, vaste pays situ\u00e9 en Am\u00e9rique du Nord, appartenant autrefois au territoire de la Nouvelle-France entre 1544 et 1763 suite \u00e0 son exploration par le navigateur fran\u00e7ais Jacques Cartier, a de par son histoire, h\u00e9rit\u00e9 de la langue fran\u00e7aise qui occupe le statut de langue officielle aux c\u00f4t\u00e9s de la langue anglaise. Les deux langues cohabitent actuellement sur le territoire canadien. O\u00f9 est parl\u00e9 le fran\u00e7ais ?<\/p>\n<p>&nbsp;<\/p>\n<p><a href=\"https:\/\/af.ca\/ottawa\/wp-content\/uploads\/2022\/05\/Pourquoi-apprendre-le-francais-au-Canada.png\"><img loading=\"lazy\" decoding=\"async\" class=\"size-medium wp-image-17996 alignright\" src=\"https:\/\/af.ca\/ottawa\/wp-content\/uploads\/2022\/05\/Pourquoi-apprendre-le-francais-au-Canada-300x169.png\" alt=\"Pourquoi apprendre le fran\u00e7ais au Canada\" width=\"300\" height=\"169\" srcset=\"https:\/\/af.ca\/ottawa\/wp-content\/uploads\/2022\/05\/Pourquoi-apprendre-le-francais-au-Canada-300x169.png 300w, https:\/\/af.ca\/ottawa\/wp-content\/uploads\/2022\/05\/Pourquoi-apprendre-le-francais-au-Canada-1024x576.png 1024w, https:\/\/af.ca\/ottawa\/wp-content\/uploads\/2022\/05\/Pourquoi-apprendre-le-francais-au-Canada-768x432.png 768w, https:\/\/af.ca\/ottawa\/wp-content\/uploads\/2022\/05\/Pourquoi-apprendre-le-francais-au-Canada.png 1280w\" sizes=\"auto, (max-width: 300px) 100vw, 300px\" \/><\/a>Le pays est divis\u00e9 en 13 provinces et parmi celles-ci, se trouve la province du Qu\u00e9bec qui est consid\u00e9r\u00e9e comme la grande province francophone ou, la \u00ab\u00a0partie francophone\u00a0\u00bb, avec pour capitale la ville de Qu\u00e9bec, qui \u00e9tait \u00e9galement autrefois la capitale de la Nouvelle-France. Le fran\u00e7ais y est bien \u00e9videment langue officielle, comme dans le reste du pays, mais \u00e9galement, langue dominante puisqu\u2019elle est langue des interactions quotidiennes, langue de l\u2019administration et aussi langue de scolarit\u00e9.<\/p>\n<p>&nbsp;<\/p>\n<p>Outre le Qu\u00e9bec, des communaut\u00e9s francophones sont pr\u00e9sentes dans d\u2019autres provinces qui sont quant \u00e0 elles dites \u00e0 majorit\u00e9 anglophones, telles qu\u2019en Ontario (les franco-ontariens) ou au Manitoba (les franco-manitobains). Pr\u00e9cisons ici que la province du Nouveau-Brunswick, au large de l\u2019Oc\u00e9an Atlantique, est la seule province canadienne qui se proclame officiellement bilingue (francophone-anglophone) et sa communaut\u00e9 francophone porte le nom des \u00ab\u00a0Acadiens\u00a0\u00bb. Dans l\u2019ensemble des provinces, le fran\u00e7ais est utilis\u00e9 sur les formulaires administratifs, dans les transports en commun, dans les indications des parcs provinciaux et m\u00eame dans les lieux de la vie quotidienne, comme les caf\u00e9s ou restaurants qui pr\u00e9sentent leurs menus en langue fran\u00e7aise. Autrement dit, si vous souhaitez vous int\u00e9grer pleinement dans la soci\u00e9t\u00e9 canadienne, le fran\u00e7ais vous sera tr\u00e8s utile et vous permettra de vous impr\u00e9gner des richesses culturelles du Canada.<\/p>\n<p><strong>\u00a0<\/strong><\/p>\n<h3><strong>Les opportunit\u00e9s professionnelles<\/strong><\/h3>\n<p>&nbsp;<\/p>\n<p>Le fran\u00e7ais \u00e9tant langue officielle du pays, il est fortement conseill\u00e9 de le ma\u00eetriser pour y trouver du travail. Si vous souhaitez travailler au sein d\u2019une entreprise, d\u2019une institution administrative ou d\u2019une institution publique, le fran\u00e7ais sera essentiel pour \u00e9changer avec vos coll\u00e8gues ou vos partenaires de travail. Un des exemples les plus courants, est celui des fonctionnaires canadiens qui doivent passer des examens de langue pour acc\u00e9der \u00e0 certains postes.<\/p>\n<p>Parler le fran\u00e7ais vous permettra de ne passer \u00e0 c\u00f4t\u00e9 d\u2019aucune opportunit\u00e9 professionnelle, de pouvoir occuper des postes qualifi\u00e9s et \u00e0 responsabilit\u00e9s. Vous serez capables d\u2019effectuer vos missions quotidiennes aussi bien en anglais qu\u2019en fran\u00e7ais, de r\u00e9diger des documents et d\u2019\u00eatre l\u2019aise \u00e0 vous exprimer de mani\u00e8re spontan\u00e9e en fran\u00e7ais. Vous l\u2019aurez donc compris, les travailleurs francophones sont tr\u00e8s recherch\u00e9s par les employeurs canadiens. De plus, votre apprentissage de la langue fran\u00e7aise peut vous amener vers d\u2019autres horizons et ouvrir votre carri\u00e8re \u00e0 l\u2019international, en d\u00e9crochant peut-\u00eatre un poste dans d\u2019autres pays francophones.<\/p>\n<p>&nbsp;<\/p>\n<p>&nbsp;<\/p>\n<p>Par cons\u00e9quent, que ce soit pour vous fondre dans la soci\u00e9t\u00e9 canadienne, pour vous familiariser davantage l\u2019histoire du Canada, pour \u00e9largir vos perspectives d\u2019emploi, pour d\u00e9couvrir la\u00a0 beaut\u00e9 de la culture fran\u00e7aise ou pour pr\u00e9parer un s\u00e9jour dans un pays francophone, nous ne pouvons que vous recommander d\u2019apprendre le fran\u00e7ais ! Alors, convaincu ?<\/p>\n<p>&nbsp;<\/p>\n<p>Pour en savoir plus sur les offres de cours propos\u00e9 par l\u2019Alliance fran\u00e7aise, n\u2019h\u00e9sitez pas \u00e0 vous rendre sur nos pages d\u00e9di\u00e9es \u00e0 cet effet :<\/p>\n<p><img loading=\"lazy\" decoding=\"async\" class=\"alignnone size-medium wp-image-18024\" src=\"https:\/\/af.ca\/ottawa\/wp-content\/uploads\/2022\/06\/Nos-cours-Alliance-Francaise-Ottawa-300x111.png\" alt=\"\" width=\"300\" height=\"111\" srcset=\"https:\/\/af.ca\/ottawa\/wp-content\/uploads\/2022\/06\/Nos-cours-Alliance-Francaise-Ottawa-300x111.png 300w, https:\/\/af.ca\/ottawa\/wp-content\/uploads\/2022\/06\/Nos-cours-Alliance-Francaise-Ottawa-768x284.png 768w, https:\/\/af.ca\/ottawa\/wp-content\/uploads\/2022\/06\/Nos-cours-Alliance-Francaise-Ottawa.png 851w\" sizes=\"auto, (max-width: 300px) 100vw, 300px\" \/>\u00a0 \u00a0 \u00a0 \u00a0 \u00a0 \u00a0 \u00a0 \u00a0 \u00a0 \u00a0 \u00a0 \u00a0 \u00a0 \u00a0 <a href=\"https:\/\/af.ca\/ottawa\/en\/culture\/agenda-2\/#\/\"><img loading=\"lazy\" decoding=\"async\" class=\"alignnone size-medium wp-image-18026\" src=\"https:\/\/af.ca\/ottawa\/wp-content\/uploads\/2022\/06\/NOTRE-AGENDA-CULTUREL-300x111.png\" alt=\"NOTRE AGENDA CULTUREL\" width=\"300\" height=\"111\" srcset=\"https:\/\/af.ca\/ottawa\/wp-content\/uploads\/2022\/06\/NOTRE-AGENDA-CULTUREL-300x111.png 300w, https:\/\/af.ca\/ottawa\/wp-content\/uploads\/2022\/06\/NOTRE-AGENDA-CULTUREL-768x284.png 768w, https:\/\/af.ca\/ottawa\/wp-content\/uploads\/2022\/06\/NOTRE-AGENDA-CULTUREL.png 851w\" sizes=\"auto, (max-width: 300px) 100vw, 300px\" \/><\/a><\/p>\n<p>&nbsp;<\/p>\n","protected":false},"excerpt":{"rendered":"<p>&nbsp; &nbsp; Le fran\u00e7ais, deuxi\u00e8me langue officielle du Canada &nbsp; Le Canada, vaste pays situ\u00e9 en Am\u00e9rique du Nord, appartenant autrefois au territoire de la Nouvelle-France entre 1544 et 1763 suite \u00e0 son exploration par le navigateur fran\u00e7ais Jacques Cartier, a de par son histoire, h\u00e9rit\u00e9 de la langue fran\u00e7aise qui occupe le statut de&#8230;<\/p>\n<p><a class=\"button invert-primary\" href=\"https:\/\/af.ca\/ottawa\/pourquoi-apprendre-le-francais-au-canada\/\">En savoir plus<\/a><\/p>\n","protected":false},"author":3,"featured_media":0,"parent":0,"menu_order":152,"comment_status":"closed","ping_status":"closed","template":"","meta":{"_acf_changed":false,"om_disable_all_campaigns":false,"_monsterinsights_skip_tracking":false,"_monsterinsights_sitenote_active":false,"_monsterinsights_sitenote_note":"","_monsterinsights_sitenote_category":0,"footnotes":""},"class_list":["post-17992","page","type-page","status-publish","hentry"],"acf":[],"yoast_head":"<!-- This site is optimized with the Yoast SEO plugin v27.3 - https:\/\/yoast.com\/product\/yoast-seo-wordpress\/ -->\n<title>Pourquoi apprendre le fran\u00e7ais au Canada ? - Alliance Fran\u00e7aise Ottawa %<\/title>\n<meta name=\"description\" content=\"Le fran\u00e7ais \u00e9tant langue officielle du pays, il est fortement conseill\u00e9 de le ma\u00eetriser pour y trouver du travail. Si vous souhaitez travailler au sein d\u2019une entreprise, d\u2019une institution administrative ou d\u2019une institution publique, le fran\u00e7ais sera essentiel pour \u00e9changer avec vos coll\u00e8gues ou vos partenaires de travail.\" \/>\n<meta name=\"robots\" content=\"index, follow, max-snippet:-1, max-image-preview:large, max-video-preview:-1\" \/>\n<link rel=\"canonical\" href=\"https:\/\/af.ca\/ottawa\/pourquoi-apprendre-le-francais-au-canada\/\" \/>\n<meta property=\"og:locale\" content=\"fr_FR\" \/>\n<meta property=\"og:type\" content=\"article\" \/>\n<meta property=\"og:title\" content=\"Pourquoi apprendre le fran\u00e7ais au Canada ? - Alliance Fran\u00e7aise Ottawa %\" \/>\n<meta property=\"og:description\" content=\"Le fran\u00e7ais \u00e9tant langue officielle du pays, il est fortement conseill\u00e9 de le ma\u00eetriser pour y trouver du travail. Si vous souhaitez travailler au sein d\u2019une entreprise, d\u2019une institution administrative ou d\u2019une institution publique, le fran\u00e7ais sera essentiel pour \u00e9changer avec vos coll\u00e8gues ou vos partenaires de travail.\" \/>\n<meta property=\"og:url\" content=\"https:\/\/af.ca\/ottawa\/pourquoi-apprendre-le-francais-au-canada\/\" \/>\n<meta property=\"og:site_name\" content=\"Alliance Fran\u00e7aise Ottawa\" \/>\n<meta property=\"article:modified_time\" content=\"2022-08-25T14:00:26+00:00\" \/>\n<meta property=\"og:image\" content=\"https:\/\/af.ca\/ottawa\/wp-content\/uploads\/2022\/06\/Couvertur-Article.png\" \/>\n\t<meta property=\"og:image:width\" content=\"1920\" \/>\n\t<meta property=\"og:image:height\" content=\"1080\" \/>\n\t<meta property=\"og:image:type\" content=\"image\/png\" \/>\n<meta name=\"twitter:card\" content=\"summary_large_image\" \/>\n<meta name=\"twitter:image\" content=\"https:\/\/af.ca\/ottawa\/wp-content\/uploads\/2022\/06\/Couvertur-Article.png\" \/>\n<meta name=\"twitter:label1\" content=\"Dur\u00e9e de lecture estim\u00e9e\" \/>\n\t<meta name=\"twitter:data1\" content=\"4 minutes\" \/>\n<script type=\"application\/ld+json\" class=\"yoast-schema-graph\">{\"@context\":\"https:\\\/\\\/schema.org\",\"@graph\":[{\"@type\":\"WebPage\",\"@id\":\"https:\\\/\\\/af.ca\\\/ottawa\\\/pourquoi-apprendre-le-francais-au-canada\\\/\",\"url\":\"https:\\\/\\\/af.ca\\\/ottawa\\\/pourquoi-apprendre-le-francais-au-canada\\\/\",\"name\":\"Pourquoi apprendre le fran\u00e7ais au Canada ? - Alliance Fran\u00e7aise Ottawa %\",\"isPartOf\":{\"@id\":\"https:\\\/\\\/af.ca\\\/ottawa\\\/#website\"},\"primaryImageOfPage\":{\"@id\":\"https:\\\/\\\/af.ca\\\/ottawa\\\/pourquoi-apprendre-le-francais-au-canada\\\/#primaryimage\"},\"image\":{\"@id\":\"https:\\\/\\\/af.ca\\\/ottawa\\\/pourquoi-apprendre-le-francais-au-canada\\\/#primaryimage\"},\"thumbnailUrl\":\"https:\\\/\\\/af.ca\\\/ottawa\\\/wp-content\\\/uploads\\\/2022\\\/08\\\/french-in-canada-300x200.jpg\",\"datePublished\":\"2022-08-25T13:25:44+00:00\",\"dateModified\":\"2022-08-25T14:00:26+00:00\",\"description\":\"Le fran\u00e7ais \u00e9tant langue officielle du pays, il est fortement conseill\u00e9 de le ma\u00eetriser pour y trouver du travail. Si vous souhaitez travailler au sein d\u2019une entreprise, d\u2019une institution administrative ou d\u2019une institution publique, le fran\u00e7ais sera essentiel pour \u00e9changer avec vos coll\u00e8gues ou vos partenaires de travail.\",\"breadcrumb\":{\"@id\":\"https:\\\/\\\/af.ca\\\/ottawa\\\/pourquoi-apprendre-le-francais-au-canada\\\/#breadcrumb\"},\"inLanguage\":\"fr-FR\",\"potentialAction\":[{\"@type\":\"ReadAction\",\"target\":[\"https:\\\/\\\/af.ca\\\/ottawa\\\/pourquoi-apprendre-le-francais-au-canada\\\/\"]}]},{\"@type\":\"ImageObject\",\"inLanguage\":\"fr-FR\",\"@id\":\"https:\\\/\\\/af.ca\\\/ottawa\\\/pourquoi-apprendre-le-francais-au-canada\\\/#primaryimage\",\"url\":\"https:\\\/\\\/af.ca\\\/ottawa\\\/wp-content\\\/uploads\\\/2022\\\/08\\\/french-in-canada-scaled.jpg\",\"contentUrl\":\"https:\\\/\\\/af.ca\\\/ottawa\\\/wp-content\\\/uploads\\\/2022\\\/08\\\/french-in-canada-scaled.jpg\",\"width\":2560,\"height\":1707},{\"@type\":\"BreadcrumbList\",\"@id\":\"https:\\\/\\\/af.ca\\\/ottawa\\\/pourquoi-apprendre-le-francais-au-canada\\\/#breadcrumb\",\"itemListElement\":[{\"@type\":\"ListItem\",\"position\":1,\"name\":\"Home\",\"item\":\"https:\\\/\\\/af.ca\\\/ottawa\\\/\"},{\"@type\":\"ListItem\",\"position\":2,\"name\":\"Pourquoi apprendre le fran\u00e7ais au Canada ?\"}]},{\"@type\":\"WebSite\",\"@id\":\"https:\\\/\\\/af.ca\\\/ottawa\\\/#website\",\"url\":\"https:\\\/\\\/af.ca\\\/ottawa\\\/\",\"name\":\"Alliance Fran\u00e7aise Ottawa\",\"description\":\"\u00c9cole de langue fran\u00e7aise et centre culturel\",\"potentialAction\":[{\"@type\":\"SearchAction\",\"target\":{\"@type\":\"EntryPoint\",\"urlTemplate\":\"https:\\\/\\\/af.ca\\\/ottawa\\\/?s={search_term_string}\"},\"query-input\":{\"@type\":\"PropertyValueSpecification\",\"valueRequired\":true,\"valueName\":\"search_term_string\"}}],\"inLanguage\":\"fr-FR\"}]}<\/script>\n<!-- \/ Yoast SEO plugin. -->","yoast_head_json":{"title":"Pourquoi apprendre le fran\u00e7ais au Canada ? - Alliance Fran\u00e7aise Ottawa %","description":"Le fran\u00e7ais \u00e9tant langue officielle du pays, il est fortement conseill\u00e9 de le ma\u00eetriser pour y trouver du travail. Si vous souhaitez travailler au sein d\u2019une entreprise, d\u2019une institution administrative ou d\u2019une institution publique, le fran\u00e7ais sera essentiel pour \u00e9changer avec vos coll\u00e8gues ou vos partenaires de travail.","robots":{"index":"index","follow":"follow","max-snippet":"max-snippet:-1","max-image-preview":"max-image-preview:large","max-video-preview":"max-video-preview:-1"},"canonical":"https:\/\/af.ca\/ottawa\/pourquoi-apprendre-le-francais-au-canada\/","og_locale":"fr_FR","og_type":"article","og_title":"Pourquoi apprendre le fran\u00e7ais au Canada ? - Alliance Fran\u00e7aise Ottawa %","og_description":"Le fran\u00e7ais \u00e9tant langue officielle du pays, il est fortement conseill\u00e9 de le ma\u00eetriser pour y trouver du travail. Si vous souhaitez travailler au sein d\u2019une entreprise, d\u2019une institution administrative ou d\u2019une institution publique, le fran\u00e7ais sera essentiel pour \u00e9changer avec vos coll\u00e8gues ou vos partenaires de travail.","og_url":"https:\/\/af.ca\/ottawa\/pourquoi-apprendre-le-francais-au-canada\/","og_site_name":"Alliance Fran\u00e7aise Ottawa","article_modified_time":"2022-08-25T14:00:26+00:00","og_image":[{"width":1920,"height":1080,"url":"https:\/\/af.ca\/ottawa\/wp-content\/uploads\/2022\/06\/Couvertur-Article.png","type":"image\/png"}],"twitter_card":"summary_large_image","twitter_image":"https:\/\/af.ca\/ottawa\/wp-content\/uploads\/2022\/06\/Couvertur-Article.png","twitter_misc":{"Dur\u00e9e de lecture estim\u00e9e":"4 minutes"},"schema":{"@context":"https:\/\/schema.org","@graph":[{"@type":"WebPage","@id":"https:\/\/af.ca\/ottawa\/pourquoi-apprendre-le-francais-au-canada\/","url":"https:\/\/af.ca\/ottawa\/pourquoi-apprendre-le-francais-au-canada\/","name":"Pourquoi apprendre le fran\u00e7ais au Canada ? - Alliance Fran\u00e7aise Ottawa %","isPartOf":{"@id":"https:\/\/af.ca\/ottawa\/#website"},"primaryImageOfPage":{"@id":"https:\/\/af.ca\/ottawa\/pourquoi-apprendre-le-francais-au-canada\/#primaryimage"},"image":{"@id":"https:\/\/af.ca\/ottawa\/pourquoi-apprendre-le-francais-au-canada\/#primaryimage"},"thumbnailUrl":"https:\/\/af.ca\/ottawa\/wp-content\/uploads\/2022\/08\/french-in-canada-300x200.jpg","datePublished":"2022-08-25T13:25:44+00:00","dateModified":"2022-08-25T14:00:26+00:00","description":"Le fran\u00e7ais \u00e9tant langue officielle du pays, il est fortement conseill\u00e9 de le ma\u00eetriser pour y trouver du travail. Si vous souhaitez travailler au sein d\u2019une entreprise, d\u2019une institution administrative ou d\u2019une institution publique, le fran\u00e7ais sera essentiel pour \u00e9changer avec vos coll\u00e8gues ou vos partenaires de travail.","breadcrumb":{"@id":"https:\/\/af.ca\/ottawa\/pourquoi-apprendre-le-francais-au-canada\/#breadcrumb"},"inLanguage":"fr-FR","potentialAction":[{"@type":"ReadAction","target":["https:\/\/af.ca\/ottawa\/pourquoi-apprendre-le-francais-au-canada\/"]}]},{"@type":"ImageObject","inLanguage":"fr-FR","@id":"https:\/\/af.ca\/ottawa\/pourquoi-apprendre-le-francais-au-canada\/#primaryimage","url":"https:\/\/af.ca\/ottawa\/wp-content\/uploads\/2022\/08\/french-in-canada-scaled.jpg","contentUrl":"https:\/\/af.ca\/ottawa\/wp-content\/uploads\/2022\/08\/french-in-canada-scaled.jpg","width":2560,"height":1707},{"@type":"BreadcrumbList","@id":"https:\/\/af.ca\/ottawa\/pourquoi-apprendre-le-francais-au-canada\/#breadcrumb","itemListElement":[{"@type":"ListItem","position":1,"name":"Home","item":"https:\/\/af.ca\/ottawa\/"},{"@type":"ListItem","position":2,"name":"Pourquoi apprendre le fran\u00e7ais au Canada ?"}]},{"@type":"WebSite","@id":"https:\/\/af.ca\/ottawa\/#website","url":"https:\/\/af.ca\/ottawa\/","name":"Alliance Fran\u00e7aise Ottawa","description":"\u00c9cole de langue fran\u00e7aise et centre culturel","potentialAction":[{"@type":"SearchAction","target":{"@type":"EntryPoint","urlTemplate":"https:\/\/af.ca\/ottawa\/?s={search_term_string}"},"query-input":{"@type":"PropertyValueSpecification","valueRequired":true,"valueName":"search_term_string"}}],"inLanguage":"fr-FR"}]}},"blog_post_layout_featured_media_urls":{"thumbnail":"","full":""},"categories_names":null,"comments_number":"0","_links":{"self":[{"href":"https:\/\/af.ca\/ottawa\/wp-json\/wp\/v2\/pages\/17992","targetHints":{"allow":["GET"]}}],"collection":[{"href":"https:\/\/af.ca\/ottawa\/wp-json\/wp\/v2\/pages"}],"about":[{"href":"https:\/\/af.ca\/ottawa\/wp-json\/wp\/v2\/types\/page"}],"author":[{"embeddable":true,"href":"https:\/\/af.ca\/ottawa\/wp-json\/wp\/v2\/users\/3"}],"replies":[{"embeddable":true,"href":"https:\/\/af.ca\/ottawa\/wp-json\/wp\/v2\/comments?post=17992"}],"version-history":[{"count":0,"href":"https:\/\/af.ca\/ottawa\/wp-json\/wp\/v2\/pages\/17992\/revisions"}],"wp:attachment":[{"href":"https:\/\/af.ca\/ottawa\/wp-json\/wp\/v2\/media?parent=17992"}],"curies":[{"name":"wp","href":"https:\/\/api.w.org\/{rel}","templated":true}]}}