{"id":21053,"date":"2024-01-25T14:26:18","date_gmt":"2024-01-25T19:26:18","guid":{"rendered":"https:\/\/af.ca\/ottawa\/?page_id=21053"},"modified":"2024-01-25T14:27:01","modified_gmt":"2024-01-25T19:27:01","slug":"examens-delocalises","status":"publish","type":"page","link":"https:\/\/af.ca\/ottawa\/examens-delocalises\/","title":{"rendered":"Examens d\u00e9localis\u00e9s"},"content":{"rendered":"<p>&nbsp;<\/p>\n<p><a href=\"https:\/\/af.ca\/ottawa\/wp-content\/uploads\/2023\/09\/pexels-sora-shimazaki-5668858-scaled.jpg\"><img loading=\"lazy\" decoding=\"async\" class=\"alignnone wp-image-21054\" src=\"https:\/\/af.ca\/ottawa\/wp-content\/uploads\/2023\/09\/pexels-sora-shimazaki-5668858-300x200.jpg\" alt=\"\" width=\"641\" height=\"427\" srcset=\"https:\/\/af.ca\/ottawa\/wp-content\/uploads\/2023\/09\/pexels-sora-shimazaki-5668858-300x200.jpg 300w, https:\/\/af.ca\/ottawa\/wp-content\/uploads\/2023\/09\/pexels-sora-shimazaki-5668858-1024x683.jpg 1024w, https:\/\/af.ca\/ottawa\/wp-content\/uploads\/2023\/09\/pexels-sora-shimazaki-5668858-768x512.jpg 768w, https:\/\/af.ca\/ottawa\/wp-content\/uploads\/2023\/09\/pexels-sora-shimazaki-5668858-1536x1024.jpg 1536w, https:\/\/af.ca\/ottawa\/wp-content\/uploads\/2023\/09\/pexels-sora-shimazaki-5668858-2048x1365.jpg 2048w\" sizes=\"auto, (max-width: 641px) 100vw, 641px\" \/><\/a><\/p>\n<p>&nbsp;<\/p>\n<p>Vous devez passer un <strong>examen d\u2019une universit\u00e9 \u00e0 l\u2019\u00e9tranger<\/strong> et vous cherchez un centre d\u2019examen pour assurer la passation de vos \u00e9preuves ?<\/p>\n<p>L\u2019Alliance Fran\u00e7aise Ottawa accueille <strong>des examens d\u00e9localis\u00e9s<\/strong> d\u2019\u00e9tablissements d\u2019enseignement sup\u00e9rieur fran\u00e7ais.<\/p>\n<p>Nous pouvons vous accueillir tous les jours pendant nos horaires d\u2019ouvertures.<\/p>\n<p>Vos \u00e9preuves se d\u00e9rouleront dans les m\u00eames conditions que si vous les passiez \u00e0 l\u2019universit\u00e9. Vous serez dans une salle avec un(e) surveillant(e), qui contr\u00f4lera votre identit\u00e9 et vous fera \u00e9marger. Il\/Elle s\u2019assurera de la bonne passation de vos \u00e9preuves, sans fraude.<\/p>\n<p>Tarifs : 55$ de frais d&rsquo;ouverture de dossier (non remboursables ; \u00e0 r\u00e9gler d\u00e8s la demande d\u2019ouverture de centre) + 45$ de frais administratifs annuels + 45$ par heure d\u2019\u00e9preuves \u00e0 surveiller (\u00e0 r\u00e9gler avant le d\u00e9but de la 1\u00e8re \u00e9preuve).<\/p>\n<p><strong>Int\u00e9ress\u00e9.e par ce service ? <\/strong>Contactez <a href=\"mailto:certifications@af.ca\">certifications@af.ca<\/a> pour en savoir plus.<\/p>\n","protected":false},"excerpt":{"rendered":"<p>&nbsp; &nbsp; Vous devez passer un examen d\u2019une universit\u00e9 \u00e0 l\u2019\u00e9tranger et vous cherchez un centre d\u2019examen pour assurer la passation de vos \u00e9preuves ? L\u2019Alliance Fran\u00e7aise Ottawa accueille des examens d\u00e9localis\u00e9s d\u2019\u00e9tablissements d\u2019enseignement sup\u00e9rieur fran\u00e7ais. Nous pouvons vous accueillir tous les jours pendant nos horaires d\u2019ouvertures. Vos \u00e9preuves se d\u00e9rouleront dans les m\u00eames conditions&#8230;<\/p>\n<p><a class=\"button invert-primary\" href=\"https:\/\/af.ca\/ottawa\/examens-delocalises\/\">En savoir plus<\/a><\/p>\n","protected":false},"author":3,"featured_media":0,"parent":0,"menu_order":72,"comment_status":"closed","ping_status":"closed","template":"","meta":{"_acf_changed":false,"om_disable_all_campaigns":false,"_monsterinsights_skip_tracking":false,"_monsterinsights_sitenote_active":false,"_monsterinsights_sitenote_note":"","_monsterinsights_sitenote_category":0,"footnotes":""},"class_list":["post-21053","page","type-page","status-publish","hentry"],"acf":[],"yoast_head":"<!-- This site is optimized with the Yoast SEO plugin v27.4 - https:\/\/yoast.com\/product\/yoast-seo-wordpress\/ -->\n<title>Examens d\u00e9localis\u00e9s - Alliance Fran\u00e7aise Ottawa<\/title>\n<meta name=\"description\" content=\"L\u2019Alliance Fran\u00e7aise Ottawa accueille des examens d\u00e9localis\u00e9s d\u2019\u00e9tablissements d\u2019enseignement sup\u00e9rieur fran\u00e7ais.\" \/>\n<meta name=\"robots\" content=\"index, follow, max-snippet:-1, max-image-preview:large, max-video-preview:-1\" \/>\n<link rel=\"canonical\" href=\"https:\/\/af.ca\/ottawa\/examens-delocalises\/\" \/>\n<meta property=\"og:locale\" content=\"fr_FR\" \/>\n<meta property=\"og:type\" content=\"article\" \/>\n<meta property=\"og:title\" content=\"Examens d\u00e9localis\u00e9s\" \/>\n<meta property=\"og:description\" content=\"L\u2019Alliance Fran\u00e7aise Ottawa accueille des examens d\u00e9localis\u00e9s d\u2019\u00e9tablissements d\u2019enseignement sup\u00e9rieur fran\u00e7ais.\" \/>\n<meta property=\"og:url\" content=\"https:\/\/af.ca\/ottawa\/examens-delocalises\/\" \/>\n<meta property=\"og:site_name\" content=\"Alliance Fran\u00e7aise Ottawa\" \/>\n<meta property=\"article:modified_time\" content=\"2024-01-25T19:27:01+00:00\" \/>\n<meta property=\"og:image\" content=\"https:\/\/af.ca\/ottawa\/wp-content\/uploads\/2023\/09\/pexels-sora-shimazaki-5668858-scaled.jpg\" \/>\n\t<meta property=\"og:image:width\" content=\"2560\" \/>\n\t<meta property=\"og:image:height\" content=\"1707\" \/>\n\t<meta property=\"og:image:type\" content=\"image\/jpeg\" \/>\n<meta name=\"twitter:card\" content=\"summary_large_image\" \/>\n<meta name=\"twitter:title\" content=\"Examens d\u00e9localis\u00e9s\" \/>\n<meta name=\"twitter:description\" content=\"L\u2019Alliance Fran\u00e7aise Ottawa accueille des examens d\u00e9localis\u00e9s d\u2019\u00e9tablissements d\u2019enseignement sup\u00e9rieur fran\u00e7ais.\" \/>\n<meta name=\"twitter:image\" content=\"https:\/\/af.ca\/ottawa\/wp-content\/uploads\/2023\/09\/pexels-sora-shimazaki-5668858-scaled.jpg\" \/>\n<meta name=\"twitter:label1\" content=\"Dur\u00e9e de lecture estim\u00e9e\" \/>\n\t<meta name=\"twitter:data1\" content=\"1 minute\" \/>\n<script type=\"application\/ld+json\" class=\"yoast-schema-graph\">{\"@context\":\"https:\\\/\\\/schema.org\",\"@graph\":[{\"@type\":\"WebPage\",\"@id\":\"https:\\\/\\\/af.ca\\\/ottawa\\\/examens-delocalises\\\/\",\"url\":\"https:\\\/\\\/af.ca\\\/ottawa\\\/examens-delocalises\\\/\",\"name\":\"Examens d\u00e9localis\u00e9s - Alliance Fran\u00e7aise Ottawa\",\"isPartOf\":{\"@id\":\"https:\\\/\\\/af.ca\\\/ottawa\\\/#website\"},\"primaryImageOfPage\":{\"@id\":\"https:\\\/\\\/af.ca\\\/ottawa\\\/examens-delocalises\\\/#primaryimage\"},\"image\":{\"@id\":\"https:\\\/\\\/af.ca\\\/ottawa\\\/examens-delocalises\\\/#primaryimage\"},\"thumbnailUrl\":\"https:\\\/\\\/af.ca\\\/ottawa\\\/wp-content\\\/uploads\\\/2023\\\/09\\\/pexels-sora-shimazaki-5668858-300x200.jpg\",\"datePublished\":\"2024-01-25T19:26:18+00:00\",\"dateModified\":\"2024-01-25T19:27:01+00:00\",\"description\":\"L\u2019Alliance Fran\u00e7aise Ottawa accueille des examens d\u00e9localis\u00e9s d\u2019\u00e9tablissements d\u2019enseignement sup\u00e9rieur fran\u00e7ais.\",\"breadcrumb\":{\"@id\":\"https:\\\/\\\/af.ca\\\/ottawa\\\/examens-delocalises\\\/#breadcrumb\"},\"inLanguage\":\"fr-FR\",\"potentialAction\":[{\"@type\":\"ReadAction\",\"target\":[\"https:\\\/\\\/af.ca\\\/ottawa\\\/examens-delocalises\\\/\"]}]},{\"@type\":\"ImageObject\",\"inLanguage\":\"fr-FR\",\"@id\":\"https:\\\/\\\/af.ca\\\/ottawa\\\/examens-delocalises\\\/#primaryimage\",\"url\":\"https:\\\/\\\/af.ca\\\/ottawa\\\/wp-content\\\/uploads\\\/2023\\\/09\\\/pexels-sora-shimazaki-5668858-scaled.jpg\",\"contentUrl\":\"https:\\\/\\\/af.ca\\\/ottawa\\\/wp-content\\\/uploads\\\/2023\\\/09\\\/pexels-sora-shimazaki-5668858-scaled.jpg\",\"width\":2560,\"height\":1707},{\"@type\":\"BreadcrumbList\",\"@id\":\"https:\\\/\\\/af.ca\\\/ottawa\\\/examens-delocalises\\\/#breadcrumb\",\"itemListElement\":[{\"@type\":\"ListItem\",\"position\":1,\"name\":\"Home\",\"item\":\"https:\\\/\\\/af.ca\\\/ottawa\\\/\"},{\"@type\":\"ListItem\",\"position\":2,\"name\":\"Examens d\u00e9localis\u00e9s\"}]},{\"@type\":\"WebSite\",\"@id\":\"https:\\\/\\\/af.ca\\\/ottawa\\\/#website\",\"url\":\"https:\\\/\\\/af.ca\\\/ottawa\\\/\",\"name\":\"Alliance Fran\u00e7aise Ottawa\",\"description\":\"\u00c9cole de langue fran\u00e7aise et centre culturel\",\"potentialAction\":[{\"@type\":\"SearchAction\",\"target\":{\"@type\":\"EntryPoint\",\"urlTemplate\":\"https:\\\/\\\/af.ca\\\/ottawa\\\/?s={search_term_string}\"},\"query-input\":{\"@type\":\"PropertyValueSpecification\",\"valueRequired\":true,\"valueName\":\"search_term_string\"}}],\"inLanguage\":\"fr-FR\"}]}<\/script>\n<!-- \/ Yoast SEO plugin. -->","yoast_head_json":{"title":"Examens d\u00e9localis\u00e9s - Alliance Fran\u00e7aise Ottawa","description":"L\u2019Alliance Fran\u00e7aise Ottawa accueille des examens d\u00e9localis\u00e9s d\u2019\u00e9tablissements d\u2019enseignement sup\u00e9rieur fran\u00e7ais.","robots":{"index":"index","follow":"follow","max-snippet":"max-snippet:-1","max-image-preview":"max-image-preview:large","max-video-preview":"max-video-preview:-1"},"canonical":"https:\/\/af.ca\/ottawa\/examens-delocalises\/","og_locale":"fr_FR","og_type":"article","og_title":"Examens d\u00e9localis\u00e9s","og_description":"L\u2019Alliance Fran\u00e7aise Ottawa accueille des examens d\u00e9localis\u00e9s d\u2019\u00e9tablissements d\u2019enseignement sup\u00e9rieur fran\u00e7ais.","og_url":"https:\/\/af.ca\/ottawa\/examens-delocalises\/","og_site_name":"Alliance Fran\u00e7aise Ottawa","article_modified_time":"2024-01-25T19:27:01+00:00","og_image":[{"width":2560,"height":1707,"url":"https:\/\/af.ca\/ottawa\/wp-content\/uploads\/2023\/09\/pexels-sora-shimazaki-5668858-scaled.jpg","type":"image\/jpeg"}],"twitter_card":"summary_large_image","twitter_title":"Examens d\u00e9localis\u00e9s","twitter_description":"L\u2019Alliance Fran\u00e7aise Ottawa accueille des examens d\u00e9localis\u00e9s d\u2019\u00e9tablissements d\u2019enseignement sup\u00e9rieur fran\u00e7ais.","twitter_image":"https:\/\/af.ca\/ottawa\/wp-content\/uploads\/2023\/09\/pexels-sora-shimazaki-5668858-scaled.jpg","twitter_misc":{"Dur\u00e9e de lecture estim\u00e9e":"1 minute"},"schema":{"@context":"https:\/\/schema.org","@graph":[{"@type":"WebPage","@id":"https:\/\/af.ca\/ottawa\/examens-delocalises\/","url":"https:\/\/af.ca\/ottawa\/examens-delocalises\/","name":"Examens d\u00e9localis\u00e9s - Alliance Fran\u00e7aise Ottawa","isPartOf":{"@id":"https:\/\/af.ca\/ottawa\/#website"},"primaryImageOfPage":{"@id":"https:\/\/af.ca\/ottawa\/examens-delocalises\/#primaryimage"},"image":{"@id":"https:\/\/af.ca\/ottawa\/examens-delocalises\/#primaryimage"},"thumbnailUrl":"https:\/\/af.ca\/ottawa\/wp-content\/uploads\/2023\/09\/pexels-sora-shimazaki-5668858-300x200.jpg","datePublished":"2024-01-25T19:26:18+00:00","dateModified":"2024-01-25T19:27:01+00:00","description":"L\u2019Alliance Fran\u00e7aise Ottawa accueille des examens d\u00e9localis\u00e9s d\u2019\u00e9tablissements d\u2019enseignement sup\u00e9rieur fran\u00e7ais.","breadcrumb":{"@id":"https:\/\/af.ca\/ottawa\/examens-delocalises\/#breadcrumb"},"inLanguage":"fr-FR","potentialAction":[{"@type":"ReadAction","target":["https:\/\/af.ca\/ottawa\/examens-delocalises\/"]}]},{"@type":"ImageObject","inLanguage":"fr-FR","@id":"https:\/\/af.ca\/ottawa\/examens-delocalises\/#primaryimage","url":"https:\/\/af.ca\/ottawa\/wp-content\/uploads\/2023\/09\/pexels-sora-shimazaki-5668858-scaled.jpg","contentUrl":"https:\/\/af.ca\/ottawa\/wp-content\/uploads\/2023\/09\/pexels-sora-shimazaki-5668858-scaled.jpg","width":2560,"height":1707},{"@type":"BreadcrumbList","@id":"https:\/\/af.ca\/ottawa\/examens-delocalises\/#breadcrumb","itemListElement":[{"@type":"ListItem","position":1,"name":"Home","item":"https:\/\/af.ca\/ottawa\/"},{"@type":"ListItem","position":2,"name":"Examens d\u00e9localis\u00e9s"}]},{"@type":"WebSite","@id":"https:\/\/af.ca\/ottawa\/#website","url":"https:\/\/af.ca\/ottawa\/","name":"Alliance Fran\u00e7aise Ottawa","description":"\u00c9cole de langue fran\u00e7aise et centre culturel","potentialAction":[{"@type":"SearchAction","target":{"@type":"EntryPoint","urlTemplate":"https:\/\/af.ca\/ottawa\/?s={search_term_string}"},"query-input":{"@type":"PropertyValueSpecification","valueRequired":true,"valueName":"search_term_string"}}],"inLanguage":"fr-FR"}]}},"blog_post_layout_featured_media_urls":{"thumbnail":"","full":""},"categories_names":null,"comments_number":"0","_links":{"self":[{"href":"https:\/\/af.ca\/ottawa\/wp-json\/wp\/v2\/pages\/21053","targetHints":{"allow":["GET"]}}],"collection":[{"href":"https:\/\/af.ca\/ottawa\/wp-json\/wp\/v2\/pages"}],"about":[{"href":"https:\/\/af.ca\/ottawa\/wp-json\/wp\/v2\/types\/page"}],"author":[{"embeddable":true,"href":"https:\/\/af.ca\/ottawa\/wp-json\/wp\/v2\/users\/3"}],"replies":[{"embeddable":true,"href":"https:\/\/af.ca\/ottawa\/wp-json\/wp\/v2\/comments?post=21053"}],"version-history":[{"count":0,"href":"https:\/\/af.ca\/ottawa\/wp-json\/wp\/v2\/pages\/21053\/revisions"}],"wp:attachment":[{"href":"https:\/\/af.ca\/ottawa\/wp-json\/wp\/v2\/media?parent=21053"}],"curies":[{"name":"wp","href":"https:\/\/api.w.org\/{rel}","templated":true}]}}