{"id":21534,"date":"2024-01-29T14:23:09","date_gmt":"2024-01-29T19:23:09","guid":{"rendered":"https:\/\/af.ca\/ottawa\/?page_id=21534"},"modified":"2024-01-29T16:03:26","modified_gmt":"2024-01-29T21:03:26","slug":"5-organismes-engages-pour-lalimentation-durable-en-outaouais","status":"publish","type":"page","link":"https:\/\/af.ca\/ottawa\/5-organismes-engages-pour-lalimentation-durable-en-outaouais\/","title":{"rendered":"5 organismes engag\u00e9s pour l\u2019alimentation durable en Outaouais"},"content":{"rendered":"<p><a href=\"https:\/\/af.ca\/ottawa\/wp-content\/uploads\/2024\/01\/5-associations-engagees-alimentation-durable.png\"><img loading=\"lazy\" decoding=\"async\" class=\"alignnone wp-image-21535\" src=\"https:\/\/af.ca\/ottawa\/wp-content\/uploads\/2024\/01\/5-associations-engagees-alimentation-durable-300x169.png\" alt=\"\" width=\"685\" height=\"386\" srcset=\"https:\/\/af.ca\/ottawa\/wp-content\/uploads\/2024\/01\/5-associations-engagees-alimentation-durable-300x169.png 300w, https:\/\/af.ca\/ottawa\/wp-content\/uploads\/2024\/01\/5-associations-engagees-alimentation-durable-1024x576.png 1024w, https:\/\/af.ca\/ottawa\/wp-content\/uploads\/2024\/01\/5-associations-engagees-alimentation-durable-768x432.png 768w, https:\/\/af.ca\/ottawa\/wp-content\/uploads\/2024\/01\/5-associations-engagees-alimentation-durable-1536x864.png 1536w, https:\/\/af.ca\/ottawa\/wp-content\/uploads\/2024\/01\/5-associations-engagees-alimentation-durable.png 1920w\" sizes=\"auto, (max-width: 685px) 100vw, 685px\" \/><\/a><\/p>\n<p>L\u2019alimentation est un sujet qui concerne tout le monde. On commence souvent l\u2019apprentissage du fran\u00e7ais par quelques bases sur les aliments. Souvenez-vous de vos premiers cours de fran\u00e7ais o\u00f9 vous avez appris \u00e0 dire \u00ab\u00a0tomate\u00a0\u00bb, \u00ab\u00a0pomme\u00a0\u00bb, \u00ab\u00a0poire\u00a0\u00bb, \u00ab\u00a0salade\u00a0\u00bb. Quand on voyage, on apprend aussi les formules pour demander de l\u2019eau, du caf\u00e9 ou le prix d\u2019un repas. \u00ab\u00a0Puis-je avoir l\u2019addition s\u2019il vous pla\u00eet\u00a0?\u00a0\u00bb<\/p>\n<p>L\u2019alimentation fait donc partie int\u00e9grante de notre quotidien et nous est vitale. N\u00e9anmoins, tous les aliments ne se valent pas. Tant sur le plan \u00e9conomique, qu\u2019\u00e9cologique, que sanitaire. Une pomme est meilleure pour la sant\u00e9 qu\u2019un donut. La qualit\u00e9 d\u2019un aliment d\u00e9pend de la mani\u00e8re dont il a \u00e9t\u00e9 produit. Son impact sur l\u2019environnement d\u00e9pend de la mani\u00e8re dont il a \u00e9t\u00e9 produit, puis transform\u00e9, puis transport\u00e9, puis jet\u00e9 ou compost\u00e9. Le gaspillage alimentaire est un fl\u00e9au \u00e0 l\u2019heure o\u00f9 des millions de personnes souffrent de sous-nutrition.<\/p>\n<p>Le th\u00e8me de l\u2019alimentation est donc large ! L\u2019Alliance Fran\u00e7aise Ottawa, centre de langues, est aussi un centre culturel qui s\u2019engage \u00e0 sensibiliser ses membres \u00e0 l\u2019impact environnemental de nos modes de consommation. Ainsi, nous allons, \u00e0 travers cet article, vous pr\u00e9senter 5 structures en Outaouais qui s\u2019engagent pour une alimentation plus responsable pour notre plan\u00e8te et pour notre corps.<\/p>\n<p>&nbsp;<\/p>\n<blockquote><p><strong>1\/ Le March\u00e9 de l\u2019Outaouais<\/strong><\/p><\/blockquote>\n<p>Le March\u00e9 de l\u2019Outaouais est le plus grand march\u00e9 fermier r\u00e9gional en ligne de produits locaux, \u00e9cologiques et \u00e9thiques. C\u2019est un march\u00e9 communautaire qui favorise \u00e9conomiquement les circuits courts. Le March\u00e9 de l\u2019Outaouais d\u00e9fend les fermiers et producteurs locaux et contribue \u00e0 les faire vivre. Une grande majorit\u00e9 des producteurs travaillent des cultures biologiques pour proposer <strong>des fruits et l\u00e9gumes, ou produits transform\u00e9s certifi\u00e9s biologiques<\/strong>.<\/p>\n<p>Le March\u00e9 de l\u2019Outaouais est une coop\u00e9rative de solidarit\u00e9 sans but lucratif qui offre plus de <strong>3000 produits locaux<\/strong> pr\u00e9par\u00e9s par plus de cent producteurs de l\u2019Outaouais. La boutique est situ\u00e9e \u00e0 Gatineau, o\u00f9 l\u2019on peut retrouver quelques r\u00e9f\u00e9rences parmi les produits propos\u00e9s\u00a0: fruits, l\u00e9gumes, \u0153ufs, tartinades, produits m\u00e9nagers, produits d\u2019hygi\u00e8ne, pain et friandises. Les membres, environ 3000 actuellement, b\u00e9n\u00e9ficient de plusieurs points de collecte pour r\u00e9cup\u00e9rer leurs paniers. Ils peuvent faire des commandes hebdomadaires ou de mani\u00e8re plus ponctuelle, via <strong>l\u2019\u00e9picerie en ligne<\/strong>. Une adh\u00e9sion annuelle de 30 $ permet de b\u00e9n\u00e9ficier des frais de logistique gratuits, pendant 1 an.<\/p>\n<p>Le March\u00e9 de l\u2019Outaouais et l\u2019Alliance Fran\u00e7aise Ottawa ont travaill\u00e9 ensemble sur une communication autour de l\u2019alimentation durable. Depuis janvier 2024, le March\u00e9 de l\u2019Outaouais et l\u2019Alliance Fran\u00e7aise Ottawa sont donc partenaires. Gr\u00e2ce \u00e0 ce <strong>partenariat<\/strong>, les membres de l\u2019Alliance Fran\u00e7aise b\u00e9n\u00e9ficieront d\u2019une <strong>adh\u00e9sion annuelle offerte au March\u00e9 de l\u2019Outaouais<\/strong> !*<\/p>\n<p>Une infolettre sera envoy\u00e9e \u00e0 nos membres pour profiter de ce code promotionnel.<\/p>\n<p>Pour d\u00e9couvrir les produits du March\u00e9 de l\u2019Outaouais, c\u2019est par l\u00e0\u00a0: <a href=\"https:\/\/www.marcheoutaouais.com\/\">https:\/\/www.marcheoutaouais.com\/<\/a><\/p>\n<p>&nbsp;<\/p>\n<p><em>*avantage offert aux membres de l\u2019Alliance Fran\u00e7aise Ottawa, valable 1 an<\/em><\/p>\n<p>&nbsp;<\/p>\n<blockquote><p><strong>2\/ La banque d\u2019Alimentation d\u2019Ottawa<\/strong><\/p><\/blockquote>\n<p>La banque d\u2019Alimentation d\u2019Ottawa, membre affili\u00e9 des Banques Alimentaires du Canada, est une organisation qui fournit une aide alimentaire d\u2019urgence. L\u2019objectif de la banque d\u2019Alimentation d\u2019Ottawa est de <strong>proposer des produits sains, accessibles et durables<\/strong> \u00e0 toutes les personnes souffrant de faim, pour lutter contre l\u2019ins\u00e9curit\u00e9 alimentaire. Pour cela, elle a pour r\u00f4le de collecter, d\u2019acheter, de cultiver et de distribuer aux agences partenaires qui elles-m\u00eames fournissent des produits alimentaires chaque mois.<\/p>\n<p>Sur le territoire national, on d\u00e9nombre 14 tonnes de nourriture distribu\u00e9e chaque jour par les Banques Alimentaires du Canada.<\/p>\n<p>Pour soutenir ce type d\u2019organisation, il est possible d\u2019\u00eatre b\u00e9n\u00e9vole, de contribuer financi\u00e8rement, d\u2019apporter des denr\u00e9es alimentaires non-p\u00e9rissables, ou d\u2019organiser une collecte alimentaire.<\/p>\n<p>L\u2019Alliance Fran\u00e7aise Ottawa, en soutien \u00e0 la banque d\u2019Alimentation d\u2019Ottawa, organise <strong>une collecte alimentaire du 12 au 31 janvier 2024.<\/strong><\/p>\n<p>Pour soutenir la Banque d\u2019Alimentation d\u2019Ottawa, d\u00e9couvrez leur site\u00a0: <a href=\"https:\/\/www.ottawafoodbank.ca\/fr\/\">https:\/\/www.ottawafoodbank.ca\/fr\/<\/a><\/p>\n<p>Et pour b\u00e9n\u00e9ficier de denr\u00e9es alimentaires, un outil web vous permet de trouver le centre de dons le plus proche de chez vous\u00a0: <a href=\"https:\/\/www.ottawafoodbank.ca\/fr\/obtenir-de-la-nourriture\/\">https:\/\/www.ottawafoodbank.ca\/fr\/obtenir-de-la-nourriture\/<\/a><\/p>\n<p>&nbsp;<\/p>\n<blockquote><p><strong>3\/ NU Grocery<\/strong><\/p><\/blockquote>\n<p>NU Grocery est la premi\u00e8re <strong>\u00e9picerie z\u00e9ro d\u00e9chet<\/strong> d\u2019Ottawa, situ\u00e9e dans le vieil Ottawa Est, rue Main. NU Grocery a vu le jour en ao\u00fbt 2017. Son objectif est de proposer des produits en vrac ou avec le moins d\u2019emballage possible pour <strong>r\u00e9duire notre production de d\u00e9chets<\/strong>. L\u2019\u00e9picerie propose une vari\u00e9t\u00e9 de produits alimentaires\u00a0: des l\u00e9gumineuses, des fruits et l\u00e9gumes, des produits laitiers, des produits m\u00e9nagers et m\u00eame quelques ressources pour d\u00e9velopper <strong>un mode de vie z\u00e9ro d\u00e9chet<\/strong> au quotidien (sac \u00e0 l\u00e9gumes, livre sur le z\u00e9ro d\u00e9chet, gourde r\u00e9utilisable). La boutique est ouverte du mardi au dimanche, et il est m\u00eame possible de magaziner en ligne\u00a0!<\/p>\n<p>Valerie LELOUP, fondatrice de NU Grocery, est impliqu\u00e9e personnellement dans un mode de vie z\u00e9ro d\u00e9chet et a \u00e0 c\u0153ur de diffuser ses connaissances au plus grand nombre. Elle est ainsi conf\u00e9renci\u00e8re et propose diff\u00e9rentes interventions. Le 12 janvier 2024, \u00e0 la soir\u00e9e galette des rois de l\u2019Alliance Fran\u00e7aise Ottawa, Valerie LELOUP a propos\u00e9 la conf\u00e9rence \u00ab\u00a0<strong>Consommation responsable<\/strong>\u00a0\u00bb pour sensibiliser sur nos modes de consommation et les outils pour rendre cette <strong>consommation plus respectueuse de l\u2019humain et de la plan\u00e8te<\/strong>.<\/p>\n<p>Pour d\u00e9couvrir les produits de NU Grocery, <a href=\"https:\/\/nugrocery.com\/fr\">cliquez-ici<\/a>.<\/p>\n<p>Pour (re)vivre en images la soir\u00e9e \u00e0 l\u2019Alliance Fran\u00e7aise Ottawa, <a href=\"https:\/\/www.instagram.com\/reel\/C2K4T_ygp2c\/?utm_source=ig_web_copy_link&amp;igsh=MzRlODBiNWFlZA==\">c\u2019est par l\u00e0\u00a0<\/a>!<\/p>\n<p>&nbsp;<\/p>\n<blockquote><p><strong>4\/ Foodsharing Ottawa<\/strong><\/p><\/blockquote>\n<p>Foodsharing Ottawa est une organisation \u00e0 but non-lucratif fond\u00e9e en 2015 par un groupe de b\u00e9n\u00e9voles passionn\u00e9s par la <strong>r\u00e9duction du gaspillage alimentaire<\/strong>. L\u2019objectif de Foodsharing Ottawa est de r\u00e9duire l\u2019impact environnemental du gaspillage alimentaire ainsi que l\u2019ins\u00e9curit\u00e9 alimentaire \u00e0 Ottawa. Pour cela, l\u2019association r\u00e9cup\u00e8re les invendus ou la nourriture qui va \u00eatre jet\u00e9e par des restaurants, supermarch\u00e9s, h\u00f4tels, march\u00e9s de producteurs. 17 structures r\u00e9guli\u00e8res donnent de la nourriture \u00e0 Foodsharing Ottawa. L\u2019association fonctionne gr\u00e2ce \u00e0 une \u00e9quipe de 80 b\u00e9n\u00e9voles qui collecte puis distribue les denr\u00e9es alimentaires aux organisations communautaires.<\/p>\n<p>Au Canada, 1 sac de courses de nourriture sur 5 est finalement jet\u00e9 \u00e0 la poubelle. <strong>50% du gaspillage alimentaire a lieu \u00e0 domicile<\/strong>, chez le consommateur, contre 10% dans les fermes, ou 20% dans le processus de distribution.<\/p>\n<p>Pour r\u00e9duire le gaspillage alimentaire, il est possible de\u00a0:<\/p>\n<ul>\n<li><strong>Acheter moins<\/strong> (acheter seulement ce que l\u2019on est capable de manger)<\/li>\n<li>Acheter des produits en date courte au supermarch\u00e9<\/li>\n<li>Cuisiner les l\u00e9gumes que l\u2019on ach\u00e8te, et les congeler pour les conserver si nous ne les mangeons pas<\/li>\n<li>Donner des produits alimentaires encore bons \u00e0 des organismes communautaires ou dans des <strong>frigos partag\u00e9s<\/strong><\/li>\n<li><strong>Informer ses proches et son entourage<\/strong> sur l\u2019impact du gaspillage alimentaire<\/li>\n<\/ul>\n<p>Vous pouvez aussi vous engager aupr\u00e8s de Foodsharing Ottawa ou d\u2019associations communautaires, ou faire un don mon\u00e9taire.<\/p>\n<p>Pour plus d\u2019informations sur Foodsharing Ottawa, <a href=\"https:\/\/www.foodsharingottawa.com\/\">cliquez-ici<\/a>.<\/p>\n<p>&nbsp;<\/p>\n<blockquote><p><strong>5\/ VegOttawa<\/strong><\/p><\/blockquote>\n<p>VegOttawa, aussi connu sous le nom de The National Capital Vegetarian Association (NCVA), est une organisation \u00e0 but non-lucratif qui promeut le <strong>mode de vie vegan<\/strong> <strong>\u00e0 Ottawa<\/strong>. L\u2019organisation met en avant les acteurs \u00e9conomiques engag\u00e9s et r\u00e9f\u00e9rents en alimentation vegan \u00e0 Ottawa, et <strong>sensibilise aux bienfaits d\u2019un mode de vie vegan<\/strong>. Elle a aussi pour but de faire conna\u00eetre les structures engag\u00e9es aupr\u00e8s de la population ottavienne int\u00e9ress\u00e9e.<\/p>\n<p>En ce mois de janvier, le <strong>d\u00e9fi Veganuary<\/strong> est propos\u00e9 dans le monde et VegOttawa le met aussi en avant. L\u2019association pose des questions \u00e0 ses membres et au public sur les avantages d\u2019une alimentation vegan, par exemple. Chaque semaine, un gagnant remporte une r\u00e9duction dans une des structures partenaires de VegOttawa. En effet, VegOttawa dispose d\u2019un r\u00e9seau de partenaires, du livre, au caf\u00e9 en passant par les produits de beaut\u00e9. Et les membres, aujourd\u2019hui plus de 225, peuvent b\u00e9n\u00e9ficier d\u2019une r\u00e9duction de 5 \u00e0 15% chez les commer\u00e7ants partenaires.<\/p>\n<p>L\u2019un des \u00e9v\u00e9nements phares de VegOttawa est le festival <strong>Vegan Who Snack<\/strong>, qui a lieu en juin de chaque ann\u00e9e.<\/p>\n<p>Pour d\u00e9couvrir l\u2019association, <a href=\"http:\/\/www.vegottawa.ca\/\">cliquez-ici<\/a>.<\/p>\n<p>&nbsp;<\/p>\n<p>Ces diff\u00e9rentes structures engag\u00e9es pour une alimentation durable en Outaouais offrent diverses possibilit\u00e9s de b\u00e9n\u00e9volat, d\u2019engagement communautaire et de d\u00e9couverte d\u2019un mode de vie plus responsable. Apr\u00e8s avoir appris le vocabulaire de base de l\u2019alimentation, l\u2019Alliance Fran\u00e7aise Ottawa vous invite \u00e0 d\u00e9couvrir ces organismes, pour rendre notre alimentation plus durable, accessible et saine\u00a0!<\/p>\n","protected":false},"excerpt":{"rendered":"<p>L\u2019alimentation est un sujet qui concerne tout le monde. On commence souvent l\u2019apprentissage du fran\u00e7ais par quelques bases sur les aliments. Souvenez-vous de vos premiers cours de fran\u00e7ais o\u00f9 vous avez appris \u00e0 dire \u00ab\u00a0tomate\u00a0\u00bb, \u00ab\u00a0pomme\u00a0\u00bb, \u00ab\u00a0poire\u00a0\u00bb, \u00ab\u00a0salade\u00a0\u00bb. Quand on voyage, on apprend aussi les formules pour demander de l\u2019eau, du caf\u00e9 ou le prix&#8230;<\/p>\n<p><a class=\"button invert-primary\" href=\"https:\/\/af.ca\/ottawa\/5-organismes-engages-pour-lalimentation-durable-en-outaouais\/\">En savoir plus<\/a><\/p>\n","protected":false},"author":3,"featured_media":0,"parent":0,"menu_order":56,"comment_status":"closed","ping_status":"closed","template":"","meta":{"_acf_changed":false,"om_disable_all_campaigns":false,"_monsterinsights_skip_tracking":false,"_monsterinsights_sitenote_active":false,"_monsterinsights_sitenote_note":"","_monsterinsights_sitenote_category":0,"footnotes":""},"class_list":["post-21534","page","type-page","status-publish","hentry"],"acf":[],"yoast_head":"<!-- This site is optimized with the Yoast SEO plugin v27.3 - https:\/\/yoast.com\/product\/yoast-seo-wordpress\/ -->\n<title>5 organismes engag\u00e9s pour l\u2019alimentation durable en Outaouais - Alliance Fran\u00e7aise Ottawa<\/title>\n<meta name=\"description\" content=\"D\u00e9couvrez 5 structures en Outaouais qui s\u2019engagent pour une alimentation plus responsable pour notre plan\u00e8te et pour notre corps.\" \/>\n<meta name=\"robots\" content=\"index, follow, max-snippet:-1, max-image-preview:large, max-video-preview:-1\" \/>\n<link rel=\"canonical\" href=\"https:\/\/af.ca\/ottawa\/5-organismes-engages-pour-lalimentation-durable-en-outaouais\/\" \/>\n<meta property=\"og:locale\" content=\"fr_FR\" \/>\n<meta property=\"og:type\" content=\"article\" \/>\n<meta property=\"og:title\" content=\"5 organismes engag\u00e9s pour l\u2019alimentation durable en Outaouais\" \/>\n<meta property=\"og:description\" content=\"D\u00e9couvrez 5 structures en Outaouais qui s\u2019engagent pour une alimentation plus responsable pour notre plan\u00e8te et pour notre corps.\" \/>\n<meta property=\"og:url\" content=\"https:\/\/af.ca\/ottawa\/5-organismes-engages-pour-lalimentation-durable-en-outaouais\/\" \/>\n<meta property=\"og:site_name\" content=\"Alliance Fran\u00e7aise Ottawa\" \/>\n<meta property=\"article:modified_time\" content=\"2024-01-29T21:03:26+00:00\" \/>\n<meta property=\"og:image\" content=\"https:\/\/af.ca\/ottawa\/wp-content\/uploads\/2024\/01\/5-associations-engagees-alimentation-durable-1024x576.png\" \/>\n\t<meta property=\"og:image:width\" content=\"1024\" \/>\n\t<meta property=\"og:image:height\" content=\"576\" \/>\n\t<meta property=\"og:image:type\" content=\"image\/png\" \/>\n<meta name=\"twitter:card\" content=\"summary_large_image\" \/>\n<meta name=\"twitter:title\" content=\"5 organismes engag\u00e9s pour l\u2019alimentation durable en Outaouais\" \/>\n<meta name=\"twitter:description\" content=\"D\u00e9couvrez 5 structures en Outaouais qui s\u2019engagent pour une alimentation plus responsable pour notre plan\u00e8te et pour notre corps.\" \/>\n<meta name=\"twitter:image\" content=\"https:\/\/af.ca\/ottawa\/wp-content\/uploads\/2024\/01\/5-associations-engagees-alimentation-durable.png\" \/>\n<meta name=\"twitter:label1\" content=\"Dur\u00e9e de lecture estim\u00e9e\" \/>\n\t<meta name=\"twitter:data1\" content=\"6 minutes\" \/>\n<script type=\"application\/ld+json\" class=\"yoast-schema-graph\">{\"@context\":\"https:\\\/\\\/schema.org\",\"@graph\":[{\"@type\":\"WebPage\",\"@id\":\"https:\\\/\\\/af.ca\\\/ottawa\\\/5-organismes-engages-pour-lalimentation-durable-en-outaouais\\\/\",\"url\":\"https:\\\/\\\/af.ca\\\/ottawa\\\/5-organismes-engages-pour-lalimentation-durable-en-outaouais\\\/\",\"name\":\"5 organismes engag\u00e9s pour l\u2019alimentation durable en Outaouais - Alliance Fran\u00e7aise Ottawa\",\"isPartOf\":{\"@id\":\"https:\\\/\\\/af.ca\\\/ottawa\\\/#website\"},\"primaryImageOfPage\":{\"@id\":\"https:\\\/\\\/af.ca\\\/ottawa\\\/5-organismes-engages-pour-lalimentation-durable-en-outaouais\\\/#primaryimage\"},\"image\":{\"@id\":\"https:\\\/\\\/af.ca\\\/ottawa\\\/5-organismes-engages-pour-lalimentation-durable-en-outaouais\\\/#primaryimage\"},\"thumbnailUrl\":\"https:\\\/\\\/af.ca\\\/ottawa\\\/wp-content\\\/uploads\\\/2024\\\/01\\\/5-associations-engagees-alimentation-durable-300x169.png\",\"datePublished\":\"2024-01-29T19:23:09+00:00\",\"dateModified\":\"2024-01-29T21:03:26+00:00\",\"description\":\"D\u00e9couvrez 5 structures en Outaouais qui s\u2019engagent pour une alimentation plus responsable pour notre plan\u00e8te et pour notre corps.\",\"breadcrumb\":{\"@id\":\"https:\\\/\\\/af.ca\\\/ottawa\\\/5-organismes-engages-pour-lalimentation-durable-en-outaouais\\\/#breadcrumb\"},\"inLanguage\":\"fr-FR\",\"potentialAction\":[{\"@type\":\"ReadAction\",\"target\":[\"https:\\\/\\\/af.ca\\\/ottawa\\\/5-organismes-engages-pour-lalimentation-durable-en-outaouais\\\/\"]}]},{\"@type\":\"ImageObject\",\"inLanguage\":\"fr-FR\",\"@id\":\"https:\\\/\\\/af.ca\\\/ottawa\\\/5-organismes-engages-pour-lalimentation-durable-en-outaouais\\\/#primaryimage\",\"url\":\"https:\\\/\\\/af.ca\\\/ottawa\\\/wp-content\\\/uploads\\\/2024\\\/01\\\/5-associations-engagees-alimentation-durable.png\",\"contentUrl\":\"https:\\\/\\\/af.ca\\\/ottawa\\\/wp-content\\\/uploads\\\/2024\\\/01\\\/5-associations-engagees-alimentation-durable.png\",\"width\":1920,\"height\":1080},{\"@type\":\"BreadcrumbList\",\"@id\":\"https:\\\/\\\/af.ca\\\/ottawa\\\/5-organismes-engages-pour-lalimentation-durable-en-outaouais\\\/#breadcrumb\",\"itemListElement\":[{\"@type\":\"ListItem\",\"position\":1,\"name\":\"Home\",\"item\":\"https:\\\/\\\/af.ca\\\/ottawa\\\/\"},{\"@type\":\"ListItem\",\"position\":2,\"name\":\"5 organismes engag\u00e9s pour l\u2019alimentation durable en Outaouais\"}]},{\"@type\":\"WebSite\",\"@id\":\"https:\\\/\\\/af.ca\\\/ottawa\\\/#website\",\"url\":\"https:\\\/\\\/af.ca\\\/ottawa\\\/\",\"name\":\"Alliance Fran\u00e7aise Ottawa\",\"description\":\"\u00c9cole de langue fran\u00e7aise et centre culturel\",\"potentialAction\":[{\"@type\":\"SearchAction\",\"target\":{\"@type\":\"EntryPoint\",\"urlTemplate\":\"https:\\\/\\\/af.ca\\\/ottawa\\\/?s={search_term_string}\"},\"query-input\":{\"@type\":\"PropertyValueSpecification\",\"valueRequired\":true,\"valueName\":\"search_term_string\"}}],\"inLanguage\":\"fr-FR\"}]}<\/script>\n<!-- \/ Yoast SEO plugin. -->","yoast_head_json":{"title":"5 organismes engag\u00e9s pour l\u2019alimentation durable en Outaouais - Alliance Fran\u00e7aise Ottawa","description":"D\u00e9couvrez 5 structures en Outaouais qui s\u2019engagent pour une alimentation plus responsable pour notre plan\u00e8te et pour notre corps.","robots":{"index":"index","follow":"follow","max-snippet":"max-snippet:-1","max-image-preview":"max-image-preview:large","max-video-preview":"max-video-preview:-1"},"canonical":"https:\/\/af.ca\/ottawa\/5-organismes-engages-pour-lalimentation-durable-en-outaouais\/","og_locale":"fr_FR","og_type":"article","og_title":"5 organismes engag\u00e9s pour l\u2019alimentation durable en Outaouais","og_description":"D\u00e9couvrez 5 structures en Outaouais qui s\u2019engagent pour une alimentation plus responsable pour notre plan\u00e8te et pour notre corps.","og_url":"https:\/\/af.ca\/ottawa\/5-organismes-engages-pour-lalimentation-durable-en-outaouais\/","og_site_name":"Alliance Fran\u00e7aise Ottawa","article_modified_time":"2024-01-29T21:03:26+00:00","og_image":[{"width":1024,"height":576,"url":"https:\/\/af.ca\/ottawa\/wp-content\/uploads\/2024\/01\/5-associations-engagees-alimentation-durable-1024x576.png","type":"image\/png"}],"twitter_card":"summary_large_image","twitter_title":"5 organismes engag\u00e9s pour l\u2019alimentation durable en Outaouais","twitter_description":"D\u00e9couvrez 5 structures en Outaouais qui s\u2019engagent pour une alimentation plus responsable pour notre plan\u00e8te et pour notre corps.","twitter_image":"https:\/\/af.ca\/ottawa\/wp-content\/uploads\/2024\/01\/5-associations-engagees-alimentation-durable.png","twitter_misc":{"Dur\u00e9e de lecture estim\u00e9e":"6 minutes"},"schema":{"@context":"https:\/\/schema.org","@graph":[{"@type":"WebPage","@id":"https:\/\/af.ca\/ottawa\/5-organismes-engages-pour-lalimentation-durable-en-outaouais\/","url":"https:\/\/af.ca\/ottawa\/5-organismes-engages-pour-lalimentation-durable-en-outaouais\/","name":"5 organismes engag\u00e9s pour l\u2019alimentation durable en Outaouais - Alliance Fran\u00e7aise Ottawa","isPartOf":{"@id":"https:\/\/af.ca\/ottawa\/#website"},"primaryImageOfPage":{"@id":"https:\/\/af.ca\/ottawa\/5-organismes-engages-pour-lalimentation-durable-en-outaouais\/#primaryimage"},"image":{"@id":"https:\/\/af.ca\/ottawa\/5-organismes-engages-pour-lalimentation-durable-en-outaouais\/#primaryimage"},"thumbnailUrl":"https:\/\/af.ca\/ottawa\/wp-content\/uploads\/2024\/01\/5-associations-engagees-alimentation-durable-300x169.png","datePublished":"2024-01-29T19:23:09+00:00","dateModified":"2024-01-29T21:03:26+00:00","description":"D\u00e9couvrez 5 structures en Outaouais qui s\u2019engagent pour une alimentation plus responsable pour notre plan\u00e8te et pour notre corps.","breadcrumb":{"@id":"https:\/\/af.ca\/ottawa\/5-organismes-engages-pour-lalimentation-durable-en-outaouais\/#breadcrumb"},"inLanguage":"fr-FR","potentialAction":[{"@type":"ReadAction","target":["https:\/\/af.ca\/ottawa\/5-organismes-engages-pour-lalimentation-durable-en-outaouais\/"]}]},{"@type":"ImageObject","inLanguage":"fr-FR","@id":"https:\/\/af.ca\/ottawa\/5-organismes-engages-pour-lalimentation-durable-en-outaouais\/#primaryimage","url":"https:\/\/af.ca\/ottawa\/wp-content\/uploads\/2024\/01\/5-associations-engagees-alimentation-durable.png","contentUrl":"https:\/\/af.ca\/ottawa\/wp-content\/uploads\/2024\/01\/5-associations-engagees-alimentation-durable.png","width":1920,"height":1080},{"@type":"BreadcrumbList","@id":"https:\/\/af.ca\/ottawa\/5-organismes-engages-pour-lalimentation-durable-en-outaouais\/#breadcrumb","itemListElement":[{"@type":"ListItem","position":1,"name":"Home","item":"https:\/\/af.ca\/ottawa\/"},{"@type":"ListItem","position":2,"name":"5 organismes engag\u00e9s pour l\u2019alimentation durable en Outaouais"}]},{"@type":"WebSite","@id":"https:\/\/af.ca\/ottawa\/#website","url":"https:\/\/af.ca\/ottawa\/","name":"Alliance Fran\u00e7aise Ottawa","description":"\u00c9cole de langue fran\u00e7aise et centre culturel","potentialAction":[{"@type":"SearchAction","target":{"@type":"EntryPoint","urlTemplate":"https:\/\/af.ca\/ottawa\/?s={search_term_string}"},"query-input":{"@type":"PropertyValueSpecification","valueRequired":true,"valueName":"search_term_string"}}],"inLanguage":"fr-FR"}]}},"blog_post_layout_featured_media_urls":{"thumbnail":"","full":""},"categories_names":null,"comments_number":"0","_links":{"self":[{"href":"https:\/\/af.ca\/ottawa\/wp-json\/wp\/v2\/pages\/21534","targetHints":{"allow":["GET"]}}],"collection":[{"href":"https:\/\/af.ca\/ottawa\/wp-json\/wp\/v2\/pages"}],"about":[{"href":"https:\/\/af.ca\/ottawa\/wp-json\/wp\/v2\/types\/page"}],"author":[{"embeddable":true,"href":"https:\/\/af.ca\/ottawa\/wp-json\/wp\/v2\/users\/3"}],"replies":[{"embeddable":true,"href":"https:\/\/af.ca\/ottawa\/wp-json\/wp\/v2\/comments?post=21534"}],"version-history":[{"count":0,"href":"https:\/\/af.ca\/ottawa\/wp-json\/wp\/v2\/pages\/21534\/revisions"}],"wp:attachment":[{"href":"https:\/\/af.ca\/ottawa\/wp-json\/wp\/v2\/media?parent=21534"}],"curies":[{"name":"wp","href":"https:\/\/api.w.org\/{rel}","templated":true}]}}