{"id":23093,"date":"2024-12-16T15:31:57","date_gmt":"2024-12-16T20:31:57","guid":{"rendered":"https:\/\/af.ca\/ottawa\/?page_id=23093"},"modified":"2024-12-16T15:31:57","modified_gmt":"2024-12-16T20:31:57","slug":"concert-kora-flamenca","status":"publish","type":"page","link":"https:\/\/af.ca\/ottawa\/concert-kora-flamenca\/","title":{"rendered":"Concert Kora Flamenca"},"content":{"rendered":"<p><a href=\"https:\/\/af.ca\/ottawa\/wp-content\/uploads\/2024\/12\/Concert-Kora-Flamenca-meetup-eventbrite-site-2.png\"><img loading=\"lazy\" decoding=\"async\" class=\"alignnone wp-image-23099 \" src=\"https:\/\/af.ca\/ottawa\/wp-content\/uploads\/2024\/12\/Concert-Kora-Flamenca-meetup-eventbrite-site-2-300x157.png\" alt=\"\" width=\"667\" height=\"349\" srcset=\"https:\/\/af.ca\/ottawa\/wp-content\/uploads\/2024\/12\/Concert-Kora-Flamenca-meetup-eventbrite-site-2-300x157.png 300w, https:\/\/af.ca\/ottawa\/wp-content\/uploads\/2024\/12\/Concert-Kora-Flamenca-meetup-eventbrite-site-2-1024x536.png 1024w, https:\/\/af.ca\/ottawa\/wp-content\/uploads\/2024\/12\/Concert-Kora-Flamenca-meetup-eventbrite-site-2-768x402.png 768w, https:\/\/af.ca\/ottawa\/wp-content\/uploads\/2024\/12\/Concert-Kora-Flamenca-meetup-eventbrite-site-2.png 1200w\" sizes=\"auto, (max-width: 667px) 100vw, 667px\" \/><\/a><\/p>\n<p>&nbsp;<\/p>\n<p>Suite au succ\u00e8s de Kora flamenca (F\u00e9lix de l\u2019ann\u00e9e- meilleur album musique du monde \u00e0 l\u2019ADISQ et du Canadian Folk Music Awards dans la cat\u00e9gorie meilleur album de musique du monde), Zal Sissokho et Caroline Plant\u00e9 allient \u00e0 nouveau leurs 2 cultures musicales : la musique afro-mandingue et le flamenco.<\/p>\n<p>\ud83d\udccdAu Carleton Dominion-Chalmers Centre, Ottawa-Canada<br \/>\n\ud83d\uddd3 Le mercredi 5 f\u00e9vrier 2025<br \/>\n\ud83d\udd57 Ouverture des portes 19h00<br \/>\n\ud83d\udcb220 $- 15$ pour les membres de l&rsquo;Alliance Fran\u00e7aise Ottawa<\/p>\n<p><a href=\"https:\/\/af.ca\/ottawa\/details-de-levenement\/?eventId=1041#\/\"><img loading=\"lazy\" decoding=\"async\" class=\"alignnone wp-image-18690\" src=\"https:\/\/af.ca\/ottawa\/wp-content\/uploads\/2022\/08\/Bouton-site-internet-fr-300x47.png\" alt=\"\" width=\"377\" height=\"59\" srcset=\"https:\/\/af.ca\/ottawa\/wp-content\/uploads\/2022\/08\/Bouton-site-internet-fr-300x47.png 300w, https:\/\/af.ca\/ottawa\/wp-content\/uploads\/2022\/08\/Bouton-site-internet-fr-768x120.png 768w, https:\/\/af.ca\/ottawa\/wp-content\/uploads\/2022\/08\/Bouton-site-internet-fr.png 827w\" sizes=\"auto, (max-width: 377px) 100vw, 377px\" \/><\/a><\/p>\n<p>&nbsp;<\/p>\n<p><strong><em>Kora flamenca<\/em><\/strong><strong> II<\/strong>, ce sont 10 nouvelles chansons, partag\u00e9es \u00e9galement entre les deux compositeurs et artistes. \u00c0 travers leur musique, Zal (kora et voix) et Caroline Plant\u00e9 (guitare flamenca et voix) proposent un voyage color\u00e9, au son de leur rencontre, accompagn\u00e9s de Miguel Medina aux percussions et Jean F\u00e9lix Mailloux \u00e0 la contrebasse.<\/p>\n<p><strong>Formation en quatuor<\/strong><\/p>\n<p>Zal Sissokho (composition, arrangements, kora, voix)<\/p>\n<p>Caroline Plant\u00e9 (composition, arrangements, guitare, voix)<\/p>\n<p>Miguel Medina (percussions)<\/p>\n<p>Jean F\u00e9lix Mailloux (contrebasse)<\/p>\n<p><strong>Formation en trio<\/strong><\/p>\n<p>Zal Sissokho (composition, arrangements, kora, voix)<\/p>\n<p>Caroline Plant\u00e9 (composition, arrangements, guitare, voix)<\/p>\n<p>Miguel Medina (percussions)<\/p>\n<h3><a href=\"https:\/\/af.ca\/ottawa\/wp-content\/uploads\/2024\/12\/214900223_10158261199903316_1808602189033561679_n.jpg\"><img loading=\"lazy\" decoding=\"async\" class=\"alignnone wp-image-23101 \" src=\"https:\/\/af.ca\/ottawa\/wp-content\/uploads\/2024\/12\/214900223_10158261199903316_1808602189033561679_n-300x300.jpg\" alt=\"\" width=\"513\" height=\"513\" srcset=\"https:\/\/af.ca\/ottawa\/wp-content\/uploads\/2024\/12\/214900223_10158261199903316_1808602189033561679_n-300x300.jpg 300w, https:\/\/af.ca\/ottawa\/wp-content\/uploads\/2024\/12\/214900223_10158261199903316_1808602189033561679_n-1024x1024.jpg 1024w, https:\/\/af.ca\/ottawa\/wp-content\/uploads\/2024\/12\/214900223_10158261199903316_1808602189033561679_n-150x150.jpg 150w, https:\/\/af.ca\/ottawa\/wp-content\/uploads\/2024\/12\/214900223_10158261199903316_1808602189033561679_n-768x768.jpg 768w, https:\/\/af.ca\/ottawa\/wp-content\/uploads\/2024\/12\/214900223_10158261199903316_1808602189033561679_n-125x125.jpg 125w, https:\/\/af.ca\/ottawa\/wp-content\/uploads\/2024\/12\/214900223_10158261199903316_1808602189033561679_n.jpg 1080w\" sizes=\"auto, (max-width: 513px) 100vw, 513px\" \/><\/a><\/h3>\n<p>&#8211; La Parole Live:<\/p>\n<p><a href=\"https:\/\/youtu.be\/sOeOnJ2onIM\"><img loading=\"lazy\" decoding=\"async\" class=\"alignnone wp-image-23105\" src=\"https:\/\/af.ca\/ottawa\/wp-content\/uploads\/2024\/12\/Screenshot-2024-12-16-124232-300x170.png\" alt=\"\" width=\"511\" height=\"289\" srcset=\"https:\/\/af.ca\/ottawa\/wp-content\/uploads\/2024\/12\/Screenshot-2024-12-16-124232-300x170.png 300w, https:\/\/af.ca\/ottawa\/wp-content\/uploads\/2024\/12\/Screenshot-2024-12-16-124232-1024x580.png 1024w, https:\/\/af.ca\/ottawa\/wp-content\/uploads\/2024\/12\/Screenshot-2024-12-16-124232-768x435.png 768w, https:\/\/af.ca\/ottawa\/wp-content\/uploads\/2024\/12\/Screenshot-2024-12-16-124232.png 1256w\" sizes=\"auto, (max-width: 511px) 100vw, 511px\" \/><\/a><\/p>\n<p>&nbsp;<\/p>\n<p>&#8211; Live au festival Nuits d\u2019afrique:<\/p>\n<p><a href=\"https:\/\/youtu.be\/1ZDcf4WJ6DM\"><img loading=\"lazy\" decoding=\"async\" class=\"alignnone wp-image-23109\" src=\"https:\/\/af.ca\/ottawa\/wp-content\/uploads\/2024\/12\/Screenshot-2024-12-16-124943-300x167.png\" alt=\"\" width=\"508\" height=\"283\" srcset=\"https:\/\/af.ca\/ottawa\/wp-content\/uploads\/2024\/12\/Screenshot-2024-12-16-124943-300x167.png 300w, https:\/\/af.ca\/ottawa\/wp-content\/uploads\/2024\/12\/Screenshot-2024-12-16-124943-1024x569.png 1024w, https:\/\/af.ca\/ottawa\/wp-content\/uploads\/2024\/12\/Screenshot-2024-12-16-124943-768x427.png 768w, https:\/\/af.ca\/ottawa\/wp-content\/uploads\/2024\/12\/Screenshot-2024-12-16-124943.png 1263w\" sizes=\"auto, (max-width: 508px) 100vw, 508px\" \/><\/a><\/p>\n<p>&nbsp;<\/p>\n<p><strong>Focus sur les artistes<\/strong><\/p>\n<p><a href=\"https:\/\/af.ca\/ottawa\/wp-content\/uploads\/2024\/12\/167.jpg\"><img loading=\"lazy\" decoding=\"async\" class=\"alignnone wp-image-23103\" src=\"https:\/\/af.ca\/ottawa\/wp-content\/uploads\/2024\/12\/167-300x200.jpg\" alt=\"\" width=\"704\" height=\"470\" srcset=\"https:\/\/af.ca\/ottawa\/wp-content\/uploads\/2024\/12\/167-300x200.jpg 300w, https:\/\/af.ca\/ottawa\/wp-content\/uploads\/2024\/12\/167-1024x683.jpg 1024w, https:\/\/af.ca\/ottawa\/wp-content\/uploads\/2024\/12\/167-768x512.jpg 768w, https:\/\/af.ca\/ottawa\/wp-content\/uploads\/2024\/12\/167-1536x1024.jpg 1536w, https:\/\/af.ca\/ottawa\/wp-content\/uploads\/2024\/12\/167.jpg 1800w\" sizes=\"auto, (max-width: 704px) 100vw, 704px\" \/><\/a><\/p>\n<p><strong>ZAL SISSOKHO<\/strong><\/p>\n<p>Zal Sissokho joue de la kora et chante.<\/p>\n<p>N\u2019est pas griot tout musicien qui vient d\u2019Afrique. Ces porteurs de traditions orales sont de castes Kouyat\u00e9, Diabat\u00e9 ou Sissokho ; les trois seules grandes familles qui colportent la m\u00e9moire du peuple mandingue. Zal Idrissa Sissokho n\u2019a pas que le nom, il a le bagage et cette incroyable facult\u00e9 d\u2019improvisation.<\/p>\n<p>Arriv\u00e9 \u00e0 Montr\u00e9al en 1999 et boursier des Conseils des arts du Canada et du Qu\u00e9bec \u00e0 plusieurs reprises depuis 2001, Zal Idrissa Sissokho a vite pris sa place dans le paysage sonore montr\u00e9alais.<\/p>\n<p>Artiste prolifique, g\u00e9n\u00e9reux et avec un d\u00e9sir d\u2019amener la kora et la musique afro-mandingue toujours plus loin, il accumule les reconnaissances, les prix et les \u00e9changes avec de nombreux artistes de tous les continents.<\/p>\n<p>La kora, son instrument, cette harpe africaine \u00e0 21 cordes se marie merveilleusement bien \u00e0 la musique occidentale contemporaine.<\/p>\n<p>En abordant des th\u00e8mes actuels et primordiaux de la soci\u00e9t\u00e9, Zal Sissokho met de l\u2019avant le son unique de son instrument et invite \u00e0 la d\u00e9couverte et au voyage.<\/p>\n<p>Sa musique aux accents afro-mandingues, ses compositions m\u00e9tiss\u00e9es, sa voix chaleureuse et enracin\u00e9e et son propos engag\u00e9 sont mis \u00e0 l\u2019avant, dans chacun de ses 5 albums, tous riches de multiples collaborations et ax\u00e9s sur le partage.<\/p>\n<p>&nbsp;<\/p>\n<p><strong>CAROLINE PLANT\u00c9<\/strong><\/p>\n<p>Caroline Plant\u00e9 est compositrice et guitariste flamenca.<\/p>\n<p>Elle a eu la chance d\u2019apprendre le\u00a0 d\u00e8s l\u2019\u00e2ge de 7 ans avec son p\u00e8re, Marcel Plant\u00e9 \u00ab\u00a0El Rubio\u00a0\u00bb, un des pionniers du genre au Canada dans les ann\u00e9es 60.<\/p>\n<p>Elle est l\u2019une des rares femmes au monde \u00e0 pratiquer cet art, qui \u00e9tait \u00ab\u00a0r\u00e9serv\u00e9\u00a0\u00bb aux hommes, jusqu\u2019\u00e0 n\u2019y a pas si longtemps.<\/p>\n<p>Caroline est l\u2019une de celles qui a collabor\u00e9 activement, sans le planifier, \u00e0 ce que le moule se brise. C\u2019est la premi\u00e8re femme au monde \u00e0 composer et interpr\u00e9ter un album de guitare flamenca (8<em>reflexiones<\/em>&#8211; enregistr\u00e9 \u00e0 Madrid en 2010).<\/p>\n<p>Elle compte plus de 30 ans d\u2019exp\u00e9rience de sc\u00e8ne et elle est reconnue pour la qualit\u00e9 de ses compositions et ses collaborations \u00e9clectiques.<\/p>\n<p>Apr\u00e8s une carri\u00e8re de 10 ans en Espagne avec la troupe Cruceta Flamenco avec qui elle a agi \u00e0 titre de directrice musicale, compositrice et interpr\u00e8te de 2004 \u00e0 2013, elle revient \u00e0 Montr\u00e9al avec le d\u00e9sir d\u2019\u00e9largir ses horizons et depuis, multiplie les collaborations avec des artistes issus de diff\u00e9rents styles musicaux et travaille en parall\u00e8le sur ses projets personnels auxquels sont associ\u00e9s plusieurs prix.<\/p>\n<p>&nbsp;<\/p>\n<p>&nbsp;<\/p>\n<p>&nbsp;<\/p>\n","protected":false},"excerpt":{"rendered":"<p>&nbsp; Suite au succ\u00e8s de Kora flamenca (F\u00e9lix de l\u2019ann\u00e9e- meilleur album musique du monde \u00e0 l\u2019ADISQ et du Canadian Folk Music Awards dans la cat\u00e9gorie meilleur album de musique du monde), Zal Sissokho et Caroline Plant\u00e9 allient \u00e0 nouveau leurs 2 cultures musicales : la musique afro-mandingue et le flamenco. \ud83d\udccdAu Carleton Dominion-Chalmers Centre,&#8230;<\/p>\n<p><a class=\"button invert-primary\" href=\"https:\/\/af.ca\/ottawa\/concert-kora-flamenca\/\">En savoir plus<\/a><\/p>\n","protected":false},"author":3,"featured_media":0,"parent":0,"menu_order":34,"comment_status":"closed","ping_status":"closed","template":"","meta":{"_acf_changed":false,"om_disable_all_campaigns":false,"_monsterinsights_skip_tracking":false,"_monsterinsights_sitenote_active":false,"_monsterinsights_sitenote_note":"","_monsterinsights_sitenote_category":0,"footnotes":""},"class_list":["post-23093","page","type-page","status-publish","hentry"],"acf":[],"yoast_head":"<!-- This site is optimized with the Yoast SEO plugin v27.4 - https:\/\/yoast.com\/product\/yoast-seo-wordpress\/ -->\n<title>Concert Kora Flamenca - Alliance Fran\u00e7aise Ottawa<\/title>\n<meta name=\"description\" content=\"Pour la F\u00eate de la musique 2024, retrouvez-nous au bar mythique Le Minotaure pour un concert inoubliable de Walter Astral et Michelle &amp; Les Gar\u00e7ons.\" \/>\n<meta name=\"robots\" content=\"index, follow, max-snippet:-1, max-image-preview:large, max-video-preview:-1\" \/>\n<link rel=\"canonical\" href=\"https:\/\/af.ca\/ottawa\/concert-kora-flamenca\/\" \/>\n<meta property=\"og:locale\" content=\"fr_FR\" \/>\n<meta property=\"og:type\" content=\"article\" \/>\n<meta property=\"og:title\" content=\"F\u00eate de la musique 2024\" \/>\n<meta property=\"og:description\" content=\"Pour la F\u00eate de la musique 2024, retrouvez-nous au bar mythique Le Minotaure pour un concert inoubliable de Walter Astral et Michelle &amp; Les Gar\u00e7ons.\" \/>\n<meta property=\"og:url\" content=\"https:\/\/af.ca\/ottawa\/concert-kora-flamenca\/\" \/>\n<meta property=\"og:site_name\" content=\"Alliance Fran\u00e7aise Ottawa\" \/>\n<meta property=\"og:image\" content=\"https:\/\/af.ca\/ottawa\/wp-content\/uploads\/2024\/05\/Fete-de-la-musique-2024-visuel-768x768.png\" \/>\n\t<meta property=\"og:image:width\" content=\"768\" \/>\n\t<meta property=\"og:image:height\" content=\"768\" \/>\n\t<meta property=\"og:image:type\" content=\"image\/png\" \/>\n<meta name=\"twitter:card\" content=\"summary_large_image\" \/>\n<meta name=\"twitter:label1\" content=\"Dur\u00e9e de lecture estim\u00e9e\" \/>\n\t<meta name=\"twitter:data1\" content=\"4 minutes\" \/>\n<script type=\"application\/ld+json\" class=\"yoast-schema-graph\">{\"@context\":\"https:\\\/\\\/schema.org\",\"@graph\":[{\"@type\":\"WebPage\",\"@id\":\"https:\\\/\\\/af.ca\\\/ottawa\\\/concert-kora-flamenca\\\/\",\"url\":\"https:\\\/\\\/af.ca\\\/ottawa\\\/concert-kora-flamenca\\\/\",\"name\":\"Concert Kora Flamenca - Alliance Fran\u00e7aise Ottawa\",\"isPartOf\":{\"@id\":\"https:\\\/\\\/af.ca\\\/ottawa\\\/#website\"},\"primaryImageOfPage\":{\"@id\":\"https:\\\/\\\/af.ca\\\/ottawa\\\/concert-kora-flamenca\\\/#primaryimage\"},\"image\":{\"@id\":\"https:\\\/\\\/af.ca\\\/ottawa\\\/concert-kora-flamenca\\\/#primaryimage\"},\"thumbnailUrl\":\"https:\\\/\\\/af.ca\\\/ottawa\\\/wp-content\\\/uploads\\\/2024\\\/12\\\/Concert-Kora-Flamenca-meetup-eventbrite-site-2-300x157.png\",\"datePublished\":\"2024-12-16T20:31:57+00:00\",\"description\":\"Pour la F\u00eate de la musique 2024, retrouvez-nous au bar mythique Le Minotaure pour un concert inoubliable de Walter Astral et Michelle & Les Gar\u00e7ons.\",\"breadcrumb\":{\"@id\":\"https:\\\/\\\/af.ca\\\/ottawa\\\/concert-kora-flamenca\\\/#breadcrumb\"},\"inLanguage\":\"fr-FR\",\"potentialAction\":[{\"@type\":\"ReadAction\",\"target\":[\"https:\\\/\\\/af.ca\\\/ottawa\\\/concert-kora-flamenca\\\/\"]}]},{\"@type\":\"ImageObject\",\"inLanguage\":\"fr-FR\",\"@id\":\"https:\\\/\\\/af.ca\\\/ottawa\\\/concert-kora-flamenca\\\/#primaryimage\",\"url\":\"https:\\\/\\\/af.ca\\\/ottawa\\\/wp-content\\\/uploads\\\/2024\\\/12\\\/Concert-Kora-Flamenca-meetup-eventbrite-site-2.png\",\"contentUrl\":\"https:\\\/\\\/af.ca\\\/ottawa\\\/wp-content\\\/uploads\\\/2024\\\/12\\\/Concert-Kora-Flamenca-meetup-eventbrite-site-2.png\",\"width\":1200,\"height\":628},{\"@type\":\"BreadcrumbList\",\"@id\":\"https:\\\/\\\/af.ca\\\/ottawa\\\/concert-kora-flamenca\\\/#breadcrumb\",\"itemListElement\":[{\"@type\":\"ListItem\",\"position\":1,\"name\":\"Home\",\"item\":\"https:\\\/\\\/af.ca\\\/ottawa\\\/\"},{\"@type\":\"ListItem\",\"position\":2,\"name\":\"Concert Kora Flamenca\"}]},{\"@type\":\"WebSite\",\"@id\":\"https:\\\/\\\/af.ca\\\/ottawa\\\/#website\",\"url\":\"https:\\\/\\\/af.ca\\\/ottawa\\\/\",\"name\":\"Alliance Fran\u00e7aise Ottawa\",\"description\":\"\u00c9cole de langue fran\u00e7aise et centre culturel\",\"potentialAction\":[{\"@type\":\"SearchAction\",\"target\":{\"@type\":\"EntryPoint\",\"urlTemplate\":\"https:\\\/\\\/af.ca\\\/ottawa\\\/?s={search_term_string}\"},\"query-input\":{\"@type\":\"PropertyValueSpecification\",\"valueRequired\":true,\"valueName\":\"search_term_string\"}}],\"inLanguage\":\"fr-FR\"}]}<\/script>\n<!-- \/ Yoast SEO plugin. -->","yoast_head_json":{"title":"Concert Kora Flamenca - Alliance Fran\u00e7aise Ottawa","description":"Pour la F\u00eate de la musique 2024, retrouvez-nous au bar mythique Le Minotaure pour un concert inoubliable de Walter Astral et Michelle & Les Gar\u00e7ons.","robots":{"index":"index","follow":"follow","max-snippet":"max-snippet:-1","max-image-preview":"max-image-preview:large","max-video-preview":"max-video-preview:-1"},"canonical":"https:\/\/af.ca\/ottawa\/concert-kora-flamenca\/","og_locale":"fr_FR","og_type":"article","og_title":"F\u00eate de la musique 2024","og_description":"Pour la F\u00eate de la musique 2024, retrouvez-nous au bar mythique Le Minotaure pour un concert inoubliable de Walter Astral et Michelle & Les Gar\u00e7ons.","og_url":"https:\/\/af.ca\/ottawa\/concert-kora-flamenca\/","og_site_name":"Alliance Fran\u00e7aise Ottawa","og_image":[{"width":768,"height":768,"url":"https:\/\/af.ca\/ottawa\/wp-content\/uploads\/2024\/05\/Fete-de-la-musique-2024-visuel-768x768.png","type":"image\/png"}],"twitter_card":"summary_large_image","twitter_misc":{"Dur\u00e9e de lecture estim\u00e9e":"4 minutes"},"schema":{"@context":"https:\/\/schema.org","@graph":[{"@type":"WebPage","@id":"https:\/\/af.ca\/ottawa\/concert-kora-flamenca\/","url":"https:\/\/af.ca\/ottawa\/concert-kora-flamenca\/","name":"Concert Kora Flamenca - Alliance Fran\u00e7aise Ottawa","isPartOf":{"@id":"https:\/\/af.ca\/ottawa\/#website"},"primaryImageOfPage":{"@id":"https:\/\/af.ca\/ottawa\/concert-kora-flamenca\/#primaryimage"},"image":{"@id":"https:\/\/af.ca\/ottawa\/concert-kora-flamenca\/#primaryimage"},"thumbnailUrl":"https:\/\/af.ca\/ottawa\/wp-content\/uploads\/2024\/12\/Concert-Kora-Flamenca-meetup-eventbrite-site-2-300x157.png","datePublished":"2024-12-16T20:31:57+00:00","description":"Pour la F\u00eate de la musique 2024, retrouvez-nous au bar mythique Le Minotaure pour un concert inoubliable de Walter Astral et Michelle & Les Gar\u00e7ons.","breadcrumb":{"@id":"https:\/\/af.ca\/ottawa\/concert-kora-flamenca\/#breadcrumb"},"inLanguage":"fr-FR","potentialAction":[{"@type":"ReadAction","target":["https:\/\/af.ca\/ottawa\/concert-kora-flamenca\/"]}]},{"@type":"ImageObject","inLanguage":"fr-FR","@id":"https:\/\/af.ca\/ottawa\/concert-kora-flamenca\/#primaryimage","url":"https:\/\/af.ca\/ottawa\/wp-content\/uploads\/2024\/12\/Concert-Kora-Flamenca-meetup-eventbrite-site-2.png","contentUrl":"https:\/\/af.ca\/ottawa\/wp-content\/uploads\/2024\/12\/Concert-Kora-Flamenca-meetup-eventbrite-site-2.png","width":1200,"height":628},{"@type":"BreadcrumbList","@id":"https:\/\/af.ca\/ottawa\/concert-kora-flamenca\/#breadcrumb","itemListElement":[{"@type":"ListItem","position":1,"name":"Home","item":"https:\/\/af.ca\/ottawa\/"},{"@type":"ListItem","position":2,"name":"Concert Kora Flamenca"}]},{"@type":"WebSite","@id":"https:\/\/af.ca\/ottawa\/#website","url":"https:\/\/af.ca\/ottawa\/","name":"Alliance Fran\u00e7aise Ottawa","description":"\u00c9cole de langue fran\u00e7aise et centre culturel","potentialAction":[{"@type":"SearchAction","target":{"@type":"EntryPoint","urlTemplate":"https:\/\/af.ca\/ottawa\/?s={search_term_string}"},"query-input":{"@type":"PropertyValueSpecification","valueRequired":true,"valueName":"search_term_string"}}],"inLanguage":"fr-FR"}]}},"blog_post_layout_featured_media_urls":{"thumbnail":"","full":""},"categories_names":null,"comments_number":"0","_links":{"self":[{"href":"https:\/\/af.ca\/ottawa\/wp-json\/wp\/v2\/pages\/23093","targetHints":{"allow":["GET"]}}],"collection":[{"href":"https:\/\/af.ca\/ottawa\/wp-json\/wp\/v2\/pages"}],"about":[{"href":"https:\/\/af.ca\/ottawa\/wp-json\/wp\/v2\/types\/page"}],"author":[{"embeddable":true,"href":"https:\/\/af.ca\/ottawa\/wp-json\/wp\/v2\/users\/3"}],"replies":[{"embeddable":true,"href":"https:\/\/af.ca\/ottawa\/wp-json\/wp\/v2\/comments?post=23093"}],"version-history":[{"count":0,"href":"https:\/\/af.ca\/ottawa\/wp-json\/wp\/v2\/pages\/23093\/revisions"}],"wp:attachment":[{"href":"https:\/\/af.ca\/ottawa\/wp-json\/wp\/v2\/media?parent=23093"}],"curies":[{"name":"wp","href":"https:\/\/api.w.org\/{rel}","templated":true}]}}