{"id":2373,"date":"2024-04-25T10:44:38","date_gmt":"2024-04-25T14:44:38","guid":{"rendered":"https:\/\/af.ca\/ottawa\/?page_id=2373"},"modified":"2026-04-02T12:26:40","modified_gmt":"2026-04-02T16:26:40","slug":"accueil","status":"publish","type":"page","link":"https:\/\/af.ca\/ottawa\/","title":{"rendered":"\u00c9cole de langue fran\u00e7aise et centre culturel"},"content":{"rendered":"\r\n<p><iframe loading=\"lazy\" src=\"\/\/www.youtube.com\/embed\/DUO7vopHTVU?feature=youtu\" width=\"560\" height=\"314\" allowfullscreen=\"allowfullscreen\"><\/iframe><\/p>\r\n","protected":false},"excerpt":{"rendered":"","protected":false},"author":6,"featured_media":0,"parent":0,"menu_order":215,"comment_status":"closed","ping_status":"closed","template":"","meta":{"_acf_changed":false,"om_disable_all_campaigns":false,"_monsterinsights_skip_tracking":false,"_monsterinsights_sitenote_active":false,"_monsterinsights_sitenote_note":"","_monsterinsights_sitenote_category":0,"footnotes":""},"class_list":["post-2373","page","type-page","status-publish","hentry"],"acf":[],"yoast_head":"<!-- This site is optimized with the Yoast SEO plugin v27.3 - https:\/\/yoast.com\/product\/yoast-seo-wordpress\/ -->\n<title>Alliance Fran\u00e7aise Ottawa - \u00c9cole de langue fran\u00e7aise et centre culturel<\/title>\n<meta name=\"description\" content=\"L&#039;Alliance Fran\u00e7aise Ottawa est une \u00e9cole de langue fran\u00e7aise, un centre d\u2019examens et un centre culturel offrant des activit\u00e9s francophones.\" \/>\n<meta name=\"robots\" content=\"index, follow, max-snippet:-1, max-image-preview:large, max-video-preview:-1\" \/>\n<link rel=\"canonical\" href=\"https:\/\/af.ca\/ottawa\/\" \/>\n<meta property=\"og:locale\" content=\"fr_FR\" \/>\n<meta property=\"og:type\" content=\"article\" \/>\n<meta property=\"og:title\" content=\"Alliance Fran\u00e7aise Ottawa - \u00c9cole de langue fran\u00e7aise et centre culturel\" \/>\n<meta property=\"og:description\" content=\"L&#039;Alliance Fran\u00e7aise Ottawa est une \u00e9cole de langue fran\u00e7aise, un centre d\u2019examens et un centre culturel offrant des activit\u00e9s francophones.\" \/>\n<meta property=\"og:url\" content=\"https:\/\/af.ca\/ottawa\/\" \/>\n<meta property=\"og:site_name\" content=\"Alliance Fran\u00e7aise Ottawa\" \/>\n<meta property=\"article:modified_time\" content=\"2026-04-02T16:26:40+00:00\" \/>\n<meta name=\"twitter:card\" content=\"summary_large_image\" \/>\n<script type=\"application\/ld+json\" class=\"yoast-schema-graph\">{\"@context\":\"https:\\\/\\\/schema.org\",\"@graph\":[{\"@type\":\"WebPage\",\"@id\":\"https:\\\/\\\/af.ca\\\/ottawa\\\/\",\"url\":\"https:\\\/\\\/af.ca\\\/ottawa\\\/\",\"name\":\"Alliance Fran\u00e7aise Ottawa - \u00c9cole de langue fran\u00e7aise et centre culturel\",\"isPartOf\":{\"@id\":\"https:\\\/\\\/af.ca\\\/ottawa\\\/#website\"},\"datePublished\":\"2024-04-25T14:44:38+00:00\",\"dateModified\":\"2026-04-02T16:26:40+00:00\",\"description\":\"L'Alliance Fran\u00e7aise Ottawa est une \u00e9cole de langue fran\u00e7aise, un centre d\u2019examens et un centre culturel offrant des activit\u00e9s francophones.\",\"breadcrumb\":{\"@id\":\"https:\\\/\\\/af.ca\\\/ottawa\\\/#breadcrumb\"},\"inLanguage\":\"fr-FR\",\"potentialAction\":[{\"@type\":\"ReadAction\",\"target\":[\"https:\\\/\\\/af.ca\\\/ottawa\\\/\"]}]},{\"@type\":\"BreadcrumbList\",\"@id\":\"https:\\\/\\\/af.ca\\\/ottawa\\\/#breadcrumb\",\"itemListElement\":[{\"@type\":\"ListItem\",\"position\":1,\"name\":\"Home\",\"item\":\"https:\\\/\\\/af.ca\\\/ottawa\\\/\"},{\"@type\":\"ListItem\",\"position\":2,\"name\":\"\u00c9cole de langue fran\u00e7aise et centre culturel\"}]},{\"@type\":\"WebSite\",\"@id\":\"https:\\\/\\\/af.ca\\\/ottawa\\\/#website\",\"url\":\"https:\\\/\\\/af.ca\\\/ottawa\\\/\",\"name\":\"Alliance Fran\u00e7aise Ottawa\",\"description\":\"\u00c9cole de langue fran\u00e7aise et centre culturel\",\"potentialAction\":[{\"@type\":\"SearchAction\",\"target\":{\"@type\":\"EntryPoint\",\"urlTemplate\":\"https:\\\/\\\/af.ca\\\/ottawa\\\/?s={search_term_string}\"},\"query-input\":{\"@type\":\"PropertyValueSpecification\",\"valueRequired\":true,\"valueName\":\"search_term_string\"}}],\"inLanguage\":\"fr-FR\"}]}<\/script>\n<!-- \/ Yoast SEO plugin. -->","yoast_head_json":{"title":"Alliance Fran\u00e7aise Ottawa - \u00c9cole de langue fran\u00e7aise et centre culturel","description":"L'Alliance Fran\u00e7aise Ottawa est une \u00e9cole de langue fran\u00e7aise, un centre d\u2019examens et un centre culturel offrant des activit\u00e9s francophones.","robots":{"index":"index","follow":"follow","max-snippet":"max-snippet:-1","max-image-preview":"max-image-preview:large","max-video-preview":"max-video-preview:-1"},"canonical":"https:\/\/af.ca\/ottawa\/","og_locale":"fr_FR","og_type":"article","og_title":"Alliance Fran\u00e7aise Ottawa - \u00c9cole de langue fran\u00e7aise et centre culturel","og_description":"L'Alliance Fran\u00e7aise Ottawa est une \u00e9cole de langue fran\u00e7aise, un centre d\u2019examens et un centre culturel offrant des activit\u00e9s francophones.","og_url":"https:\/\/af.ca\/ottawa\/","og_site_name":"Alliance Fran\u00e7aise Ottawa","article_modified_time":"2026-04-02T16:26:40+00:00","twitter_card":"summary_large_image","schema":{"@context":"https:\/\/schema.org","@graph":[{"@type":"WebPage","@id":"https:\/\/af.ca\/ottawa\/","url":"https:\/\/af.ca\/ottawa\/","name":"Alliance Fran\u00e7aise Ottawa - \u00c9cole de langue fran\u00e7aise et centre culturel","isPartOf":{"@id":"https:\/\/af.ca\/ottawa\/#website"},"datePublished":"2024-04-25T14:44:38+00:00","dateModified":"2026-04-02T16:26:40+00:00","description":"L'Alliance Fran\u00e7aise Ottawa est une \u00e9cole de langue fran\u00e7aise, un centre d\u2019examens et un centre culturel offrant des activit\u00e9s francophones.","breadcrumb":{"@id":"https:\/\/af.ca\/ottawa\/#breadcrumb"},"inLanguage":"fr-FR","potentialAction":[{"@type":"ReadAction","target":["https:\/\/af.ca\/ottawa\/"]}]},{"@type":"BreadcrumbList","@id":"https:\/\/af.ca\/ottawa\/#breadcrumb","itemListElement":[{"@type":"ListItem","position":1,"name":"Home","item":"https:\/\/af.ca\/ottawa\/"},{"@type":"ListItem","position":2,"name":"\u00c9cole de langue fran\u00e7aise et centre culturel"}]},{"@type":"WebSite","@id":"https:\/\/af.ca\/ottawa\/#website","url":"https:\/\/af.ca\/ottawa\/","name":"Alliance Fran\u00e7aise Ottawa","description":"\u00c9cole de langue fran\u00e7aise et centre culturel","potentialAction":[{"@type":"SearchAction","target":{"@type":"EntryPoint","urlTemplate":"https:\/\/af.ca\/ottawa\/?s={search_term_string}"},"query-input":{"@type":"PropertyValueSpecification","valueRequired":true,"valueName":"search_term_string"}}],"inLanguage":"fr-FR"}]}},"blog_post_layout_featured_media_urls":{"thumbnail":"","full":""},"categories_names":null,"comments_number":"0","_links":{"self":[{"href":"https:\/\/af.ca\/ottawa\/wp-json\/wp\/v2\/pages\/2373","targetHints":{"allow":["GET"]}}],"collection":[{"href":"https:\/\/af.ca\/ottawa\/wp-json\/wp\/v2\/pages"}],"about":[{"href":"https:\/\/af.ca\/ottawa\/wp-json\/wp\/v2\/types\/page"}],"author":[{"embeddable":true,"href":"https:\/\/af.ca\/ottawa\/wp-json\/wp\/v2\/users\/6"}],"replies":[{"embeddable":true,"href":"https:\/\/af.ca\/ottawa\/wp-json\/wp\/v2\/comments?post=2373"}],"version-history":[{"count":5,"href":"https:\/\/af.ca\/ottawa\/wp-json\/wp\/v2\/pages\/2373\/revisions"}],"predecessor-version":[{"id":25349,"href":"https:\/\/af.ca\/ottawa\/wp-json\/wp\/v2\/pages\/2373\/revisions\/25349"}],"wp:attachment":[{"href":"https:\/\/af.ca\/ottawa\/wp-json\/wp\/v2\/media?parent=2373"}],"curies":[{"name":"wp","href":"https:\/\/api.w.org\/{rel}","templated":true}]}}