{"id":2392,"date":"2018-08-15T15:34:44","date_gmt":"2018-08-15T15:34:44","guid":{"rendered":"https:\/\/af.ca\/ottawa\/?page_id=2392"},"modified":"2020-01-14T14:06:50","modified_gmt":"2020-01-14T19:06:50","slug":"culture","status":"publish","type":"page","link":"https:\/\/af.ca\/ottawa\/culture\/","title":{"rendered":"Culture"},"content":{"rendered":"<p>L\u2019Alliance Fran\u00e7aise Ottawa est aussi un centre culturel et vous propose tout au long de l\u2019ann\u00e9e diff\u00e9rentes activit\u00e9s! Entre s\u00e9ances de cin\u00e9ma, concerts et expositions; entre \u0153uvres classiques, faits historiques et \u0153uvres contemporaines, nous vous invitons \u00e0 d\u00e9couvrir notre programmation culturelle riche qui contribue aussi \u00e0 la notori\u00e9t\u00e9 de notre institution!<\/p>\n<h2>Ajoutez de la culture dans votre vie\u00a0!<\/h2>\n","protected":false},"excerpt":{"rendered":"<p>L\u2019Alliance Fran\u00e7aise Ottawa est aussi un centre culturel et vous propose tout au long de l\u2019ann\u00e9e diff\u00e9rentes activit\u00e9s! Entre s\u00e9ances de cin\u00e9ma, concerts et expositions; entre \u0153uvres classiques, faits historiques et \u0153uvres contemporaines, nous vous invitons \u00e0 d\u00e9couvrir notre programmation culturelle riche qui contribue aussi \u00e0 la notori\u00e9t\u00e9 de notre institution! Ajoutez de la culture&#8230;<\/p>\n<p><a class=\"button invert-primary\" href=\"https:\/\/af.ca\/ottawa\/culture\/\">En savoir plus<\/a><\/p>\n","protected":false},"author":6,"featured_media":0,"parent":0,"menu_order":232,"comment_status":"closed","ping_status":"closed","template":"templates\/culture.php","meta":{"_acf_changed":false,"om_disable_all_campaigns":false,"_monsterinsights_skip_tracking":false,"_monsterinsights_sitenote_active":false,"_monsterinsights_sitenote_note":"","_monsterinsights_sitenote_category":0,"footnotes":""},"class_list":["post-2392","page","type-page","status-publish","hentry"],"acf":[],"yoast_head":"<!-- This site is optimized with the Yoast SEO plugin v27.4 - https:\/\/yoast.com\/product\/yoast-seo-wordpress\/ -->\n<title>Activit\u00e9s culturelles en fran\u00e7ais - Alliance Fran\u00e7aise Ottawa<\/title>\n<meta name=\"description\" content=\"L\u2019Alliance Fran\u00e7aise Ottawa est aussi un centre culturel : cin\u00e9ma, concerts et expositions; venez d\u00e9couvrir notre programmation culturelle francophone\" \/>\n<meta name=\"robots\" content=\"index, follow, max-snippet:-1, max-image-preview:large, max-video-preview:-1\" \/>\n<link rel=\"canonical\" href=\"https:\/\/af.ca\/ottawa\/culture\/\" \/>\n<meta property=\"og:locale\" content=\"fr_FR\" \/>\n<meta property=\"og:type\" content=\"article\" \/>\n<meta property=\"og:title\" content=\"Activit\u00e9s culturelles en fran\u00e7ais - Alliance Fran\u00e7aise Ottawa\" \/>\n<meta property=\"og:description\" content=\"L\u2019Alliance Fran\u00e7aise Ottawa est aussi un centre culturel : cin\u00e9ma, concerts et expositions; venez d\u00e9couvrir notre programmation culturelle francophone\" \/>\n<meta property=\"og:url\" content=\"https:\/\/af.ca\/ottawa\/culture\/\" \/>\n<meta property=\"og:site_name\" content=\"Alliance Fran\u00e7aise Ottawa\" \/>\n<meta property=\"article:modified_time\" content=\"2020-01-14T19:06:50+00:00\" \/>\n<meta name=\"twitter:card\" content=\"summary_large_image\" \/>\n<script type=\"application\/ld+json\" class=\"yoast-schema-graph\">{\"@context\":\"https:\\\/\\\/schema.org\",\"@graph\":[{\"@type\":\"WebPage\",\"@id\":\"https:\\\/\\\/af.ca\\\/ottawa\\\/culture\\\/\",\"url\":\"https:\\\/\\\/af.ca\\\/ottawa\\\/culture\\\/\",\"name\":\"Activit\u00e9s culturelles en fran\u00e7ais - Alliance Fran\u00e7aise Ottawa\",\"isPartOf\":{\"@id\":\"https:\\\/\\\/af.ca\\\/ottawa\\\/#website\"},\"datePublished\":\"2018-08-15T15:34:44+00:00\",\"dateModified\":\"2020-01-14T19:06:50+00:00\",\"description\":\"L\u2019Alliance Fran\u00e7aise Ottawa est aussi un centre culturel : cin\u00e9ma, concerts et expositions; venez d\u00e9couvrir notre programmation culturelle francophone\",\"breadcrumb\":{\"@id\":\"https:\\\/\\\/af.ca\\\/ottawa\\\/culture\\\/#breadcrumb\"},\"inLanguage\":\"fr-FR\",\"potentialAction\":[{\"@type\":\"ReadAction\",\"target\":[\"https:\\\/\\\/af.ca\\\/ottawa\\\/culture\\\/\"]}]},{\"@type\":\"BreadcrumbList\",\"@id\":\"https:\\\/\\\/af.ca\\\/ottawa\\\/culture\\\/#breadcrumb\",\"itemListElement\":[{\"@type\":\"ListItem\",\"position\":1,\"name\":\"Home\",\"item\":\"https:\\\/\\\/af.ca\\\/ottawa\\\/\"},{\"@type\":\"ListItem\",\"position\":2,\"name\":\"Culture\"}]},{\"@type\":\"WebSite\",\"@id\":\"https:\\\/\\\/af.ca\\\/ottawa\\\/#website\",\"url\":\"https:\\\/\\\/af.ca\\\/ottawa\\\/\",\"name\":\"Alliance Fran\u00e7aise Ottawa\",\"description\":\"\u00c9cole de langue fran\u00e7aise et centre culturel\",\"potentialAction\":[{\"@type\":\"SearchAction\",\"target\":{\"@type\":\"EntryPoint\",\"urlTemplate\":\"https:\\\/\\\/af.ca\\\/ottawa\\\/?s={search_term_string}\"},\"query-input\":{\"@type\":\"PropertyValueSpecification\",\"valueRequired\":true,\"valueName\":\"search_term_string\"}}],\"inLanguage\":\"fr-FR\"}]}<\/script>\n<!-- \/ Yoast SEO plugin. -->","yoast_head_json":{"title":"Activit\u00e9s culturelles en fran\u00e7ais - Alliance Fran\u00e7aise Ottawa","description":"L\u2019Alliance Fran\u00e7aise Ottawa est aussi un centre culturel : cin\u00e9ma, concerts et expositions; venez d\u00e9couvrir notre programmation culturelle francophone","robots":{"index":"index","follow":"follow","max-snippet":"max-snippet:-1","max-image-preview":"max-image-preview:large","max-video-preview":"max-video-preview:-1"},"canonical":"https:\/\/af.ca\/ottawa\/culture\/","og_locale":"fr_FR","og_type":"article","og_title":"Activit\u00e9s culturelles en fran\u00e7ais - Alliance Fran\u00e7aise Ottawa","og_description":"L\u2019Alliance Fran\u00e7aise Ottawa est aussi un centre culturel : cin\u00e9ma, concerts et expositions; venez d\u00e9couvrir notre programmation culturelle francophone","og_url":"https:\/\/af.ca\/ottawa\/culture\/","og_site_name":"Alliance Fran\u00e7aise Ottawa","article_modified_time":"2020-01-14T19:06:50+00:00","twitter_card":"summary_large_image","schema":{"@context":"https:\/\/schema.org","@graph":[{"@type":"WebPage","@id":"https:\/\/af.ca\/ottawa\/culture\/","url":"https:\/\/af.ca\/ottawa\/culture\/","name":"Activit\u00e9s culturelles en fran\u00e7ais - Alliance Fran\u00e7aise Ottawa","isPartOf":{"@id":"https:\/\/af.ca\/ottawa\/#website"},"datePublished":"2018-08-15T15:34:44+00:00","dateModified":"2020-01-14T19:06:50+00:00","description":"L\u2019Alliance Fran\u00e7aise Ottawa est aussi un centre culturel : cin\u00e9ma, concerts et expositions; venez d\u00e9couvrir notre programmation culturelle francophone","breadcrumb":{"@id":"https:\/\/af.ca\/ottawa\/culture\/#breadcrumb"},"inLanguage":"fr-FR","potentialAction":[{"@type":"ReadAction","target":["https:\/\/af.ca\/ottawa\/culture\/"]}]},{"@type":"BreadcrumbList","@id":"https:\/\/af.ca\/ottawa\/culture\/#breadcrumb","itemListElement":[{"@type":"ListItem","position":1,"name":"Home","item":"https:\/\/af.ca\/ottawa\/"},{"@type":"ListItem","position":2,"name":"Culture"}]},{"@type":"WebSite","@id":"https:\/\/af.ca\/ottawa\/#website","url":"https:\/\/af.ca\/ottawa\/","name":"Alliance Fran\u00e7aise Ottawa","description":"\u00c9cole de langue fran\u00e7aise et centre culturel","potentialAction":[{"@type":"SearchAction","target":{"@type":"EntryPoint","urlTemplate":"https:\/\/af.ca\/ottawa\/?s={search_term_string}"},"query-input":{"@type":"PropertyValueSpecification","valueRequired":true,"valueName":"search_term_string"}}],"inLanguage":"fr-FR"}]}},"blog_post_layout_featured_media_urls":{"thumbnail":"","full":""},"categories_names":null,"comments_number":"0","_links":{"self":[{"href":"https:\/\/af.ca\/ottawa\/wp-json\/wp\/v2\/pages\/2392","targetHints":{"allow":["GET"]}}],"collection":[{"href":"https:\/\/af.ca\/ottawa\/wp-json\/wp\/v2\/pages"}],"about":[{"href":"https:\/\/af.ca\/ottawa\/wp-json\/wp\/v2\/types\/page"}],"author":[{"embeddable":true,"href":"https:\/\/af.ca\/ottawa\/wp-json\/wp\/v2\/users\/6"}],"replies":[{"embeddable":true,"href":"https:\/\/af.ca\/ottawa\/wp-json\/wp\/v2\/comments?post=2392"}],"version-history":[{"count":0,"href":"https:\/\/af.ca\/ottawa\/wp-json\/wp\/v2\/pages\/2392\/revisions"}],"wp:attachment":[{"href":"https:\/\/af.ca\/ottawa\/wp-json\/wp\/v2\/media?parent=2392"}],"curies":[{"name":"wp","href":"https:\/\/api.w.org\/{rel}","templated":true}]}}

<p>L’Alliance Française Ottawa est aussi un centre culturel et vous propose tout au long de l’année différentes activités! Entre séances de cinéma, concerts et expositions; entre œuvres classiques, faits historiques et œuvres contemporaines, nous vous invitons à découvrir notre programmation culturelle riche qui contribue aussi à la notoriété de notre institution!</p>
<h2>Ajoutez de la culture dans votre vie !</h2>

<p>L’Alliance Française Ottawa est aussi un centre culturel et vous propose tout au long de l’année différentes activités! Entre séances de cinéma, concerts et expositions; entre œuvres classiques, faits historiques et œuvres contemporaines, nous vous invitons à découvrir notre programmation culturelle riche qui contribue aussi à la notoriété de notre institution! Ajoutez de la culture&#8230;</p>
<p><a class="button invert-primary" href="https://af.ca/ottawa/culture/">En savoir plus</a></p>

<!-- This site is optimized with the Yoast SEO plugin v27.4 - https://yoast.com/product/yoast-seo-wordpress/ -->
<title>Activités culturelles en français - Alliance Française Ottawa</title>
<meta name="description" content="L’Alliance Française Ottawa est aussi un centre culturel : cinéma, concerts et expositions; venez découvrir notre programmation culturelle francophone" />
<meta name="robots" content="index, follow, max-snippet:-1, max-image-preview:large, max-video-preview:-1" />
<link rel="canonical" href="https://af.ca/ottawa/culture/" />
<meta property="og:locale" content="fr_FR" />
<meta property="og:type" content="article" />
<meta property="og:title" content="Activités culturelles en français - Alliance Française Ottawa" />
<meta property="og:description" content="L’Alliance Française Ottawa est aussi un centre culturel : cinéma, concerts et expositions; venez découvrir notre programmation culturelle francophone" />
<meta property="og:url" content="https://af.ca/ottawa/culture/" />
<meta property="og:site_name" content="Alliance Française Ottawa" />
<meta property="article:modified_time" content="2020-01-14T19:06:50+00:00" />
<meta name="twitter:card" content="summary_large_image" />
<script type="application/ld+json" class="yoast-schema-graph">{"@context":"https:\/\/schema.org","@graph":[{"@type":"WebPage","@id":"https:\/\/af.ca\/ottawa\/culture\/","url":"https:\/\/af.ca\/ottawa\/culture\/","name":"Activités culturelles en français - Alliance Française Ottawa","isPartOf":{"@id":"https:\/\/af.ca\/ottawa\/#website"},"datePublished":"2018-08-15T15:34:44+00:00","dateModified":"2020-01-14T19:06:50+00:00","description":"L’Alliance Française Ottawa est aussi un centre culturel : cinéma, concerts et expositions; venez découvrir notre programmation culturelle francophone","breadcrumb":{"@id":"https:\/\/af.ca\/ottawa\/culture\/#breadcrumb"},"inLanguage":"fr-FR","potentialAction":[{"@type":"ReadAction","target":["https:\/\/af.ca\/ottawa\/culture\/"]}]},{"@type":"BreadcrumbList","@id":"https:\/\/af.ca\/ottawa\/culture\/#breadcrumb","itemListElement":[{"@type":"ListItem","position":1,"name":"Home","item":"https:\/\/af.ca\/ottawa\/"},{"@type":"ListItem","position":2,"name":"Culture"}]},{"@type":"WebSite","@id":"https:\/\/af.ca\/ottawa\/#website","url":"https:\/\/af.ca\/ottawa\/","name":"Alliance Française Ottawa","description":"École de langue française et centre culturel","potentialAction":[{"@type":"SearchAction","target":{"@type":"EntryPoint","urlTemplate":"https:\/\/af.ca\/ottawa\/?s={search_term_string}"},"query-input":{"@type":"PropertyValueSpecification","valueRequired":true,"valueName":"search_term_string"}}],"inLanguage":"fr-FR"}]}</script>
<!-- / Yoast SEO plugin. -->

Activités culturelles en français - Alliance Française Ottawa

L’Alliance Française Ottawa est aussi un centre culturel : cinéma, concerts et expositions; venez découvrir notre programmation culturelle francophone

Alliance Française Ottawa

École de langue française et centre culturel
