{"id":2414,"date":"2024-05-13T12:10:31","date_gmt":"2024-05-13T16:10:31","guid":{"rendered":"https:\/\/af.ca\/ottawa\/?page_id=2414"},"modified":"2025-10-17T09:00:23","modified_gmt":"2025-10-17T13:00:23","slug":"partenaires","status":"publish","type":"page","link":"https:\/\/af.ca\/ottawa\/qui-sommes-nous\/partenaires\/","title":{"rendered":"Partenaires"},"content":{"rendered":"<h2>Merci \u00e0 tous nos partenaires!<\/h2>\n<hr \/>\n","protected":false},"excerpt":{"rendered":"<p>Merci \u00e0 tous nos partenaires!<\/p>\n","protected":false},"author":6,"featured_media":2653,"parent":2437,"menu_order":264,"comment_status":"closed","ping_status":"closed","template":"templates\/partenaires.php","meta":{"_acf_changed":false,"om_disable_all_campaigns":false,"_monsterinsights_skip_tracking":false,"_monsterinsights_sitenote_active":false,"_monsterinsights_sitenote_note":"","_monsterinsights_sitenote_category":0,"footnotes":""},"class_list":["post-2414","page","type-page","status-publish","has-post-thumbnail","hentry"],"acf":[],"yoast_head":"<!-- This site is optimized with the Yoast SEO plugin v27.3 - https:\/\/yoast.com\/product\/yoast-seo-wordpress\/ -->\n<title>Partenaires - Alliance Fran\u00e7aise Ottawa<\/title>\n<meta name=\"robots\" content=\"index, follow, max-snippet:-1, max-image-preview:large, max-video-preview:-1\" \/>\n<link rel=\"canonical\" href=\"https:\/\/af.ca\/ottawa\/qui-sommes-nous\/partenaires\/\" \/>\n<meta property=\"og:locale\" content=\"fr_FR\" \/>\n<meta property=\"og:type\" content=\"article\" \/>\n<meta property=\"og:title\" content=\"Partenaires - Alliance Fran\u00e7aise Ottawa\" \/>\n<meta property=\"og:description\" content=\"Merci \u00e0 tous nos partenaires!\" \/>\n<meta property=\"og:url\" content=\"https:\/\/af.ca\/ottawa\/qui-sommes-nous\/partenaires\/\" \/>\n<meta property=\"og:site_name\" content=\"Alliance Fran\u00e7aise Ottawa\" \/>\n<meta property=\"article:modified_time\" content=\"2025-10-17T13:00:23+00:00\" \/>\n<meta property=\"og:image\" content=\"https:\/\/af.ca\/ottawa\/wp-content\/uploads\/2018\/08\/drapeau-francais.jpg\" \/>\n\t<meta property=\"og:image:width\" content=\"3000\" \/>\n\t<meta property=\"og:image:height\" content=\"336\" \/>\n\t<meta property=\"og:image:type\" content=\"image\/jpeg\" \/>\n<meta name=\"twitter:card\" content=\"summary_large_image\" \/>\n<meta name=\"twitter:label1\" content=\"Dur\u00e9e de lecture estim\u00e9e\" \/>\n\t<meta name=\"twitter:data1\" content=\"1 minute\" \/>\n<script type=\"application\/ld+json\" class=\"yoast-schema-graph\">{\"@context\":\"https:\\\/\\\/schema.org\",\"@graph\":[{\"@type\":\"WebPage\",\"@id\":\"https:\\\/\\\/af.ca\\\/ottawa\\\/qui-sommes-nous\\\/partenaires\\\/\",\"url\":\"https:\\\/\\\/af.ca\\\/ottawa\\\/qui-sommes-nous\\\/partenaires\\\/\",\"name\":\"Partenaires - Alliance Fran\u00e7aise Ottawa\",\"isPartOf\":{\"@id\":\"https:\\\/\\\/af.ca\\\/ottawa\\\/#website\"},\"primaryImageOfPage\":{\"@id\":\"https:\\\/\\\/af.ca\\\/ottawa\\\/qui-sommes-nous\\\/partenaires\\\/#primaryimage\"},\"image\":{\"@id\":\"https:\\\/\\\/af.ca\\\/ottawa\\\/qui-sommes-nous\\\/partenaires\\\/#primaryimage\"},\"thumbnailUrl\":\"https:\\\/\\\/af.ca\\\/ottawa\\\/wp-content\\\/uploads\\\/2018\\\/08\\\/drapeau-francais.jpg\",\"datePublished\":\"2024-05-13T16:10:31+00:00\",\"dateModified\":\"2025-10-17T13:00:23+00:00\",\"breadcrumb\":{\"@id\":\"https:\\\/\\\/af.ca\\\/ottawa\\\/qui-sommes-nous\\\/partenaires\\\/#breadcrumb\"},\"inLanguage\":\"fr-FR\",\"potentialAction\":[{\"@type\":\"ReadAction\",\"target\":[\"https:\\\/\\\/af.ca\\\/ottawa\\\/qui-sommes-nous\\\/partenaires\\\/\"]}]},{\"@type\":\"ImageObject\",\"inLanguage\":\"fr-FR\",\"@id\":\"https:\\\/\\\/af.ca\\\/ottawa\\\/qui-sommes-nous\\\/partenaires\\\/#primaryimage\",\"url\":\"https:\\\/\\\/af.ca\\\/ottawa\\\/wp-content\\\/uploads\\\/2018\\\/08\\\/drapeau-francais.jpg\",\"contentUrl\":\"https:\\\/\\\/af.ca\\\/ottawa\\\/wp-content\\\/uploads\\\/2018\\\/08\\\/drapeau-francais.jpg\",\"width\":3000,\"height\":336},{\"@type\":\"BreadcrumbList\",\"@id\":\"https:\\\/\\\/af.ca\\\/ottawa\\\/qui-sommes-nous\\\/partenaires\\\/#breadcrumb\",\"itemListElement\":[{\"@type\":\"ListItem\",\"position\":1,\"name\":\"Home\",\"item\":\"https:\\\/\\\/af.ca\\\/ottawa\\\/\"},{\"@type\":\"ListItem\",\"position\":2,\"name\":\"Qui sommes-nous?\",\"item\":\"https:\\\/\\\/af.ca\\\/ottawa\\\/qui-sommes-nous\\\/\"},{\"@type\":\"ListItem\",\"position\":3,\"name\":\"Partenaires\"}]},{\"@type\":\"WebSite\",\"@id\":\"https:\\\/\\\/af.ca\\\/ottawa\\\/#website\",\"url\":\"https:\\\/\\\/af.ca\\\/ottawa\\\/\",\"name\":\"Alliance Fran\u00e7aise Ottawa\",\"description\":\"\u00c9cole de langue fran\u00e7aise et centre culturel\",\"potentialAction\":[{\"@type\":\"SearchAction\",\"target\":{\"@type\":\"EntryPoint\",\"urlTemplate\":\"https:\\\/\\\/af.ca\\\/ottawa\\\/?s={search_term_string}\"},\"query-input\":{\"@type\":\"PropertyValueSpecification\",\"valueRequired\":true,\"valueName\":\"search_term_string\"}}],\"inLanguage\":\"fr-FR\"}]}<\/script>\n<!-- \/ Yoast SEO plugin. -->","yoast_head_json":{"title":"Partenaires - Alliance Fran\u00e7aise Ottawa","robots":{"index":"index","follow":"follow","max-snippet":"max-snippet:-1","max-image-preview":"max-image-preview:large","max-video-preview":"max-video-preview:-1"},"canonical":"https:\/\/af.ca\/ottawa\/qui-sommes-nous\/partenaires\/","og_locale":"fr_FR","og_type":"article","og_title":"Partenaires - Alliance Fran\u00e7aise Ottawa","og_description":"Merci \u00e0 tous nos partenaires!","og_url":"https:\/\/af.ca\/ottawa\/qui-sommes-nous\/partenaires\/","og_site_name":"Alliance Fran\u00e7aise Ottawa","article_modified_time":"2025-10-17T13:00:23+00:00","og_image":[{"width":3000,"height":336,"url":"https:\/\/af.ca\/ottawa\/wp-content\/uploads\/2018\/08\/drapeau-francais.jpg","type":"image\/jpeg"}],"twitter_card":"summary_large_image","twitter_misc":{"Dur\u00e9e de lecture estim\u00e9e":"1 minute"},"schema":{"@context":"https:\/\/schema.org","@graph":[{"@type":"WebPage","@id":"https:\/\/af.ca\/ottawa\/qui-sommes-nous\/partenaires\/","url":"https:\/\/af.ca\/ottawa\/qui-sommes-nous\/partenaires\/","name":"Partenaires - Alliance Fran\u00e7aise Ottawa","isPartOf":{"@id":"https:\/\/af.ca\/ottawa\/#website"},"primaryImageOfPage":{"@id":"https:\/\/af.ca\/ottawa\/qui-sommes-nous\/partenaires\/#primaryimage"},"image":{"@id":"https:\/\/af.ca\/ottawa\/qui-sommes-nous\/partenaires\/#primaryimage"},"thumbnailUrl":"https:\/\/af.ca\/ottawa\/wp-content\/uploads\/2018\/08\/drapeau-francais.jpg","datePublished":"2024-05-13T16:10:31+00:00","dateModified":"2025-10-17T13:00:23+00:00","breadcrumb":{"@id":"https:\/\/af.ca\/ottawa\/qui-sommes-nous\/partenaires\/#breadcrumb"},"inLanguage":"fr-FR","potentialAction":[{"@type":"ReadAction","target":["https:\/\/af.ca\/ottawa\/qui-sommes-nous\/partenaires\/"]}]},{"@type":"ImageObject","inLanguage":"fr-FR","@id":"https:\/\/af.ca\/ottawa\/qui-sommes-nous\/partenaires\/#primaryimage","url":"https:\/\/af.ca\/ottawa\/wp-content\/uploads\/2018\/08\/drapeau-francais.jpg","contentUrl":"https:\/\/af.ca\/ottawa\/wp-content\/uploads\/2018\/08\/drapeau-francais.jpg","width":3000,"height":336},{"@type":"BreadcrumbList","@id":"https:\/\/af.ca\/ottawa\/qui-sommes-nous\/partenaires\/#breadcrumb","itemListElement":[{"@type":"ListItem","position":1,"name":"Home","item":"https:\/\/af.ca\/ottawa\/"},{"@type":"ListItem","position":2,"name":"Qui sommes-nous?","item":"https:\/\/af.ca\/ottawa\/qui-sommes-nous\/"},{"@type":"ListItem","position":3,"name":"Partenaires"}]},{"@type":"WebSite","@id":"https:\/\/af.ca\/ottawa\/#website","url":"https:\/\/af.ca\/ottawa\/","name":"Alliance Fran\u00e7aise Ottawa","description":"\u00c9cole de langue fran\u00e7aise et centre culturel","potentialAction":[{"@type":"SearchAction","target":{"@type":"EntryPoint","urlTemplate":"https:\/\/af.ca\/ottawa\/?s={search_term_string}"},"query-input":{"@type":"PropertyValueSpecification","valueRequired":true,"valueName":"search_term_string"}}],"inLanguage":"fr-FR"}]}},"blog_post_layout_featured_media_urls":{"thumbnail":["https:\/\/af.ca\/ottawa\/wp-content\/uploads\/2018\/08\/drapeau-francais-150x150.jpg",150,150,true],"full":["https:\/\/af.ca\/ottawa\/wp-content\/uploads\/2018\/08\/drapeau-francais.jpg",3000,336,false]},"categories_names":null,"comments_number":"0","_links":{"self":[{"href":"https:\/\/af.ca\/ottawa\/wp-json\/wp\/v2\/pages\/2414","targetHints":{"allow":["GET"]}}],"collection":[{"href":"https:\/\/af.ca\/ottawa\/wp-json\/wp\/v2\/pages"}],"about":[{"href":"https:\/\/af.ca\/ottawa\/wp-json\/wp\/v2\/types\/page"}],"author":[{"embeddable":true,"href":"https:\/\/af.ca\/ottawa\/wp-json\/wp\/v2\/users\/6"}],"replies":[{"embeddable":true,"href":"https:\/\/af.ca\/ottawa\/wp-json\/wp\/v2\/comments?post=2414"}],"version-history":[{"count":3,"href":"https:\/\/af.ca\/ottawa\/wp-json\/wp\/v2\/pages\/2414\/revisions"}],"predecessor-version":[{"id":24403,"href":"https:\/\/af.ca\/ottawa\/wp-json\/wp\/v2\/pages\/2414\/revisions\/24403"}],"up":[{"embeddable":true,"href":"https:\/\/af.ca\/ottawa\/wp-json\/wp\/v2\/pages\/2437"}],"wp:featuredmedia":[{"embeddable":true,"href":"https:\/\/af.ca\/ottawa\/wp-json\/wp\/v2\/media\/2653"}],"wp:attachment":[{"href":"https:\/\/af.ca\/ottawa\/wp-json\/wp\/v2\/media?parent=2414"}],"curies":[{"name":"wp","href":"https:\/\/api.w.org\/{rel}","templated":true}]}}