{"id":2437,"date":"2023-12-05T16:51:22","date_gmt":"2023-12-05T21:51:22","guid":{"rendered":"https:\/\/af.ca\/ottawa\/?page_id=2437"},"modified":"2026-03-05T12:50:32","modified_gmt":"2026-03-05T17:50:32","slug":"qui-sommes-nous","status":"publish","type":"page","link":"https:\/\/af.ca\/ottawa\/qui-sommes-nous\/","title":{"rendered":"Qui sommes-nous?"},"content":{"rendered":"<p><a href=\"https:\/\/af.ca\/ottawa\/wp-content\/uploads\/2022\/11\/Photo-de-lAF-Ottawa-Copie.jpg\"><img loading=\"lazy\" decoding=\"async\" class=\"wp-image-19700 aligncenter\" src=\"https:\/\/af.ca\/ottawa\/wp-content\/uploads\/2022\/11\/Photo-de-lAF-Ottawa-Copie-300x264.jpg\" alt=\"\" width=\"753\" height=\"662\" srcset=\"https:\/\/af.ca\/ottawa\/wp-content\/uploads\/2022\/11\/Photo-de-lAF-Ottawa-Copie-300x264.jpg 300w, https:\/\/af.ca\/ottawa\/wp-content\/uploads\/2022\/11\/Photo-de-lAF-Ottawa-Copie-1024x902.jpg 1024w\" sizes=\"auto, (max-width: 753px) 100vw, 753px\" \/><\/a><\/p>\n<p>&nbsp;<\/p>\n<p>&nbsp;<\/p>\n<p>L\u2019Alliance Fran\u00e7aise Ottawa fait partie d\u2019un vaste r\u00e9seau international n\u00e9 en 1883, dont les missions sont de diffuser la langue fran\u00e7aise et de promouvoir les cultures fran\u00e7aises et francophones dans le monde.<\/p>\n<p>Dans les 134 pays o\u00f9 elles sont pr\u00e9sentes, les Alliances Fran\u00e7aises sont des organismes \u00e0 but non lucratif de droit local\u00a0; l\u2019Alliance Fran\u00e7aise Ottawa est une association canadienne cr\u00e9\u00e9e en 1905.<\/p>\n<p>Il y a 9 autres Alliances Fran\u00e7aises au Canada, sur tout le territoire : <a href=\"http:\/\/www.af.ca\/halifax\/index.htm\" target=\"_blank\" rel=\"noopener noreferrer\">Halifax<\/a>, <a href=\"http:\/\/www.afmoncton.ca\/\" target=\"_blank\" rel=\"noopener noreferrer\">Moncton<\/a>, <a href=\"https:\/\/www.alliance-francaise.ca\/fr\/\" target=\"_blank\" rel=\"noopener noreferrer\">Toronto<\/a>, <a href=\"http:\/\/www.afmanitoba.ca\/\" target=\"_blank\" rel=\"noopener noreferrer\">Manitoba<\/a>, <a href=\"http:\/\/www.af.ca\/edmonton\/\" target=\"_blank\" rel=\"noopener noreferrer\">Edmonton<\/a>, <a href=\"http:\/\/www.afcalgary.ca\/\" target=\"_blank\" rel=\"noopener noreferrer\">Calgary<\/a>, <a href=\"http:\/\/www.alliancefrancaise.ca\/\" target=\"_blank\" rel=\"noopener noreferrer\">Vancouver<\/a>, <a href=\"http:\/\/www.afvictoria.ca\/\" target=\"_blank\" rel=\"noopener noreferrer\">Victoria<\/a>, <a href=\"https:\/\/www.afmontreal.ca\/#\/\">Montr\u00e9al<\/a>.<\/p>\n<h2>Nos missions<\/h2>\n<p>L\u2019Alliance Fran\u00e7aise Ottawa offre les services suivants :<\/p>\n<ul>\n<li><a href=\"https:\/\/af.ca\/ottawa\/cours-de-francais\/\">Centre de langue<\/a> : offre de cours de fran\u00e7ais aux particuliers, aux entreprises, aux diplomates et \u00e0 la Fonction Publique F\u00e9d\u00e9rale. Cours de groupe, cours priv\u00e9s, sur place ou sur le lieu de travail, cours en ligne, ateliers de grammaire et conversation<\/li>\n<li><a href=\"https:\/\/af.ca\/ottawa\/tests-et-examens\/\">Centre d\u2019examens<\/a> : <a href=\"https:\/\/af.ca\/ottawa\/tests_et_examens\/tef-canada\/\">TEF<\/a>\u00a0et <a href=\"https:\/\/af.ca\/ottawa\/en\/official-french-tests-exams\/\">TCF<\/a> (toutes d\u00e9clinaisons), <a href=\"https:\/\/af.ca\/ottawa\/tests_et_examens\/delf-dalf\/\">DELF\/DALF<\/a>, etc.<\/li>\n<li><a href=\"https:\/\/af.ca\/ottawa\/culture\/\">Activit\u00e9s culturelles<\/a> : l\u2019Alliance Fran\u00e7aise Ottawa propose environ 40 \u00e9v\u00e8nements par an (cin\u00e9club, concerts, th\u00e9\u00e2tre, conf\u00e9rences, expositions, etc.)<\/li>\n<li><a href=\"https:\/\/af.ca\/ottawa\/culture\/mediatheque\/\">M\u00e9diath\u00e8que<\/a> : l\u2019Alliance Fran\u00e7aise offre au public un centre de ressources en fran\u00e7ais et sur la France. DVDs, CDs, livres, magazines, ressources p\u00e9dagogiques<\/li>\n<li><a href=\"https:\/\/af.ca\/ottawa\/culture\/culturetheque\/\">Cultureth\u00e8que<\/a> : l\u2019Alliance Fran\u00e7aise offre l\u2019acc\u00e8s \u00e0 un site en ligne de ressources culturelles. P\u00e9riodiques, livres, BD, jeux vid\u00e9os et manuels p\u00e9dagogiques sont disponibles en ligne pour tous les niveaux et tous les \u00e2ges<\/li>\n<\/ul>\n<h2>Pourquoi prendre des cours avec nous\u00a0?<\/h2>\n<p>Apprendre le fran\u00e7ais \u00e0 l\u2019Alliance Fran\u00e7aise Ottawa, c\u2019est \u00eatre certain de b\u00e9n\u00e9ficier d\u2019un <strong>enseignement de qualit\u00e9<\/strong>, d\u00e9livr\u00e9 par des <strong>professeurs de fran\u00e7ais form\u00e9s et s\u00e9lectionn\u00e9s<\/strong>. Nous suivons le <strong>cadre d\u2019enseignement europ\u00e9en<\/strong> appel\u00e9 le <a href=\"https:\/\/www.coe.int\/fr\/web\/common-european-framework-reference-languages\/level-descriptions\" target=\"_blank\" rel=\"noopener noreferrer\">CECR<\/a>, adopt\u00e9 en Europe et partout ailleurs dans le monde\u00a0: votre progression est ainsi encadr\u00e9e, selon des normes officielles et reconnues.<\/p>\n<p>Nos m\u00e9thodes d\u2019enseignement sont \u00e9prouv\u00e9es depuis des d\u00e9cennies\u00a0: nous les faisons \u00e9voluer selon les <strong>besoins des \u00e9l\u00e8ves et restons attentifs aux nouvelles propositions p\u00e9dagogiques <\/strong>qui voient le jour, ainsi qu\u2019aux <strong>techniques r\u00e9centes d\u2019information et de communication.<\/strong><\/p>\n<p>Nous sommes particuli\u00e8rement vigilants \u00e0 <strong>accompagner tous nos \u00e9l\u00e8ves dans leur apprentissage<\/strong>\u00a0: nos professeurs suivent de pr\u00e8s chaque apprenant, \u00e9valuent leur niveau r\u00e9guli\u00e8rement, les conseillent au quotidien. <strong>L\u2019apprentissage est individualis\u00e9<\/strong>\u00a0: que ce soit en cours priv\u00e9, semi-priv\u00e9, de groupe de taille r\u00e9duite, nous restons \u00e0 vos c\u00f4t\u00e9s tout le long de la session.<\/p>\n<p>Et en tant qu\u2019organisme de bienfaisance enregistr\u00e9, l\u2019Alliance Fran\u00e7aise Ottawa ne facture pas de taxes sur ses services. Les contributions et dons effectu\u00e9s peuvent \u00e9galement \u00eatre admissibles \u00e0 des <strong>d\u00e9ductions fiscales<\/strong> conform\u00e9ment \u00e0 la r\u00e9glementation en vigueur.<\/p>\n<p>Quelle que soit la raison qui vous pousse \u00e0 franchir nos portes, nous avons une solution \u00e0 vous proposer\u00a0: elle sera \u00e9tudi\u00e9e avec vous et vous apportera satisfaction. Que vous soyez salari\u00e9 du secteur priv\u00e9, fonctionnaire, ou juste francophile, nous avons la formule qui vous convient.<\/p>\n<h2>Chiffres cl\u00e9s<\/h2>\n<ul>\n<li>Plus de 120 ans de pr\u00e9sence \u00e0 Ottawa<\/li>\n<li>Une trentaine de professeurs de langue fran\u00e7aise<\/li>\n<li>Pr\u00e8s de 2000 apprenants par an<\/li>\n<li>Plus de 4000 candidats aux tests et examens reconnus par les gouvernements canadiens et fran\u00e7ais<\/li>\n<\/ul>\n","protected":false},"excerpt":{"rendered":"<p>&nbsp; &nbsp; L\u2019Alliance Fran\u00e7aise Ottawa fait partie d\u2019un vaste r\u00e9seau international n\u00e9 en 1883, dont les missions sont de diffuser la langue fran\u00e7aise et de promouvoir les cultures fran\u00e7aises et francophones dans le monde. Dans les 134 pays o\u00f9 elles sont pr\u00e9sentes, les Alliances Fran\u00e7aises sont des organismes \u00e0 but non lucratif de droit local\u00a0;&#8230;<\/p>\n<p><a class=\"button invert-primary\" href=\"https:\/\/af.ca\/ottawa\/qui-sommes-nous\/\">En savoir plus<\/a><\/p>\n","protected":false},"author":6,"featured_media":0,"parent":0,"menu_order":278,"comment_status":"closed","ping_status":"closed","template":"","meta":{"_acf_changed":false,"om_disable_all_campaigns":false,"_monsterinsights_skip_tracking":false,"_monsterinsights_sitenote_active":false,"_monsterinsights_sitenote_note":"","_monsterinsights_sitenote_category":0,"footnotes":""},"class_list":["post-2437","page","type-page","status-publish","hentry"],"acf":[],"yoast_head":"<!-- This site is optimized with the Yoast SEO plugin v27.5 - https:\/\/yoast.com\/product\/yoast-seo-wordpress\/ -->\n<title>Qui sommes-nous? - Alliance Fran\u00e7aise Ottawa<\/title>\n<meta name=\"description\" content=\"les Alliances Fran\u00e7aises sont des organismes \u00e0 but non lucratif de droit local ; l\u2019Alliance Fran\u00e7aise Ottawa est une association canadienne cr\u00e9\u00e9e en 1905.\" \/>\n<meta name=\"robots\" content=\"index, follow, max-snippet:-1, max-image-preview:large, max-video-preview:-1\" \/>\n<link rel=\"canonical\" href=\"https:\/\/af.ca\/ottawa\/qui-sommes-nous\/\" \/>\n<meta property=\"og:locale\" content=\"fr_FR\" \/>\n<meta property=\"og:type\" content=\"article\" \/>\n<meta property=\"og:title\" content=\"Qui sommes-nous? - Alliance Fran\u00e7aise Ottawa\" \/>\n<meta property=\"og:description\" content=\"les Alliances Fran\u00e7aises sont des organismes \u00e0 but non lucratif de droit local ; l\u2019Alliance Fran\u00e7aise Ottawa est une association canadienne cr\u00e9\u00e9e en 1905.\" \/>\n<meta property=\"og:url\" content=\"https:\/\/af.ca\/ottawa\/qui-sommes-nous\/\" \/>\n<meta property=\"og:site_name\" content=\"Alliance Fran\u00e7aise Ottawa\" \/>\n<meta property=\"article:modified_time\" content=\"2026-03-05T17:50:32+00:00\" \/>\n<meta property=\"og:image\" content=\"https:\/\/af.ca\/ottawa\/wp-content\/uploads\/2022\/11\/Photo-de-lAF-Ottawa-Copie.jpg\" \/>\n\t<meta property=\"og:image:width\" content=\"1347\" \/>\n\t<meta property=\"og:image:height\" content=\"1187\" \/>\n\t<meta property=\"og:image:type\" content=\"image\/jpeg\" \/>\n<meta name=\"twitter:card\" content=\"summary_large_image\" \/>\n<meta name=\"twitter:label1\" content=\"Dur\u00e9e de lecture estim\u00e9e\" \/>\n\t<meta name=\"twitter:data1\" content=\"3 minutes\" \/>\n<script type=\"application\/ld+json\" class=\"yoast-schema-graph\">{\"@context\":\"https:\\\/\\\/schema.org\",\"@graph\":[{\"@type\":\"WebPage\",\"@id\":\"https:\\\/\\\/af.ca\\\/ottawa\\\/qui-sommes-nous\\\/\",\"url\":\"https:\\\/\\\/af.ca\\\/ottawa\\\/qui-sommes-nous\\\/\",\"name\":\"Qui sommes-nous? - Alliance Fran\u00e7aise Ottawa\",\"isPartOf\":{\"@id\":\"https:\\\/\\\/af.ca\\\/ottawa\\\/#website\"},\"primaryImageOfPage\":{\"@id\":\"https:\\\/\\\/af.ca\\\/ottawa\\\/qui-sommes-nous\\\/#primaryimage\"},\"image\":{\"@id\":\"https:\\\/\\\/af.ca\\\/ottawa\\\/qui-sommes-nous\\\/#primaryimage\"},\"thumbnailUrl\":\"https:\\\/\\\/af.ca\\\/ottawa\\\/wp-content\\\/uploads\\\/2022\\\/11\\\/Photo-de-lAF-Ottawa-Copie-300x264.jpg\",\"datePublished\":\"2023-12-05T21:51:22+00:00\",\"dateModified\":\"2026-03-05T17:50:32+00:00\",\"description\":\"les Alliances Fran\u00e7aises sont des organismes \u00e0 but non lucratif de droit local ; l\u2019Alliance Fran\u00e7aise Ottawa est une association canadienne cr\u00e9\u00e9e en 1905.\",\"breadcrumb\":{\"@id\":\"https:\\\/\\\/af.ca\\\/ottawa\\\/qui-sommes-nous\\\/#breadcrumb\"},\"inLanguage\":\"fr-FR\",\"potentialAction\":[{\"@type\":\"ReadAction\",\"target\":[\"https:\\\/\\\/af.ca\\\/ottawa\\\/qui-sommes-nous\\\/\"]}]},{\"@type\":\"ImageObject\",\"inLanguage\":\"fr-FR\",\"@id\":\"https:\\\/\\\/af.ca\\\/ottawa\\\/qui-sommes-nous\\\/#primaryimage\",\"url\":\"https:\\\/\\\/af.ca\\\/ottawa\\\/wp-content\\\/uploads\\\/2022\\\/11\\\/Photo-de-lAF-Ottawa-Copie.jpg\",\"contentUrl\":\"https:\\\/\\\/af.ca\\\/ottawa\\\/wp-content\\\/uploads\\\/2022\\\/11\\\/Photo-de-lAF-Ottawa-Copie.jpg\",\"width\":1347,\"height\":1187},{\"@type\":\"BreadcrumbList\",\"@id\":\"https:\\\/\\\/af.ca\\\/ottawa\\\/qui-sommes-nous\\\/#breadcrumb\",\"itemListElement\":[{\"@type\":\"ListItem\",\"position\":1,\"name\":\"Home\",\"item\":\"https:\\\/\\\/af.ca\\\/ottawa\\\/\"},{\"@type\":\"ListItem\",\"position\":2,\"name\":\"Qui sommes-nous?\"}]},{\"@type\":\"WebSite\",\"@id\":\"https:\\\/\\\/af.ca\\\/ottawa\\\/#website\",\"url\":\"https:\\\/\\\/af.ca\\\/ottawa\\\/\",\"name\":\"Alliance Fran\u00e7aise Ottawa\",\"description\":\"\u00c9cole de langue fran\u00e7aise et centre culturel\",\"potentialAction\":[{\"@type\":\"SearchAction\",\"target\":{\"@type\":\"EntryPoint\",\"urlTemplate\":\"https:\\\/\\\/af.ca\\\/ottawa\\\/?s={search_term_string}\"},\"query-input\":{\"@type\":\"PropertyValueSpecification\",\"valueRequired\":true,\"valueName\":\"search_term_string\"}}],\"inLanguage\":\"fr-FR\"}]}<\/script>\n<!-- \/ Yoast SEO plugin. -->","yoast_head_json":{"title":"Qui sommes-nous? - Alliance Fran\u00e7aise Ottawa","description":"les Alliances Fran\u00e7aises sont des organismes \u00e0 but non lucratif de droit local ; l\u2019Alliance Fran\u00e7aise Ottawa est une association canadienne cr\u00e9\u00e9e en 1905.","robots":{"index":"index","follow":"follow","max-snippet":"max-snippet:-1","max-image-preview":"max-image-preview:large","max-video-preview":"max-video-preview:-1"},"canonical":"https:\/\/af.ca\/ottawa\/qui-sommes-nous\/","og_locale":"fr_FR","og_type":"article","og_title":"Qui sommes-nous? - Alliance Fran\u00e7aise Ottawa","og_description":"les Alliances Fran\u00e7aises sont des organismes \u00e0 but non lucratif de droit local ; l\u2019Alliance Fran\u00e7aise Ottawa est une association canadienne cr\u00e9\u00e9e en 1905.","og_url":"https:\/\/af.ca\/ottawa\/qui-sommes-nous\/","og_site_name":"Alliance Fran\u00e7aise Ottawa","article_modified_time":"2026-03-05T17:50:32+00:00","og_image":[{"width":1347,"height":1187,"url":"https:\/\/af.ca\/ottawa\/wp-content\/uploads\/2022\/11\/Photo-de-lAF-Ottawa-Copie.jpg","type":"image\/jpeg"}],"twitter_card":"summary_large_image","twitter_misc":{"Dur\u00e9e de lecture estim\u00e9e":"3 minutes"},"schema":{"@context":"https:\/\/schema.org","@graph":[{"@type":"WebPage","@id":"https:\/\/af.ca\/ottawa\/qui-sommes-nous\/","url":"https:\/\/af.ca\/ottawa\/qui-sommes-nous\/","name":"Qui sommes-nous? - Alliance Fran\u00e7aise Ottawa","isPartOf":{"@id":"https:\/\/af.ca\/ottawa\/#website"},"primaryImageOfPage":{"@id":"https:\/\/af.ca\/ottawa\/qui-sommes-nous\/#primaryimage"},"image":{"@id":"https:\/\/af.ca\/ottawa\/qui-sommes-nous\/#primaryimage"},"thumbnailUrl":"https:\/\/af.ca\/ottawa\/wp-content\/uploads\/2022\/11\/Photo-de-lAF-Ottawa-Copie-300x264.jpg","datePublished":"2023-12-05T21:51:22+00:00","dateModified":"2026-03-05T17:50:32+00:00","description":"les Alliances Fran\u00e7aises sont des organismes \u00e0 but non lucratif de droit local ; l\u2019Alliance Fran\u00e7aise Ottawa est une association canadienne cr\u00e9\u00e9e en 1905.","breadcrumb":{"@id":"https:\/\/af.ca\/ottawa\/qui-sommes-nous\/#breadcrumb"},"inLanguage":"fr-FR","potentialAction":[{"@type":"ReadAction","target":["https:\/\/af.ca\/ottawa\/qui-sommes-nous\/"]}]},{"@type":"ImageObject","inLanguage":"fr-FR","@id":"https:\/\/af.ca\/ottawa\/qui-sommes-nous\/#primaryimage","url":"https:\/\/af.ca\/ottawa\/wp-content\/uploads\/2022\/11\/Photo-de-lAF-Ottawa-Copie.jpg","contentUrl":"https:\/\/af.ca\/ottawa\/wp-content\/uploads\/2022\/11\/Photo-de-lAF-Ottawa-Copie.jpg","width":1347,"height":1187},{"@type":"BreadcrumbList","@id":"https:\/\/af.ca\/ottawa\/qui-sommes-nous\/#breadcrumb","itemListElement":[{"@type":"ListItem","position":1,"name":"Home","item":"https:\/\/af.ca\/ottawa\/"},{"@type":"ListItem","position":2,"name":"Qui sommes-nous?"}]},{"@type":"WebSite","@id":"https:\/\/af.ca\/ottawa\/#website","url":"https:\/\/af.ca\/ottawa\/","name":"Alliance Fran\u00e7aise Ottawa","description":"\u00c9cole de langue fran\u00e7aise et centre culturel","potentialAction":[{"@type":"SearchAction","target":{"@type":"EntryPoint","urlTemplate":"https:\/\/af.ca\/ottawa\/?s={search_term_string}"},"query-input":{"@type":"PropertyValueSpecification","valueRequired":true,"valueName":"search_term_string"}}],"inLanguage":"fr-FR"}]}},"blog_post_layout_featured_media_urls":{"thumbnail":"","full":""},"categories_names":null,"comments_number":"0","_links":{"self":[{"href":"https:\/\/af.ca\/ottawa\/wp-json\/wp\/v2\/pages\/2437","targetHints":{"allow":["GET"]}}],"collection":[{"href":"https:\/\/af.ca\/ottawa\/wp-json\/wp\/v2\/pages"}],"about":[{"href":"https:\/\/af.ca\/ottawa\/wp-json\/wp\/v2\/types\/page"}],"author":[{"embeddable":true,"href":"https:\/\/af.ca\/ottawa\/wp-json\/wp\/v2\/users\/6"}],"replies":[{"embeddable":true,"href":"https:\/\/af.ca\/ottawa\/wp-json\/wp\/v2\/comments?post=2437"}],"version-history":[{"count":2,"href":"https:\/\/af.ca\/ottawa\/wp-json\/wp\/v2\/pages\/2437\/revisions"}],"predecessor-version":[{"id":25200,"href":"https:\/\/af.ca\/ottawa\/wp-json\/wp\/v2\/pages\/2437\/revisions\/25200"}],"wp:attachment":[{"href":"https:\/\/af.ca\/ottawa\/wp-json\/wp\/v2\/media?parent=2437"}],"curies":[{"name":"wp","href":"https:\/\/api.w.org\/{rel}","templated":true}]}}