{"id":24463,"date":"2025-11-19T12:00:01","date_gmt":"2025-11-19T17:00:01","guid":{"rendered":"https:\/\/af.ca\/ottawa\/?page_id=24463"},"modified":"2025-11-20T05:10:13","modified_gmt":"2025-11-20T10:10:13","slug":"journee-des-professeurs-de-francais","status":"publish","type":"page","link":"https:\/\/af.ca\/ottawa\/journee-des-professeurs-de-francais\/","title":{"rendered":"Journ\u00e9e des professeurs de fran\u00e7ais"},"content":{"rendered":"<p><iframe style=\"height: 600px; border: none;\" src=\"https:\/\/cdn.wordart.com\/iframe\/rvbum6bb9h2m\"><\/iframe><\/p>\n<div class=\"x_elementToProof\"><span data-olk-copy-source=\"MessageBody\">Aujourd\u2019hui, nous c\u00e9l\u00e9brons la Journ\u00e9e internationale des professeurs de fran\u00e7ais !<\/span><\/div>\n<div><\/div>\n<div class=\"x_elementToProof\">\u00c0\u00a0travers toutes les Alliances Fran\u00e7aises du Canada, nous avons uni nos voix pour remercier celles et ceux qui transmettent chaque jour la langue fran\u00e7aise avec passion, cr\u00e9ativit\u00e9 et bienveillance.<\/div>\n<div class=\"x_elementToProof\">\n<p>Merci \u00e0 tous nos profs de fran\u00e7ais, v\u00e9ritables ambassadeurs de la francophonie au Canada. Vous \u00eates au c\u0153ur de nos missions.<\/p>\n<p>Cette affiche est compos\u00e9e des mots pr\u00e9f\u00e9r\u00e9s de nos \u00e9quipes enseignantes.<\/p>\n<\/div>\n<div><\/div>\n<div class=\"x_elementToProof\">Pour l\u2019occasion, nous avons aussi cr\u00e9\u00e9 une <a href=\"https:\/\/open.spotify.com\/playlist\/3y5QvguxwJfbaTOLDFrfXj?si=BU2o-NAwTsmFD14yTYRRJA&amp;pi=_C6YV--cTcaNI&amp;nd=1&amp;dlsi=385864e6fa3043f7\">playlist sp\u00e9ciale sur Spotify<\/a><\/div>\n","protected":false},"excerpt":{"rendered":"<p>Aujourd\u2019hui, nous c\u00e9l\u00e9brons la Journ\u00e9e internationale des professeurs de fran\u00e7ais ! \u00c0\u00a0travers toutes les Alliances Fran\u00e7aises du Canada, nous avons uni nos voix pour remercier celles et ceux qui transmettent chaque jour la langue fran\u00e7aise avec passion, cr\u00e9ativit\u00e9 et bienveillance. Merci \u00e0 tous nos profs de fran\u00e7ais, v\u00e9ritables ambassadeurs de la francophonie au Canada. Vous&#8230;<\/p>\n<p><a class=\"button invert-primary\" href=\"https:\/\/af.ca\/ottawa\/journee-des-professeurs-de-francais\/\">En savoir plus<\/a><\/p>\n","protected":false},"author":3,"featured_media":0,"parent":0,"menu_order":42,"comment_status":"closed","ping_status":"closed","template":"","meta":{"_acf_changed":false,"om_disable_all_campaigns":false,"_monsterinsights_skip_tracking":false,"_monsterinsights_sitenote_active":false,"_monsterinsights_sitenote_note":"","_monsterinsights_sitenote_category":0,"footnotes":""},"class_list":["post-24463","page","type-page","status-publish","hentry"],"acf":[],"yoast_head":"<!-- This site is optimized with the Yoast SEO plugin v27.4 - https:\/\/yoast.com\/product\/yoast-seo-wordpress\/ -->\n<title>Journ\u00e9e des professeurs de fran\u00e7ais - Alliance Fran\u00e7aise Ottawa<\/title>\n<meta name=\"description\" content=\"Nous vous offrons aujourd\u2019hui une liste d\u2019activit\u00e9s \u00e0 faire \u00e0 Ottawa en fran\u00e7ais pendant le printemps, en plein air ou \u00e0 l\u2019int\u00e9rieur.\" \/>\n<meta name=\"robots\" content=\"index, follow, max-snippet:-1, max-image-preview:large, max-video-preview:-1\" \/>\n<link rel=\"canonical\" href=\"https:\/\/af.ca\/ottawa\/journee-des-professeurs-de-francais\/\" \/>\n<meta property=\"og:locale\" content=\"fr_FR\" \/>\n<meta property=\"og:type\" content=\"article\" \/>\n<meta property=\"og:title\" content=\"Activit\u00e9s \u00e0 Ottawa en fran\u00e7ais pendant le printemps\" \/>\n<meta property=\"og:description\" content=\"Nous vous offrons aujourd\u2019hui une liste d\u2019activit\u00e9s \u00e0 faire \u00e0 Ottawa en fran\u00e7ais pendant le printemps, en plein air ou \u00e0 l\u2019int\u00e9rieur.\" \/>\n<meta property=\"og:url\" content=\"https:\/\/af.ca\/ottawa\/journee-des-professeurs-de-francais\/\" \/>\n<meta property=\"og:site_name\" content=\"Alliance Fran\u00e7aise Ottawa\" \/>\n<meta property=\"article:modified_time\" content=\"2025-11-20T10:10:13+00:00\" \/>\n<meta property=\"og:image\" content=\"https:\/\/af.ca\/ottawa\/wp-content\/uploads\/2024\/04\/Banniere-Blogue-Printemps-fr-1024x576.png\" \/>\n\t<meta property=\"og:image:width\" content=\"1024\" \/>\n\t<meta property=\"og:image:height\" content=\"576\" \/>\n\t<meta property=\"og:image:type\" content=\"image\/png\" \/>\n<meta name=\"twitter:card\" content=\"summary_large_image\" \/>\n<meta name=\"twitter:label1\" content=\"Dur\u00e9e de lecture estim\u00e9e\" \/>\n\t<meta name=\"twitter:data1\" content=\"1 minute\" \/>\n<script type=\"application\/ld+json\" class=\"yoast-schema-graph\">{\"@context\":\"https:\\\/\\\/schema.org\",\"@graph\":[{\"@type\":\"WebPage\",\"@id\":\"https:\\\/\\\/af.ca\\\/ottawa\\\/journee-des-professeurs-de-francais\\\/\",\"url\":\"https:\\\/\\\/af.ca\\\/ottawa\\\/journee-des-professeurs-de-francais\\\/\",\"name\":\"Journ\u00e9e des professeurs de fran\u00e7ais - Alliance Fran\u00e7aise Ottawa\",\"isPartOf\":{\"@id\":\"https:\\\/\\\/af.ca\\\/ottawa\\\/#website\"},\"datePublished\":\"2025-11-19T17:00:01+00:00\",\"dateModified\":\"2025-11-20T10:10:13+00:00\",\"description\":\"Nous vous offrons aujourd\u2019hui une liste d\u2019activit\u00e9s \u00e0 faire \u00e0 Ottawa en fran\u00e7ais pendant le printemps, en plein air ou \u00e0 l\u2019int\u00e9rieur.\",\"breadcrumb\":{\"@id\":\"https:\\\/\\\/af.ca\\\/ottawa\\\/journee-des-professeurs-de-francais\\\/#breadcrumb\"},\"inLanguage\":\"fr-FR\",\"potentialAction\":[{\"@type\":\"ReadAction\",\"target\":[\"https:\\\/\\\/af.ca\\\/ottawa\\\/journee-des-professeurs-de-francais\\\/\"]}]},{\"@type\":\"BreadcrumbList\",\"@id\":\"https:\\\/\\\/af.ca\\\/ottawa\\\/journee-des-professeurs-de-francais\\\/#breadcrumb\",\"itemListElement\":[{\"@type\":\"ListItem\",\"position\":1,\"name\":\"Home\",\"item\":\"https:\\\/\\\/af.ca\\\/ottawa\\\/\"},{\"@type\":\"ListItem\",\"position\":2,\"name\":\"Journ\u00e9e des professeurs de fran\u00e7ais\"}]},{\"@type\":\"WebSite\",\"@id\":\"https:\\\/\\\/af.ca\\\/ottawa\\\/#website\",\"url\":\"https:\\\/\\\/af.ca\\\/ottawa\\\/\",\"name\":\"Alliance Fran\u00e7aise Ottawa\",\"description\":\"\u00c9cole de langue fran\u00e7aise et centre culturel\",\"potentialAction\":[{\"@type\":\"SearchAction\",\"target\":{\"@type\":\"EntryPoint\",\"urlTemplate\":\"https:\\\/\\\/af.ca\\\/ottawa\\\/?s={search_term_string}\"},\"query-input\":{\"@type\":\"PropertyValueSpecification\",\"valueRequired\":true,\"valueName\":\"search_term_string\"}}],\"inLanguage\":\"fr-FR\"}]}<\/script>\n<!-- \/ Yoast SEO plugin. -->","yoast_head_json":{"title":"Journ\u00e9e des professeurs de fran\u00e7ais - Alliance Fran\u00e7aise Ottawa","description":"Nous vous offrons aujourd\u2019hui une liste d\u2019activit\u00e9s \u00e0 faire \u00e0 Ottawa en fran\u00e7ais pendant le printemps, en plein air ou \u00e0 l\u2019int\u00e9rieur.","robots":{"index":"index","follow":"follow","max-snippet":"max-snippet:-1","max-image-preview":"max-image-preview:large","max-video-preview":"max-video-preview:-1"},"canonical":"https:\/\/af.ca\/ottawa\/journee-des-professeurs-de-francais\/","og_locale":"fr_FR","og_type":"article","og_title":"Activit\u00e9s \u00e0 Ottawa en fran\u00e7ais pendant le printemps","og_description":"Nous vous offrons aujourd\u2019hui une liste d\u2019activit\u00e9s \u00e0 faire \u00e0 Ottawa en fran\u00e7ais pendant le printemps, en plein air ou \u00e0 l\u2019int\u00e9rieur.","og_url":"https:\/\/af.ca\/ottawa\/journee-des-professeurs-de-francais\/","og_site_name":"Alliance Fran\u00e7aise Ottawa","article_modified_time":"2025-11-20T10:10:13+00:00","og_image":[{"width":1024,"height":576,"url":"https:\/\/af.ca\/ottawa\/wp-content\/uploads\/2024\/04\/Banniere-Blogue-Printemps-fr-1024x576.png","type":"image\/png"}],"twitter_card":"summary_large_image","twitter_misc":{"Dur\u00e9e de lecture estim\u00e9e":"1 minute"},"schema":{"@context":"https:\/\/schema.org","@graph":[{"@type":"WebPage","@id":"https:\/\/af.ca\/ottawa\/journee-des-professeurs-de-francais\/","url":"https:\/\/af.ca\/ottawa\/journee-des-professeurs-de-francais\/","name":"Journ\u00e9e des professeurs de fran\u00e7ais - Alliance Fran\u00e7aise Ottawa","isPartOf":{"@id":"https:\/\/af.ca\/ottawa\/#website"},"datePublished":"2025-11-19T17:00:01+00:00","dateModified":"2025-11-20T10:10:13+00:00","description":"Nous vous offrons aujourd\u2019hui une liste d\u2019activit\u00e9s \u00e0 faire \u00e0 Ottawa en fran\u00e7ais pendant le printemps, en plein air ou \u00e0 l\u2019int\u00e9rieur.","breadcrumb":{"@id":"https:\/\/af.ca\/ottawa\/journee-des-professeurs-de-francais\/#breadcrumb"},"inLanguage":"fr-FR","potentialAction":[{"@type":"ReadAction","target":["https:\/\/af.ca\/ottawa\/journee-des-professeurs-de-francais\/"]}]},{"@type":"BreadcrumbList","@id":"https:\/\/af.ca\/ottawa\/journee-des-professeurs-de-francais\/#breadcrumb","itemListElement":[{"@type":"ListItem","position":1,"name":"Home","item":"https:\/\/af.ca\/ottawa\/"},{"@type":"ListItem","position":2,"name":"Journ\u00e9e des professeurs de fran\u00e7ais"}]},{"@type":"WebSite","@id":"https:\/\/af.ca\/ottawa\/#website","url":"https:\/\/af.ca\/ottawa\/","name":"Alliance Fran\u00e7aise Ottawa","description":"\u00c9cole de langue fran\u00e7aise et centre culturel","potentialAction":[{"@type":"SearchAction","target":{"@type":"EntryPoint","urlTemplate":"https:\/\/af.ca\/ottawa\/?s={search_term_string}"},"query-input":{"@type":"PropertyValueSpecification","valueRequired":true,"valueName":"search_term_string"}}],"inLanguage":"fr-FR"}]}},"blog_post_layout_featured_media_urls":{"thumbnail":"","full":""},"categories_names":null,"comments_number":"0","_links":{"self":[{"href":"https:\/\/af.ca\/ottawa\/wp-json\/wp\/v2\/pages\/24463","targetHints":{"allow":["GET"]}}],"collection":[{"href":"https:\/\/af.ca\/ottawa\/wp-json\/wp\/v2\/pages"}],"about":[{"href":"https:\/\/af.ca\/ottawa\/wp-json\/wp\/v2\/types\/page"}],"author":[{"embeddable":true,"href":"https:\/\/af.ca\/ottawa\/wp-json\/wp\/v2\/users\/3"}],"replies":[{"embeddable":true,"href":"https:\/\/af.ca\/ottawa\/wp-json\/wp\/v2\/comments?post=24463"}],"version-history":[{"count":4,"href":"https:\/\/af.ca\/ottawa\/wp-json\/wp\/v2\/pages\/24463\/revisions"}],"predecessor-version":[{"id":24483,"href":"https:\/\/af.ca\/ottawa\/wp-json\/wp\/v2\/pages\/24463\/revisions\/24483"}],"wp:attachment":[{"href":"https:\/\/af.ca\/ottawa\/wp-json\/wp\/v2\/media?parent=24463"}],"curies":[{"name":"wp","href":"https:\/\/api.w.org\/{rel}","templated":true}]}}