{"id":25033,"date":"2026-02-09T13:26:24","date_gmt":"2026-02-09T18:26:24","guid":{"rendered":"https:\/\/af.ca\/ottawa\/?page_id=25033"},"modified":"2026-04-01T11:35:52","modified_gmt":"2026-04-01T15:35:52","slug":"cours-de-groupe-pour-adolescents","status":"publish","type":"page","link":"https:\/\/af.ca\/ottawa\/cours-de-groupe-pour-adolescents\/","title":{"rendered":"Cours de groupe pour adolescents"},"content":{"rendered":"<p><a href=\"https:\/\/af.ca\/ottawa\/wp-content\/uploads\/2026\/02\/MeetUpEventbrit-2-1.png\"><img loading=\"lazy\" decoding=\"async\" class=\"alignnone wp-image-25037\" src=\"https:\/\/af.ca\/ottawa\/wp-content\/uploads\/2026\/02\/MeetUpEventbrit-2-1-300x168.png\" alt=\"\" width=\"714\" height=\"400\" srcset=\"https:\/\/af.ca\/ottawa\/wp-content\/uploads\/2026\/02\/MeetUpEventbrit-2-1-300x168.png 300w, https:\/\/af.ca\/ottawa\/wp-content\/uploads\/2026\/02\/MeetUpEventbrit-2-1-1024x575.png 1024w, https:\/\/af.ca\/ottawa\/wp-content\/uploads\/2026\/02\/MeetUpEventbrit-2-1-768x431.png 768w, https:\/\/af.ca\/ottawa\/wp-content\/uploads\/2026\/02\/MeetUpEventbrit-2-1-1536x862.png 1536w, https:\/\/af.ca\/ottawa\/wp-content\/uploads\/2026\/02\/MeetUpEventbrit-2-1.png 2000w\" sizes=\"auto, (max-width: 714px) 100vw, 714px\" \/><\/a><\/p>\n<p><span style=\"color: #ff0000;\"><a style=\"color: #ff0000;\" href=\"https:\/\/af.ca\/ottawa\/wp-content\/uploads\/2026\/04\/Calendrier-BLOSSOM-KIDS-2026.pdf\"><strong>CALENDRIER DE LA SESSION BLOSSOM<\/strong><\/a><\/span><\/p>\n<p><span style=\"color: #ff0000;\"><strong>La session BLOSSOM 2026 :\u00a0 du 14 avril au 8 juillet<\/strong><\/span><\/p>\n<p>Offrez \u00e0 votre adolescent bien plus qu\u2019un cours de langue : offrez lui\u2011lui une exp\u00e9rience interactive et stimulante, con\u00e7ue pour donner confiance, encourager l\u2019expression orale et favoriser une progression naturelle et durable.<\/p>\n<p>Alliance fran\u00e7aise Ottawa propose des cours de fran\u00e7ais 100 % en ligne, du niveau d\u00e9butant complet \u00e0 interm\u00e9diaire, <em>(ce dernier disponible d\u00e8s l\u2019automne 2026),<\/em> dans un environnement bienveillant o\u00f9 chaque jeune peut s\u2019\u00e9panouir et apprendre \u00e0 son rythme.<\/p>\n<h2><span style=\"color: #ff0000;\">Une m\u00e9thode pens\u00e9e pour les adolescents<\/span><\/h2>\n<p>Les cours s\u2019appuient sur la m\u00e9thode <em>Imagine<\/em>, sp\u00e9cialement con\u00e7ue pour les 12\u201315 ans.<br \/>\nGr\u00e2ce \u00e0 une approche moderne et participative, les \u00e9l\u00e8ves :<\/p>\n<ul>\n<li>parlent fran\u00e7ais d\u00e8s les premi\u00e8res s\u00e9ances ;<\/li>\n<li>collaborent dans des activit\u00e9s stimulantes ;<\/li>\n<li>d\u00e9veloppent des comp\u00e9tences solides, surtout \u00e0 l\u2019oral ;<\/li>\n<li>int\u00e8grent la grammaire naturellement \u00e0 travers des situations r\u00e9elles.<\/li>\n<\/ul>\n<p>Les cours sont vivants, interactifs et centr\u00e9s sur ce qui motive vraiment les ados.<\/p>\n<h2><span style=\"color: #ff0000;\">Un projet collectif motivant : cr\u00e9er une BD<\/span><\/h2>\n<p>Tout au long de la session, les \u00e9l\u00e8ves participent \u00e0 un projet fil rouge : la cr\u00e9ation d\u2019une bande dessin\u00e9e collective.<\/p>\n<p>Ce projet permet de :<\/p>\n<ul>\n<li>r\u00e9investir les apprentissages de mani\u00e8re cr\u00e9ative ;<\/li>\n<li>travailler en \u00e9quipe dans un cadre ludique ;<\/li>\n<li>structurer des id\u00e9es et gagner en confiance ;<\/li>\n<li>laisser une trace concr\u00e8te de leur progression.<\/li>\n<\/ul>\n<p>\u00c0 la fin de la session, chaque groupe finalise sa propre BD, un projet unique qui refl\u00e8te leurs efforts et leurs progr\u00e8s. Et chaque \u00e9l\u00e8ve repart avec son propre exemplaire \u00e0 conserver en souvenir de son parcours.<\/p>\n<h2><span style=\"color: #ff0000;\">Pourquoi choisir nos cours ?<\/span><\/h2>\n<ul>\n<li>Une p\u00e9dagogie moderne, adapt\u00e9e aux adolescents<\/li>\n<li>Un cadre bienveillant et motivant<\/li>\n<li>Des activit\u00e9s interactives qui donnent envie de parler<\/li>\n<li>Un projet cr\u00e9atif qui f\u00e9d\u00e8re le groupe<\/li>\n<li>Une progression efficace, naturelle et valorisante<\/li>\n<li>Une \u00e9quipe experte dans l\u2019enseignement du fran\u00e7ais<\/li>\n<\/ul>\n<p><strong>D\u00e9couvrez les niveaux disponibles et inscrivez votre enfant d\u00e8s aujourd\u2019hui !<\/strong><\/p>\n<p>&nbsp;<\/p>\n<h2><span style=\"color: #ff0000;\"><strong>Test d\u2019orientation<\/strong><\/span><\/h2>\n<p>Si votre enfant poss\u00e8de d\u00e9j\u00e0 des bases en fran\u00e7ais, un test d\u2019orientation rapide permet de d\u00e9terminer le groupe le plus appropri\u00e9 pour garantir un apprentissage optimal. En revanche, si votre enfant est d\u00e9butant complet, il peut s\u2019inscrire directement au niveau A1.1 sans passer de test.<\/p>\n<div class='kiosque-aec'><ngx-element\n selector='showProducts'\n data-product-type='23'\n data-etablishment-branch-id=''\n data-show-category-title=''\n data-lang='fr_FR'><\/ngx-element><\/div>\n","protected":false},"excerpt":{"rendered":"<p>CALENDRIER DE LA SESSION BLOSSOM La session BLOSSOM 2026 :\u00a0 du 14 avril au 8 juillet Offrez \u00e0 votre adolescent bien plus qu\u2019un cours de langue : offrez lui\u2011lui une exp\u00e9rience interactive et stimulante, con\u00e7ue pour donner confiance, encourager l\u2019expression orale et favoriser une progression naturelle et durable. Alliance fran\u00e7aise Ottawa propose des cours de&#8230;<\/p>\n<p><a class=\"button invert-primary\" href=\"https:\/\/af.ca\/ottawa\/cours-de-groupe-pour-adolescents\/\">En savoir plus<\/a><\/p>\n","protected":false},"author":3,"featured_media":0,"parent":0,"menu_order":23,"comment_status":"closed","ping_status":"closed","template":"templates\/cours.php","meta":{"_acf_changed":false,"om_disable_all_campaigns":false,"_monsterinsights_skip_tracking":false,"_monsterinsights_sitenote_active":false,"_monsterinsights_sitenote_note":"","_monsterinsights_sitenote_category":0,"footnotes":""},"class_list":["post-25033","page","type-page","status-publish","hentry"],"acf":[],"yoast_head":"<!-- This site is optimized with the Yoast SEO plugin v27.3 - https:\/\/yoast.com\/product\/yoast-seo-wordpress\/ -->\n<title>Cours de groupe pour adolescents - Alliance Fran\u00e7aise Ottawa<\/title>\n<meta name=\"description\" content=\"Cours de fran\u00e7ais pour enfants interactifs, amusants et stimulants qui allient l&#039;enseignement traditionnel \u00e0 des activit\u00e9s cr\u00e9atives.\u00a0\" \/>\n<meta name=\"robots\" content=\"index, follow, max-snippet:-1, max-image-preview:large, max-video-preview:-1\" \/>\n<link rel=\"canonical\" href=\"https:\/\/af.ca\/ottawa\/cours-de-groupe-pour-adolescents\/\" \/>\n<meta property=\"og:locale\" content=\"fr_FR\" \/>\n<meta property=\"og:type\" content=\"article\" \/>\n<meta property=\"og:title\" content=\"Cours de fran\u00e7ais pour enfants\" \/>\n<meta property=\"og:description\" content=\"Cours de fran\u00e7ais pour enfants interactifs, amusants et stimulants qui allient l&#039;enseignement traditionnel \u00e0 des activit\u00e9s cr\u00e9atives.\u00a0\" \/>\n<meta property=\"og:url\" content=\"https:\/\/af.ca\/ottawa\/cours-de-groupe-pour-adolescents\/\" \/>\n<meta property=\"og:site_name\" content=\"Alliance Fran\u00e7aise Ottawa\" \/>\n<meta property=\"article:modified_time\" content=\"2026-04-01T15:35:52+00:00\" \/>\n<meta property=\"og:image\" content=\"https:\/\/af.ca\/ottawa\/wp-content\/uploads\/2024\/06\/Image-principale-1024x576.png\" \/>\n\t<meta property=\"og:image:width\" content=\"1024\" \/>\n\t<meta property=\"og:image:height\" content=\"576\" \/>\n\t<meta property=\"og:image:type\" content=\"image\/png\" \/>\n<meta name=\"twitter:card\" content=\"summary_large_image\" \/>\n<meta name=\"twitter:label1\" content=\"Dur\u00e9e de lecture estim\u00e9e\" \/>\n\t<meta name=\"twitter:data1\" content=\"2 minutes\" \/>\n<script type=\"application\/ld+json\" class=\"yoast-schema-graph\">{\"@context\":\"https:\\\/\\\/schema.org\",\"@graph\":[{\"@type\":\"WebPage\",\"@id\":\"https:\\\/\\\/af.ca\\\/ottawa\\\/cours-de-groupe-pour-adolescents\\\/\",\"url\":\"https:\\\/\\\/af.ca\\\/ottawa\\\/cours-de-groupe-pour-adolescents\\\/\",\"name\":\"Cours de groupe pour adolescents - Alliance Fran\u00e7aise Ottawa\",\"isPartOf\":{\"@id\":\"https:\\\/\\\/af.ca\\\/ottawa\\\/#website\"},\"primaryImageOfPage\":{\"@id\":\"https:\\\/\\\/af.ca\\\/ottawa\\\/cours-de-groupe-pour-adolescents\\\/#primaryimage\"},\"image\":{\"@id\":\"https:\\\/\\\/af.ca\\\/ottawa\\\/cours-de-groupe-pour-adolescents\\\/#primaryimage\"},\"thumbnailUrl\":\"https:\\\/\\\/af.ca\\\/ottawa\\\/wp-content\\\/uploads\\\/2026\\\/02\\\/MeetUpEventbrit-2-1-300x168.png\",\"datePublished\":\"2026-02-09T18:26:24+00:00\",\"dateModified\":\"2026-04-01T15:35:52+00:00\",\"description\":\"Cours de fran\u00e7ais pour enfants interactifs, amusants et stimulants qui allient l'enseignement traditionnel \u00e0 des activit\u00e9s cr\u00e9atives.\u00a0\",\"breadcrumb\":{\"@id\":\"https:\\\/\\\/af.ca\\\/ottawa\\\/cours-de-groupe-pour-adolescents\\\/#breadcrumb\"},\"inLanguage\":\"fr-FR\",\"potentialAction\":[{\"@type\":\"ReadAction\",\"target\":[\"https:\\\/\\\/af.ca\\\/ottawa\\\/cours-de-groupe-pour-adolescents\\\/\"]}]},{\"@type\":\"ImageObject\",\"inLanguage\":\"fr-FR\",\"@id\":\"https:\\\/\\\/af.ca\\\/ottawa\\\/cours-de-groupe-pour-adolescents\\\/#primaryimage\",\"url\":\"https:\\\/\\\/af.ca\\\/ottawa\\\/wp-content\\\/uploads\\\/2026\\\/02\\\/MeetUpEventbrit-2-1.png\",\"contentUrl\":\"https:\\\/\\\/af.ca\\\/ottawa\\\/wp-content\\\/uploads\\\/2026\\\/02\\\/MeetUpEventbrit-2-1.png\",\"width\":2000,\"height\":1123},{\"@type\":\"BreadcrumbList\",\"@id\":\"https:\\\/\\\/af.ca\\\/ottawa\\\/cours-de-groupe-pour-adolescents\\\/#breadcrumb\",\"itemListElement\":[{\"@type\":\"ListItem\",\"position\":1,\"name\":\"Home\",\"item\":\"https:\\\/\\\/af.ca\\\/ottawa\\\/\"},{\"@type\":\"ListItem\",\"position\":2,\"name\":\"Cours de groupe pour adolescents\"}]},{\"@type\":\"WebSite\",\"@id\":\"https:\\\/\\\/af.ca\\\/ottawa\\\/#website\",\"url\":\"https:\\\/\\\/af.ca\\\/ottawa\\\/\",\"name\":\"Alliance Fran\u00e7aise Ottawa\",\"description\":\"\u00c9cole de langue fran\u00e7aise et centre culturel\",\"potentialAction\":[{\"@type\":\"SearchAction\",\"target\":{\"@type\":\"EntryPoint\",\"urlTemplate\":\"https:\\\/\\\/af.ca\\\/ottawa\\\/?s={search_term_string}\"},\"query-input\":{\"@type\":\"PropertyValueSpecification\",\"valueRequired\":true,\"valueName\":\"search_term_string\"}}],\"inLanguage\":\"fr-FR\"}]}<\/script>\n<!-- \/ Yoast SEO plugin. -->","yoast_head_json":{"title":"Cours de groupe pour adolescents - Alliance Fran\u00e7aise Ottawa","description":"Cours de fran\u00e7ais pour enfants interactifs, amusants et stimulants qui allient l'enseignement traditionnel \u00e0 des activit\u00e9s cr\u00e9atives.\u00a0","robots":{"index":"index","follow":"follow","max-snippet":"max-snippet:-1","max-image-preview":"max-image-preview:large","max-video-preview":"max-video-preview:-1"},"canonical":"https:\/\/af.ca\/ottawa\/cours-de-groupe-pour-adolescents\/","og_locale":"fr_FR","og_type":"article","og_title":"Cours de fran\u00e7ais pour enfants","og_description":"Cours de fran\u00e7ais pour enfants interactifs, amusants et stimulants qui allient l'enseignement traditionnel \u00e0 des activit\u00e9s cr\u00e9atives.\u00a0","og_url":"https:\/\/af.ca\/ottawa\/cours-de-groupe-pour-adolescents\/","og_site_name":"Alliance Fran\u00e7aise Ottawa","article_modified_time":"2026-04-01T15:35:52+00:00","og_image":[{"width":1024,"height":576,"url":"https:\/\/af.ca\/ottawa\/wp-content\/uploads\/2024\/06\/Image-principale-1024x576.png","type":"image\/png"}],"twitter_card":"summary_large_image","twitter_misc":{"Dur\u00e9e de lecture estim\u00e9e":"2 minutes"},"schema":{"@context":"https:\/\/schema.org","@graph":[{"@type":"WebPage","@id":"https:\/\/af.ca\/ottawa\/cours-de-groupe-pour-adolescents\/","url":"https:\/\/af.ca\/ottawa\/cours-de-groupe-pour-adolescents\/","name":"Cours de groupe pour adolescents - Alliance Fran\u00e7aise Ottawa","isPartOf":{"@id":"https:\/\/af.ca\/ottawa\/#website"},"primaryImageOfPage":{"@id":"https:\/\/af.ca\/ottawa\/cours-de-groupe-pour-adolescents\/#primaryimage"},"image":{"@id":"https:\/\/af.ca\/ottawa\/cours-de-groupe-pour-adolescents\/#primaryimage"},"thumbnailUrl":"https:\/\/af.ca\/ottawa\/wp-content\/uploads\/2026\/02\/MeetUpEventbrit-2-1-300x168.png","datePublished":"2026-02-09T18:26:24+00:00","dateModified":"2026-04-01T15:35:52+00:00","description":"Cours de fran\u00e7ais pour enfants interactifs, amusants et stimulants qui allient l'enseignement traditionnel \u00e0 des activit\u00e9s cr\u00e9atives.\u00a0","breadcrumb":{"@id":"https:\/\/af.ca\/ottawa\/cours-de-groupe-pour-adolescents\/#breadcrumb"},"inLanguage":"fr-FR","potentialAction":[{"@type":"ReadAction","target":["https:\/\/af.ca\/ottawa\/cours-de-groupe-pour-adolescents\/"]}]},{"@type":"ImageObject","inLanguage":"fr-FR","@id":"https:\/\/af.ca\/ottawa\/cours-de-groupe-pour-adolescents\/#primaryimage","url":"https:\/\/af.ca\/ottawa\/wp-content\/uploads\/2026\/02\/MeetUpEventbrit-2-1.png","contentUrl":"https:\/\/af.ca\/ottawa\/wp-content\/uploads\/2026\/02\/MeetUpEventbrit-2-1.png","width":2000,"height":1123},{"@type":"BreadcrumbList","@id":"https:\/\/af.ca\/ottawa\/cours-de-groupe-pour-adolescents\/#breadcrumb","itemListElement":[{"@type":"ListItem","position":1,"name":"Home","item":"https:\/\/af.ca\/ottawa\/"},{"@type":"ListItem","position":2,"name":"Cours de groupe pour adolescents"}]},{"@type":"WebSite","@id":"https:\/\/af.ca\/ottawa\/#website","url":"https:\/\/af.ca\/ottawa\/","name":"Alliance Fran\u00e7aise Ottawa","description":"\u00c9cole de langue fran\u00e7aise et centre culturel","potentialAction":[{"@type":"SearchAction","target":{"@type":"EntryPoint","urlTemplate":"https:\/\/af.ca\/ottawa\/?s={search_term_string}"},"query-input":{"@type":"PropertyValueSpecification","valueRequired":true,"valueName":"search_term_string"}}],"inLanguage":"fr-FR"}]}},"blog_post_layout_featured_media_urls":{"thumbnail":"","full":""},"categories_names":null,"comments_number":"0","_links":{"self":[{"href":"https:\/\/af.ca\/ottawa\/wp-json\/wp\/v2\/pages\/25033","targetHints":{"allow":["GET"]}}],"collection":[{"href":"https:\/\/af.ca\/ottawa\/wp-json\/wp\/v2\/pages"}],"about":[{"href":"https:\/\/af.ca\/ottawa\/wp-json\/wp\/v2\/types\/page"}],"author":[{"embeddable":true,"href":"https:\/\/af.ca\/ottawa\/wp-json\/wp\/v2\/users\/3"}],"replies":[{"embeddable":true,"href":"https:\/\/af.ca\/ottawa\/wp-json\/wp\/v2\/comments?post=25033"}],"version-history":[{"count":5,"href":"https:\/\/af.ca\/ottawa\/wp-json\/wp\/v2\/pages\/25033\/revisions"}],"predecessor-version":[{"id":25339,"href":"https:\/\/af.ca\/ottawa\/wp-json\/wp\/v2\/pages\/25033\/revisions\/25339"}],"wp:attachment":[{"href":"https:\/\/af.ca\/ottawa\/wp-json\/wp\/v2\/media?parent=25033"}],"curies":[{"name":"wp","href":"https:\/\/api.w.org\/{rel}","templated":true}]}}