{"id":25217,"date":"2026-03-10T11:21:27","date_gmt":"2026-03-10T15:21:27","guid":{"rendered":"https:\/\/af.ca\/ottawa\/?page_id=25217"},"modified":"2026-03-10T11:21:27","modified_gmt":"2026-03-10T15:21:27","slug":"femmes-francophones-engagees","status":"publish","type":"page","link":"https:\/\/af.ca\/ottawa\/femmes-francophones-engagees\/","title":{"rendered":"Femmes francophones engag\u00e9es : leurs voix pour la plan\u00e8te"},"content":{"rendered":"<p><a href=\"https:\/\/af.ca\/ottawa\/wp-content\/uploads\/2026\/03\/Bannieres-blogue.png\"><img loading=\"lazy\" decoding=\"async\" class=\"alignnone  wp-image-25209\" src=\"https:\/\/af.ca\/ottawa\/wp-content\/uploads\/2026\/03\/Bannieres-blogue-300x169.png\" alt=\"\" width=\"559\" height=\"315\" srcset=\"https:\/\/af.ca\/ottawa\/wp-content\/uploads\/2026\/03\/Bannieres-blogue-300x169.png 300w, https:\/\/af.ca\/ottawa\/wp-content\/uploads\/2026\/03\/Bannieres-blogue-1024x576.png 1024w, https:\/\/af.ca\/ottawa\/wp-content\/uploads\/2026\/03\/Bannieres-blogue-768x432.png 768w, https:\/\/af.ca\/ottawa\/wp-content\/uploads\/2026\/03\/Bannieres-blogue-1536x864.png 1536w, https:\/\/af.ca\/ottawa\/wp-content\/uploads\/2026\/03\/Bannieres-blogue.png 1920w\" sizes=\"auto, (max-width: 559px) 100vw, 559px\" \/><\/a><\/p>\n<div class=\"x_elementToProof\">\n<p>En parall\u00e8le de l\u2019exposition \u201c\u00c9claireuses\u201d, consacr\u00e9e \u00e0 des portraits de femmes scientifiques engag\u00e9es pour la pr\u00e9servation de l\u2019environnement, l\u2019Alliance Fran\u00e7aise d\u2019Ottawa organise une table ronde mettant \u00e0 l\u2019honneur quatre femmes de la r\u00e9gion, elles aussi engag\u00e9es pour l\u2019environnement.<\/p>\n<p>\u00c0 l\u2019occasion de la Journ\u00e9e internationale des droits des femmes, il nous semblait essentiel de c\u00e9l\u00e9brer des parcours inspirants et de rappeler ce que les combats f\u00e9ministes ont rendu possible : permettre aux femmes d\u2019aujourd\u2019hui de s\u2019engager pleinement, de d\u00e9fendre des causes qui leur tiennent \u00e0 c\u0153ur et de faire entendre leur voix.<\/p>\n<p>C\u2019est dans cet esprit qu\u2019est n\u00e9e l\u2019id\u00e9e d\u2019organiser une table ronde consacr\u00e9e aux enjeux environnementaux, en donnant la parole exclusivement \u00e0 des intervenantes. L\u2019objectif est double : faire \u00e9cho \u00e0 l\u2019exposition accueillie dans nos locaux depuis d\u00e9cembre, tout en inscrivant cette rencontre dans la volont\u00e9 de l\u2019Alliance Fran\u00e7aise d\u2019Ottawa de d\u00e9velopper une programmation culturelle engag\u00e9e autour des th\u00e9matiques environnementales.<\/p>\n<p>Le samedi 7 mars 2026, quatre femmes aux parcours vari\u00e9s partageront leur exp\u00e9rience. Elles \u00e9voqueront leur engagement pour la plan\u00e8te, mais aussi les d\u00e9fis sp\u00e9cifiques qu\u2019elles peuvent rencontrer en tant que femmes investies dans l\u2019espace public. La dimension francophone sera \u00e9galement au c\u0153ur des \u00e9changes : comment porter un engagement en fran\u00e7ais dans une ville majoritairement anglophone ? Quels obstacles suppl\u00e9mentaires cela peut-il repr\u00e9senter ?<\/p>\n<p>Les intervenantes incarnent chacune une forme d\u2019action concr\u00e8te :<\/p>\n<ul>\n<li>Une jeune dipl\u00f4m\u00e9e de master, cofondatrice d\u2019une association \u0153uvrant pour la justice climatique et l\u2019\u00e9quit\u00e9 sociale.<\/li>\n<li>Une ancienne ing\u00e9nieure dans le secteur nucl\u00e9aire, aujourd\u2019hui engag\u00e9e dans la transmission de savoirs autour du potager autonome, afin de favoriser une alimentation locale, durable et r\u00e9siliente.<\/li>\n<li>La troisi\u00e8me intervenante est une administratrice active d\u2019une association d\u2019Ottawa qui \u0153uvre au d\u00e9veloppement des mobilit\u00e9s douces et \u00e0 l\u2019expansion des infrastructures cyclables dans la ville.<\/li>\n<li>Enfin, la quatri\u00e8me intervenante est animatrice de la \u00ab Fresque du Climat \u00bb, et intervient aupr\u00e8s d\u2019\u00e9coles, de coll\u00e8ges et entreprises pour sensibiliser aux enjeux climatiques.<\/li>\n<\/ul>\n<p>\u00c0 travers ces voix, cette table ronde souhaite mettre en lumi\u00e8re les multiples formes d\u2019engagement f\u00e9minin et les obstacles qu\u2019il reste encore \u00e0 surmonter.<\/p>\n<p>Cette rencontre sera anim\u00e9e par Donia El Hakour, service civique RSO \u00e0 l\u2019Alliance Fran\u00e7aise d\u2019Ottawa, \u00e0 l\u2019initiative de cet \u00e9v\u00e9nement.<\/p>\n<\/div>\n","protected":false},"excerpt":{"rendered":"<p>En parall\u00e8le de l\u2019exposition \u201c\u00c9claireuses\u201d, consacr\u00e9e \u00e0 des portraits de femmes scientifiques engag\u00e9es pour la pr\u00e9servation de l\u2019environnement, l\u2019Alliance Fran\u00e7aise d\u2019Ottawa organise une table ronde mettant \u00e0 l\u2019honneur quatre femmes de la r\u00e9gion, elles aussi engag\u00e9es pour l\u2019environnement. \u00c0 l\u2019occasion de la Journ\u00e9e internationale des droits des femmes, il nous semblait essentiel de c\u00e9l\u00e9brer des&#8230;<\/p>\n<p><a class=\"button invert-primary\" href=\"https:\/\/af.ca\/ottawa\/femmes-francophones-engagees\/\">En savoir plus<\/a><\/p>\n","protected":false},"author":3,"featured_media":0,"parent":0,"menu_order":45,"comment_status":"closed","ping_status":"closed","template":"","meta":{"_acf_changed":false,"om_disable_all_campaigns":false,"_monsterinsights_skip_tracking":false,"_monsterinsights_sitenote_active":false,"_monsterinsights_sitenote_note":"","_monsterinsights_sitenote_category":0,"footnotes":""},"class_list":["post-25217","page","type-page","status-publish","hentry"],"acf":[],"yoast_head":"<!-- This site is optimized with the Yoast SEO plugin v27.4 - https:\/\/yoast.com\/product\/yoast-seo-wordpress\/ -->\n<title>Femmes francophones engag\u00e9es : leurs voix pour la plan\u00e8te - Alliance Fran\u00e7aise Ottawa<\/title>\n<meta name=\"description\" content=\"Nous vous offrons aujourd\u2019hui une liste d\u2019activit\u00e9s \u00e0 faire \u00e0 Ottawa en fran\u00e7ais pendant le printemps, en plein air ou \u00e0 l\u2019int\u00e9rieur.\" \/>\n<meta name=\"robots\" content=\"index, follow, max-snippet:-1, max-image-preview:large, max-video-preview:-1\" \/>\n<link rel=\"canonical\" href=\"https:\/\/af.ca\/ottawa\/femmes-francophones-engagees\/\" \/>\n<meta property=\"og:locale\" content=\"fr_FR\" \/>\n<meta property=\"og:type\" content=\"article\" \/>\n<meta property=\"og:title\" content=\"Activit\u00e9s \u00e0 Ottawa en fran\u00e7ais pendant le printemps\" \/>\n<meta property=\"og:description\" content=\"Nous vous offrons aujourd\u2019hui une liste d\u2019activit\u00e9s \u00e0 faire \u00e0 Ottawa en fran\u00e7ais pendant le printemps, en plein air ou \u00e0 l\u2019int\u00e9rieur.\" \/>\n<meta property=\"og:url\" content=\"https:\/\/af.ca\/ottawa\/femmes-francophones-engagees\/\" \/>\n<meta property=\"og:site_name\" content=\"Alliance Fran\u00e7aise Ottawa\" \/>\n<meta property=\"og:image\" content=\"https:\/\/af.ca\/ottawa\/wp-content\/uploads\/2024\/04\/Banniere-Blogue-Printemps-fr-1024x576.png\" \/>\n\t<meta property=\"og:image:width\" content=\"1024\" \/>\n\t<meta property=\"og:image:height\" content=\"576\" \/>\n\t<meta property=\"og:image:type\" content=\"image\/png\" \/>\n<meta name=\"twitter:card\" content=\"summary_large_image\" \/>\n<meta name=\"twitter:label1\" content=\"Dur\u00e9e de lecture estim\u00e9e\" \/>\n\t<meta name=\"twitter:data1\" content=\"2 minutes\" \/>\n<script type=\"application\/ld+json\" class=\"yoast-schema-graph\">{\"@context\":\"https:\\\/\\\/schema.org\",\"@graph\":[{\"@type\":\"WebPage\",\"@id\":\"https:\\\/\\\/af.ca\\\/ottawa\\\/femmes-francophones-engagees\\\/\",\"url\":\"https:\\\/\\\/af.ca\\\/ottawa\\\/femmes-francophones-engagees\\\/\",\"name\":\"Femmes francophones engag\u00e9es : leurs voix pour la plan\u00e8te - Alliance Fran\u00e7aise Ottawa\",\"isPartOf\":{\"@id\":\"https:\\\/\\\/af.ca\\\/ottawa\\\/#website\"},\"primaryImageOfPage\":{\"@id\":\"https:\\\/\\\/af.ca\\\/ottawa\\\/femmes-francophones-engagees\\\/#primaryimage\"},\"image\":{\"@id\":\"https:\\\/\\\/af.ca\\\/ottawa\\\/femmes-francophones-engagees\\\/#primaryimage\"},\"thumbnailUrl\":\"https:\\\/\\\/af.ca\\\/ottawa\\\/wp-content\\\/uploads\\\/2026\\\/03\\\/Bannieres-blogue-300x169.png\",\"datePublished\":\"2026-03-10T15:21:27+00:00\",\"description\":\"Nous vous offrons aujourd\u2019hui une liste d\u2019activit\u00e9s \u00e0 faire \u00e0 Ottawa en fran\u00e7ais pendant le printemps, en plein air ou \u00e0 l\u2019int\u00e9rieur.\",\"breadcrumb\":{\"@id\":\"https:\\\/\\\/af.ca\\\/ottawa\\\/femmes-francophones-engagees\\\/#breadcrumb\"},\"inLanguage\":\"fr-FR\",\"potentialAction\":[{\"@type\":\"ReadAction\",\"target\":[\"https:\\\/\\\/af.ca\\\/ottawa\\\/femmes-francophones-engagees\\\/\"]}]},{\"@type\":\"ImageObject\",\"inLanguage\":\"fr-FR\",\"@id\":\"https:\\\/\\\/af.ca\\\/ottawa\\\/femmes-francophones-engagees\\\/#primaryimage\",\"url\":\"https:\\\/\\\/af.ca\\\/ottawa\\\/wp-content\\\/uploads\\\/2026\\\/03\\\/Bannieres-blogue.png\",\"contentUrl\":\"https:\\\/\\\/af.ca\\\/ottawa\\\/wp-content\\\/uploads\\\/2026\\\/03\\\/Bannieres-blogue.png\",\"width\":1920,\"height\":1080},{\"@type\":\"BreadcrumbList\",\"@id\":\"https:\\\/\\\/af.ca\\\/ottawa\\\/femmes-francophones-engagees\\\/#breadcrumb\",\"itemListElement\":[{\"@type\":\"ListItem\",\"position\":1,\"name\":\"Home\",\"item\":\"https:\\\/\\\/af.ca\\\/ottawa\\\/\"},{\"@type\":\"ListItem\",\"position\":2,\"name\":\"Femmes francophones engag\u00e9es : leurs voix pour la plan\u00e8te\"}]},{\"@type\":\"WebSite\",\"@id\":\"https:\\\/\\\/af.ca\\\/ottawa\\\/#website\",\"url\":\"https:\\\/\\\/af.ca\\\/ottawa\\\/\",\"name\":\"Alliance Fran\u00e7aise Ottawa\",\"description\":\"\u00c9cole de langue fran\u00e7aise et centre culturel\",\"potentialAction\":[{\"@type\":\"SearchAction\",\"target\":{\"@type\":\"EntryPoint\",\"urlTemplate\":\"https:\\\/\\\/af.ca\\\/ottawa\\\/?s={search_term_string}\"},\"query-input\":{\"@type\":\"PropertyValueSpecification\",\"valueRequired\":true,\"valueName\":\"search_term_string\"}}],\"inLanguage\":\"fr-FR\"}]}<\/script>\n<!-- \/ Yoast SEO plugin. -->","yoast_head_json":{"title":"Femmes francophones engag\u00e9es : leurs voix pour la plan\u00e8te - Alliance Fran\u00e7aise Ottawa","description":"Nous vous offrons aujourd\u2019hui une liste d\u2019activit\u00e9s \u00e0 faire \u00e0 Ottawa en fran\u00e7ais pendant le printemps, en plein air ou \u00e0 l\u2019int\u00e9rieur.","robots":{"index":"index","follow":"follow","max-snippet":"max-snippet:-1","max-image-preview":"max-image-preview:large","max-video-preview":"max-video-preview:-1"},"canonical":"https:\/\/af.ca\/ottawa\/femmes-francophones-engagees\/","og_locale":"fr_FR","og_type":"article","og_title":"Activit\u00e9s \u00e0 Ottawa en fran\u00e7ais pendant le printemps","og_description":"Nous vous offrons aujourd\u2019hui une liste d\u2019activit\u00e9s \u00e0 faire \u00e0 Ottawa en fran\u00e7ais pendant le printemps, en plein air ou \u00e0 l\u2019int\u00e9rieur.","og_url":"https:\/\/af.ca\/ottawa\/femmes-francophones-engagees\/","og_site_name":"Alliance Fran\u00e7aise Ottawa","og_image":[{"width":1024,"height":576,"url":"https:\/\/af.ca\/ottawa\/wp-content\/uploads\/2024\/04\/Banniere-Blogue-Printemps-fr-1024x576.png","type":"image\/png"}],"twitter_card":"summary_large_image","twitter_misc":{"Dur\u00e9e de lecture estim\u00e9e":"2 minutes"},"schema":{"@context":"https:\/\/schema.org","@graph":[{"@type":"WebPage","@id":"https:\/\/af.ca\/ottawa\/femmes-francophones-engagees\/","url":"https:\/\/af.ca\/ottawa\/femmes-francophones-engagees\/","name":"Femmes francophones engag\u00e9es : leurs voix pour la plan\u00e8te - Alliance Fran\u00e7aise Ottawa","isPartOf":{"@id":"https:\/\/af.ca\/ottawa\/#website"},"primaryImageOfPage":{"@id":"https:\/\/af.ca\/ottawa\/femmes-francophones-engagees\/#primaryimage"},"image":{"@id":"https:\/\/af.ca\/ottawa\/femmes-francophones-engagees\/#primaryimage"},"thumbnailUrl":"https:\/\/af.ca\/ottawa\/wp-content\/uploads\/2026\/03\/Bannieres-blogue-300x169.png","datePublished":"2026-03-10T15:21:27+00:00","description":"Nous vous offrons aujourd\u2019hui une liste d\u2019activit\u00e9s \u00e0 faire \u00e0 Ottawa en fran\u00e7ais pendant le printemps, en plein air ou \u00e0 l\u2019int\u00e9rieur.","breadcrumb":{"@id":"https:\/\/af.ca\/ottawa\/femmes-francophones-engagees\/#breadcrumb"},"inLanguage":"fr-FR","potentialAction":[{"@type":"ReadAction","target":["https:\/\/af.ca\/ottawa\/femmes-francophones-engagees\/"]}]},{"@type":"ImageObject","inLanguage":"fr-FR","@id":"https:\/\/af.ca\/ottawa\/femmes-francophones-engagees\/#primaryimage","url":"https:\/\/af.ca\/ottawa\/wp-content\/uploads\/2026\/03\/Bannieres-blogue.png","contentUrl":"https:\/\/af.ca\/ottawa\/wp-content\/uploads\/2026\/03\/Bannieres-blogue.png","width":1920,"height":1080},{"@type":"BreadcrumbList","@id":"https:\/\/af.ca\/ottawa\/femmes-francophones-engagees\/#breadcrumb","itemListElement":[{"@type":"ListItem","position":1,"name":"Home","item":"https:\/\/af.ca\/ottawa\/"},{"@type":"ListItem","position":2,"name":"Femmes francophones engag\u00e9es : leurs voix pour la plan\u00e8te"}]},{"@type":"WebSite","@id":"https:\/\/af.ca\/ottawa\/#website","url":"https:\/\/af.ca\/ottawa\/","name":"Alliance Fran\u00e7aise Ottawa","description":"\u00c9cole de langue fran\u00e7aise et centre culturel","potentialAction":[{"@type":"SearchAction","target":{"@type":"EntryPoint","urlTemplate":"https:\/\/af.ca\/ottawa\/?s={search_term_string}"},"query-input":{"@type":"PropertyValueSpecification","valueRequired":true,"valueName":"search_term_string"}}],"inLanguage":"fr-FR"}]}},"blog_post_layout_featured_media_urls":{"thumbnail":"","full":""},"categories_names":null,"comments_number":"0","_links":{"self":[{"href":"https:\/\/af.ca\/ottawa\/wp-json\/wp\/v2\/pages\/25217","targetHints":{"allow":["GET"]}}],"collection":[{"href":"https:\/\/af.ca\/ottawa\/wp-json\/wp\/v2\/pages"}],"about":[{"href":"https:\/\/af.ca\/ottawa\/wp-json\/wp\/v2\/types\/page"}],"author":[{"embeddable":true,"href":"https:\/\/af.ca\/ottawa\/wp-json\/wp\/v2\/users\/3"}],"replies":[{"embeddable":true,"href":"https:\/\/af.ca\/ottawa\/wp-json\/wp\/v2\/comments?post=25217"}],"version-history":[{"count":1,"href":"https:\/\/af.ca\/ottawa\/wp-json\/wp\/v2\/pages\/25217\/revisions"}],"predecessor-version":[{"id":25221,"href":"https:\/\/af.ca\/ottawa\/wp-json\/wp\/v2\/pages\/25217\/revisions\/25221"}],"wp:attachment":[{"href":"https:\/\/af.ca\/ottawa\/wp-json\/wp\/v2\/media?parent=25217"}],"curies":[{"name":"wp","href":"https:\/\/api.w.org\/{rel}","templated":true}]}}