{"id":9760,"date":"2024-01-23T15:08:14","date_gmt":"2024-01-23T20:08:14","guid":{"rendered":"https:\/\/af.ca\/ottawa\/?page_id=9760"},"modified":"2025-01-10T11:46:49","modified_gmt":"2025-01-10T16:46:49","slug":"preparation-en-ligne-aux-tests-ecrits-de-la-fonction-publique","status":"publish","type":"page","link":"https:\/\/af.ca\/ottawa\/preparation-en-ligne-aux-tests-ecrits-de-la-fonction-publique\/","title":{"rendered":"Cours de pr\u00e9paration aux tests \u00e9crits niveau C"},"content":{"rendered":"<p><em><strong>Nos cours de pr\u00e9paration aux tests de langue de gouvernement du Canada ont lieu <span style=\"color: #ff0000;\">EN LIGNE.<\/span><\/strong><\/em><\/p>\n<p>&nbsp;<\/p>\n<p><span style=\"color: #ff0000;\"><strong><a style=\"color: #ff0000;\" href=\"https:\/\/af.ca\/ottawa\/wp-content\/uploads\/2025\/01\/Calendriers-SLE-Spring-1-2025.pdf\">CALENDRIER DES COURS ELS (SPRING 1 2025)<\/a><\/strong><\/span><\/p>\n<p><span style=\"color: #ff0000;\"><strong><a style=\"color: #ff0000;\" href=\"https:\/\/af.ca\/ottawa\/wp-content\/uploads\/2025\/01\/Calendriers-SLE-Winter-2025-Autre-proposition.pdf\">CALENDRIER DES COURS ELS (WINTER 2025)<\/a><\/strong><\/span><\/p>\n<p>&nbsp;<\/p>\n<p>&nbsp;<\/p>\n<p><a href=\"https:\/\/af.ca\/ottawa\/wp-content\/uploads\/2023\/10\/Tests-ecrits-logo-1.png\"><img loading=\"lazy\" decoding=\"async\" class=\"alignnone wp-image-21219\" src=\"https:\/\/af.ca\/ottawa\/wp-content\/uploads\/2023\/10\/Tests-ecrits-logo-1.png\" alt=\"\" width=\"352\" height=\"295\" \/><\/a><\/p>\n<p><span data-contrast=\"auto\">Ma\u00eetrisez les r\u00e8gles de grammaire essentielles pour r\u00e9ussir le <\/span><a href=\"https:\/\/www.canada.ca\/fr\/commission-fonction-publique\/services\/evaluation-langue-seconde\/test-expression-ecrite-non-supervise.html\"><span data-contrast=\"none\">test d&rsquo;expression \u00e9crite<\/span><\/a><span data-contrast=\"auto\"> et le <\/span><a href=\"https:\/\/www.canada.ca\/fr\/commission-fonction-publique\/services\/evaluation-langue-seconde\/test-comprehension-ecrit-non-supervise.html\"><span data-contrast=\"none\">test de compr\u00e9hension de l&rsquo;\u00e9crit<\/span><\/a><span data-contrast=\"auto\"> au niveau C gr\u00e2ce \u00e0 notre cours sp\u00e9cialis\u00e9.<\/span><span data-ccp-props=\"{&quot;201341983&quot;:0,&quot;335551550&quot;:6,&quot;335551620&quot;:6,&quot;335559739&quot;:160,&quot;335559740&quot;:259}\">\u00a0<\/span><\/p>\n<p><span data-contrast=\"auto\">Ce cours offre un programme complet ax\u00e9 sur la r\u00e9vision des r\u00e8gles grammaticales indispensables pour approfondir vos connaissances et d\u00e9velopper votre compr\u00e9hension de l&rsquo;\u00e9crit, vous pr\u00e9parant ainsi de mani\u00e8re optimale aux deux types de tests \u00e9crits.<\/span><span data-ccp-props=\"{&quot;201341983&quot;:0,&quot;335551550&quot;:6,&quot;335551620&quot;:6,&quot;335559739&quot;:160,&quot;335559740&quot;:259}\">\u00a0<\/span><\/p>\n<p><span data-contrast=\"auto\">Vous aborderez des notions telles que les phrases complexes, les diff\u00e9rents modes de conjugaison et temps verbaux (indicatif, subjonctif, conditionnel, participe pass\u00e9, participe pr\u00e9sent et g\u00e9rondif), les pronoms relatifs, les pronoms compl\u00e9ments, le discours indirect, la voix passive, et bien plus encore. Vous d\u00e9velopperez votre vocabulaire et votre aisance \u00e0 r\u00e9pondre aux questions des tests dans les temps impartis.<\/span><span data-ccp-props=\"{&quot;201341983&quot;:0,&quot;335551550&quot;:6,&quot;335551620&quot;:6,&quot;335559739&quot;:160,&quot;335559740&quot;:259}\">\u00a0<\/span><\/p>\n<p><b><span data-contrast=\"auto\">En classe, vous participerez \u00e0 des activit\u00e9s dynamiques :<\/span><\/b><span data-ccp-props=\"{&quot;201341983&quot;:0,&quot;335551550&quot;:6,&quot;335551620&quot;:6,&quot;335559739&quot;:160,&quot;335559740&quot;:259}\">\u00a0<\/span><\/p>\n<ul>\n<li data-leveltext=\"\uf0b7\" data-font=\"Symbol\" data-listid=\"10\" data-list-defn-props=\"{&quot;335552541&quot;:1,&quot;335559684&quot;:-2,&quot;335559685&quot;:720,&quot;335559991&quot;:360,&quot;469769226&quot;:&quot;Symbol&quot;,&quot;469769242&quot;:[8226],&quot;469777803&quot;:&quot;left&quot;,&quot;469777804&quot;:&quot;\uf0b7&quot;,&quot;469777815&quot;:&quot;hybridMultilevel&quot;}\" aria-setsize=\"-1\" data-aria-posinset=\"1\" data-aria-level=\"1\"><span data-contrast=\"auto\">R\u00e9visions approfondies des r\u00e8gles de grammaire ;<\/span><span data-ccp-props=\"{&quot;201341983&quot;:0,&quot;335551550&quot;:6,&quot;335551620&quot;:6,&quot;335559739&quot;:160,&quot;335559740&quot;:259}\">\u00a0<\/span><\/li>\n<li data-leveltext=\"\uf0b7\" data-font=\"Symbol\" data-listid=\"10\" data-list-defn-props=\"{&quot;335552541&quot;:1,&quot;335559684&quot;:-2,&quot;335559685&quot;:720,&quot;335559991&quot;:360,&quot;469769226&quot;:&quot;Symbol&quot;,&quot;469769242&quot;:[8226],&quot;469777803&quot;:&quot;left&quot;,&quot;469777804&quot;:&quot;\uf0b7&quot;,&quot;469777815&quot;:&quot;hybridMultilevel&quot;}\" aria-setsize=\"-1\" data-aria-posinset=\"2\" data-aria-level=\"1\"><span data-contrast=\"auto\">Exercices de grammaire suivis de corrections d\u00e9taill\u00e9es et d&rsquo;explications contrastives ;\u00a0<\/span><span data-ccp-props=\"{&quot;201341983&quot;:0,&quot;335551550&quot;:6,&quot;335551620&quot;:6,&quot;335559739&quot;:160,&quot;335559740&quot;:259}\">\u00a0<\/span><\/li>\n<li data-leveltext=\"\uf0b7\" data-font=\"Symbol\" data-listid=\"10\" data-list-defn-props=\"{&quot;335552541&quot;:1,&quot;335559684&quot;:-2,&quot;335559685&quot;:720,&quot;335559991&quot;:360,&quot;469769226&quot;:&quot;Symbol&quot;,&quot;469769242&quot;:[8226],&quot;469777803&quot;:&quot;left&quot;,&quot;469777804&quot;:&quot;\uf0b7&quot;,&quot;469777815&quot;:&quot;hybridMultilevel&quot;}\" aria-setsize=\"-1\" data-aria-posinset=\"3\" data-aria-level=\"1\"><span data-contrast=\"auto\">Exercices sur des tests d\u2019expression \u00e9crite et de compr\u00e9hension de l\u2019\u00e9crit blancs suivis de corrections d\u00e9taill\u00e9es par l\u2019\u00e9quipe enseignante.<\/span><span data-ccp-props=\"{&quot;201341983&quot;:0,&quot;335551550&quot;:6,&quot;335551620&quot;:6,&quot;335559739&quot;:160,&quot;335559740&quot;:259}\">\u00a0<\/span><\/li>\n<\/ul>\n<p>&nbsp;<\/p>\n<p><b><span data-contrast=\"auto\">Conditions d\u2019admission :<\/span><\/b><span data-ccp-props=\"{&quot;201341983&quot;:0,&quot;335551550&quot;:6,&quot;335551620&quot;:6,&quot;335559739&quot;:160,&quot;335559740&quot;:259}\">\u00a0<\/span><\/p>\n<ul>\n<li data-leveltext=\"\uf0b7\" data-font=\"Symbol\" data-listid=\"11\" data-list-defn-props=\"{&quot;335552541&quot;:1,&quot;335559684&quot;:-2,&quot;335559685&quot;:720,&quot;335559991&quot;:360,&quot;469769226&quot;:&quot;Symbol&quot;,&quot;469769242&quot;:[8226],&quot;469777803&quot;:&quot;left&quot;,&quot;469777804&quot;:&quot;\uf0b7&quot;,&quot;469777815&quot;:&quot;hybridMultilevel&quot;}\" aria-setsize=\"-1\" data-aria-posinset=\"1\" data-aria-level=\"1\"><span data-contrast=\"auto\">\u00c0 partir du niveau B1.5.<\/span><span data-ccp-props=\"{&quot;201341983&quot;:0,&quot;335551550&quot;:6,&quot;335551620&quot;:6,&quot;335559739&quot;:160,&quot;335559740&quot;:259}\">\u00a0<\/span><\/li>\n<li data-leveltext=\"\uf0b7\" data-font=\"Symbol\" data-listid=\"11\" data-list-defn-props=\"{&quot;335552541&quot;:1,&quot;335559684&quot;:-2,&quot;335559685&quot;:720,&quot;335559991&quot;:360,&quot;469769226&quot;:&quot;Symbol&quot;,&quot;469769242&quot;:[8226],&quot;469777803&quot;:&quot;left&quot;,&quot;469777804&quot;:&quot;\uf0b7&quot;,&quot;469777815&quot;:&quot;hybridMultilevel&quot;}\" aria-setsize=\"-1\" data-aria-posinset=\"2\" data-aria-level=\"1\"><span data-contrast=\"auto\"><a href=\"https:\/\/af.ca\/ottawa\/quel-est-mon-niveau\/#\/\"><span style=\"color: #ff0000;\"><span style=\"text-decoration: underline;\">Test d&rsquo;orientation obligatoire<\/span><\/span><\/a> pour les nouveaux \u00e9tudiants.<\/span><span data-ccp-props=\"{&quot;201341983&quot;:0,&quot;335551550&quot;:6,&quot;335551620&quot;:6,&quot;335559739&quot;:160,&quot;335559740&quot;:259}\">\u00a0<\/span><\/li>\n<\/ul>\n<p>&nbsp;<\/p>\n<p><span data-contrast=\"auto\">Rejoignez notre cours de pr\u00e9paration aux tests \u00e9crits d\u00e8s maintenant et acqu\u00e9rez une ma\u00eetrise solide des r\u00e8gles grammaticales n\u00e9cessaires pour r\u00e9ussir avec succ\u00e8s les tests d&rsquo;expression \u00e9crite et de compr\u00e9hension de l&rsquo;\u00e9crit au niveau C.\u00a0<\/span><span data-ccp-props=\"{&quot;201341983&quot;:0,&quot;335551550&quot;:6,&quot;335551620&quot;:6,&quot;335559739&quot;:160,&quot;335559740&quot;:259}\">\u00a0<\/span><\/p>\n<p><span data-contrast=\"auto\">Notre \u00e9quipe p\u00e9dagogique vous accompagnera tout au long de votre apprentissage pour vous aider \u00e0 atteindre l&rsquo;excellence linguistique.<\/span><span data-ccp-props=\"{&quot;201341983&quot;:0,&quot;335551550&quot;:6,&quot;335551620&quot;:6,&quot;335559739&quot;:160,&quot;335559740&quot;:259}\">\u00a0<\/span><\/p>\n","protected":false},"excerpt":{"rendered":"<p>Nos cours de pr\u00e9paration aux tests de langue de gouvernement du Canada ont lieu EN LIGNE. &nbsp; CALENDRIER DES COURS ELS (SPRING 1 2025) CALENDRIER DES COURS ELS (WINTER 2025) &nbsp; &nbsp; Ma\u00eetrisez les r\u00e8gles de grammaire essentielles pour r\u00e9ussir le test d&rsquo;expression \u00e9crite et le test de compr\u00e9hension de l&rsquo;\u00e9crit au niveau C gr\u00e2ce&#8230;<\/p>\n<p><a class=\"button invert-primary\" href=\"https:\/\/af.ca\/ottawa\/preparation-en-ligne-aux-tests-ecrits-de-la-fonction-publique\/\">En savoir plus<\/a><\/p>\n","protected":false},"author":3,"featured_media":0,"parent":0,"menu_order":275,"comment_status":"closed","ping_status":"closed","template":"templates\/cours.php","meta":{"_acf_changed":false,"om_disable_all_campaigns":false,"_monsterinsights_skip_tracking":false,"_monsterinsights_sitenote_active":false,"_monsterinsights_sitenote_note":"","_monsterinsights_sitenote_category":0,"footnotes":""},"class_list":["post-9760","page","type-page","status-publish","hentry"],"acf":[],"yoast_head":"<!-- This site is optimized with the Yoast SEO plugin v27.3 - https:\/\/yoast.com\/product\/yoast-seo-wordpress\/ -->\n<title>Tests \u00e9crits - Fonction Publique du Canada<\/title>\n<meta name=\"description\" content=\"Rejoignez notre cours de pr\u00e9paration aux tests \u00e9crits d\u00e8s maintenant et acqu\u00e9rez une ma\u00eetrise solide des r\u00e8gles grammaticales n\u00e9cessaires pour r\u00e9ussir avec succ\u00e8s les tests d&#039;expression \u00e9crite et de compr\u00e9hension de l&#039;\u00e9crit au niveau C.\u00a0\u00a0\" \/>\n<meta name=\"robots\" content=\"index, follow, max-snippet:-1, max-image-preview:large, max-video-preview:-1\" \/>\n<link rel=\"canonical\" href=\"https:\/\/af.ca\/ottawa\/preparation-en-ligne-aux-tests-ecrits-de-la-fonction-publique\/\" \/>\n<meta property=\"og:locale\" content=\"fr_FR\" \/>\n<meta property=\"og:type\" content=\"article\" \/>\n<meta property=\"og:title\" content=\"Tests \u00e9crits - Fonction Publique du Canada\" \/>\n<meta property=\"og:description\" content=\"Rejoignez notre cours de pr\u00e9paration aux tests \u00e9crits d\u00e8s maintenant et acqu\u00e9rez une ma\u00eetrise solide des r\u00e8gles grammaticales n\u00e9cessaires pour r\u00e9ussir avec succ\u00e8s les tests d&#039;expression \u00e9crite et de compr\u00e9hension de l&#039;\u00e9crit au niveau C.\u00a0\u00a0\" \/>\n<meta property=\"og:url\" content=\"https:\/\/af.ca\/ottawa\/preparation-en-ligne-aux-tests-ecrits-de-la-fonction-publique\/\" \/>\n<meta property=\"og:site_name\" content=\"Alliance Fran\u00e7aise Ottawa\" \/>\n<meta property=\"article:modified_time\" content=\"2025-01-10T16:46:49+00:00\" \/>\n<meta property=\"og:image\" content=\"https:\/\/af.ca\/ottawa\/wp-content\/uploads\/2023\/10\/Tests-ecrits-logo-1.png\" \/>\n\t<meta property=\"og:image:width\" content=\"203\" \/>\n\t<meta property=\"og:image:height\" content=\"170\" \/>\n\t<meta property=\"og:image:type\" content=\"image\/png\" \/>\n<meta name=\"twitter:card\" content=\"summary_large_image\" \/>\n<meta name=\"twitter:label1\" content=\"Dur\u00e9e de lecture estim\u00e9e\" \/>\n\t<meta name=\"twitter:data1\" content=\"2 minutes\" \/>\n<script type=\"application\/ld+json\" class=\"yoast-schema-graph\">{\"@context\":\"https:\\\/\\\/schema.org\",\"@graph\":[{\"@type\":\"WebPage\",\"@id\":\"https:\\\/\\\/af.ca\\\/ottawa\\\/preparation-en-ligne-aux-tests-ecrits-de-la-fonction-publique\\\/\",\"url\":\"https:\\\/\\\/af.ca\\\/ottawa\\\/preparation-en-ligne-aux-tests-ecrits-de-la-fonction-publique\\\/\",\"name\":\"Tests \u00e9crits - Fonction Publique du Canada\",\"isPartOf\":{\"@id\":\"https:\\\/\\\/af.ca\\\/ottawa\\\/#website\"},\"primaryImageOfPage\":{\"@id\":\"https:\\\/\\\/af.ca\\\/ottawa\\\/preparation-en-ligne-aux-tests-ecrits-de-la-fonction-publique\\\/#primaryimage\"},\"image\":{\"@id\":\"https:\\\/\\\/af.ca\\\/ottawa\\\/preparation-en-ligne-aux-tests-ecrits-de-la-fonction-publique\\\/#primaryimage\"},\"thumbnailUrl\":\"https:\\\/\\\/af.ca\\\/ottawa\\\/wp-content\\\/uploads\\\/2023\\\/10\\\/Tests-ecrits-logo-1.png\",\"datePublished\":\"2024-01-23T20:08:14+00:00\",\"dateModified\":\"2025-01-10T16:46:49+00:00\",\"description\":\"Rejoignez notre cours de pr\u00e9paration aux tests \u00e9crits d\u00e8s maintenant et acqu\u00e9rez une ma\u00eetrise solide des r\u00e8gles grammaticales n\u00e9cessaires pour r\u00e9ussir avec succ\u00e8s les tests d'expression \u00e9crite et de compr\u00e9hension de l'\u00e9crit au niveau C.\u00a0\u00a0\",\"breadcrumb\":{\"@id\":\"https:\\\/\\\/af.ca\\\/ottawa\\\/preparation-en-ligne-aux-tests-ecrits-de-la-fonction-publique\\\/#breadcrumb\"},\"inLanguage\":\"fr-FR\",\"potentialAction\":[{\"@type\":\"ReadAction\",\"target\":[\"https:\\\/\\\/af.ca\\\/ottawa\\\/preparation-en-ligne-aux-tests-ecrits-de-la-fonction-publique\\\/\"]}]},{\"@type\":\"ImageObject\",\"inLanguage\":\"fr-FR\",\"@id\":\"https:\\\/\\\/af.ca\\\/ottawa\\\/preparation-en-ligne-aux-tests-ecrits-de-la-fonction-publique\\\/#primaryimage\",\"url\":\"https:\\\/\\\/af.ca\\\/ottawa\\\/wp-content\\\/uploads\\\/2023\\\/10\\\/Tests-ecrits-logo-1.png\",\"contentUrl\":\"https:\\\/\\\/af.ca\\\/ottawa\\\/wp-content\\\/uploads\\\/2023\\\/10\\\/Tests-ecrits-logo-1.png\",\"width\":203,\"height\":170},{\"@type\":\"BreadcrumbList\",\"@id\":\"https:\\\/\\\/af.ca\\\/ottawa\\\/preparation-en-ligne-aux-tests-ecrits-de-la-fonction-publique\\\/#breadcrumb\",\"itemListElement\":[{\"@type\":\"ListItem\",\"position\":1,\"name\":\"Home\",\"item\":\"https:\\\/\\\/af.ca\\\/ottawa\\\/\"},{\"@type\":\"ListItem\",\"position\":2,\"name\":\"Cours de pr\u00e9paration aux tests \u00e9crits niveau C\"}]},{\"@type\":\"WebSite\",\"@id\":\"https:\\\/\\\/af.ca\\\/ottawa\\\/#website\",\"url\":\"https:\\\/\\\/af.ca\\\/ottawa\\\/\",\"name\":\"Alliance Fran\u00e7aise Ottawa\",\"description\":\"\u00c9cole de langue fran\u00e7aise et centre culturel\",\"potentialAction\":[{\"@type\":\"SearchAction\",\"target\":{\"@type\":\"EntryPoint\",\"urlTemplate\":\"https:\\\/\\\/af.ca\\\/ottawa\\\/?s={search_term_string}\"},\"query-input\":{\"@type\":\"PropertyValueSpecification\",\"valueRequired\":true,\"valueName\":\"search_term_string\"}}],\"inLanguage\":\"fr-FR\"}]}<\/script>\n<!-- \/ Yoast SEO plugin. -->","yoast_head_json":{"title":"Tests \u00e9crits - Fonction Publique du Canada","description":"Rejoignez notre cours de pr\u00e9paration aux tests \u00e9crits d\u00e8s maintenant et acqu\u00e9rez une ma\u00eetrise solide des r\u00e8gles grammaticales n\u00e9cessaires pour r\u00e9ussir avec succ\u00e8s les tests d'expression \u00e9crite et de compr\u00e9hension de l'\u00e9crit au niveau C.\u00a0\u00a0","robots":{"index":"index","follow":"follow","max-snippet":"max-snippet:-1","max-image-preview":"max-image-preview:large","max-video-preview":"max-video-preview:-1"},"canonical":"https:\/\/af.ca\/ottawa\/preparation-en-ligne-aux-tests-ecrits-de-la-fonction-publique\/","og_locale":"fr_FR","og_type":"article","og_title":"Tests \u00e9crits - Fonction Publique du Canada","og_description":"Rejoignez notre cours de pr\u00e9paration aux tests \u00e9crits d\u00e8s maintenant et acqu\u00e9rez une ma\u00eetrise solide des r\u00e8gles grammaticales n\u00e9cessaires pour r\u00e9ussir avec succ\u00e8s les tests d'expression \u00e9crite et de compr\u00e9hension de l'\u00e9crit au niveau C.\u00a0\u00a0","og_url":"https:\/\/af.ca\/ottawa\/preparation-en-ligne-aux-tests-ecrits-de-la-fonction-publique\/","og_site_name":"Alliance Fran\u00e7aise Ottawa","article_modified_time":"2025-01-10T16:46:49+00:00","og_image":[{"width":203,"height":170,"url":"https:\/\/af.ca\/ottawa\/wp-content\/uploads\/2023\/10\/Tests-ecrits-logo-1.png","type":"image\/png"}],"twitter_card":"summary_large_image","twitter_misc":{"Dur\u00e9e de lecture estim\u00e9e":"2 minutes"},"schema":{"@context":"https:\/\/schema.org","@graph":[{"@type":"WebPage","@id":"https:\/\/af.ca\/ottawa\/preparation-en-ligne-aux-tests-ecrits-de-la-fonction-publique\/","url":"https:\/\/af.ca\/ottawa\/preparation-en-ligne-aux-tests-ecrits-de-la-fonction-publique\/","name":"Tests \u00e9crits - Fonction Publique du Canada","isPartOf":{"@id":"https:\/\/af.ca\/ottawa\/#website"},"primaryImageOfPage":{"@id":"https:\/\/af.ca\/ottawa\/preparation-en-ligne-aux-tests-ecrits-de-la-fonction-publique\/#primaryimage"},"image":{"@id":"https:\/\/af.ca\/ottawa\/preparation-en-ligne-aux-tests-ecrits-de-la-fonction-publique\/#primaryimage"},"thumbnailUrl":"https:\/\/af.ca\/ottawa\/wp-content\/uploads\/2023\/10\/Tests-ecrits-logo-1.png","datePublished":"2024-01-23T20:08:14+00:00","dateModified":"2025-01-10T16:46:49+00:00","description":"Rejoignez notre cours de pr\u00e9paration aux tests \u00e9crits d\u00e8s maintenant et acqu\u00e9rez une ma\u00eetrise solide des r\u00e8gles grammaticales n\u00e9cessaires pour r\u00e9ussir avec succ\u00e8s les tests d'expression \u00e9crite et de compr\u00e9hension de l'\u00e9crit au niveau C.\u00a0\u00a0","breadcrumb":{"@id":"https:\/\/af.ca\/ottawa\/preparation-en-ligne-aux-tests-ecrits-de-la-fonction-publique\/#breadcrumb"},"inLanguage":"fr-FR","potentialAction":[{"@type":"ReadAction","target":["https:\/\/af.ca\/ottawa\/preparation-en-ligne-aux-tests-ecrits-de-la-fonction-publique\/"]}]},{"@type":"ImageObject","inLanguage":"fr-FR","@id":"https:\/\/af.ca\/ottawa\/preparation-en-ligne-aux-tests-ecrits-de-la-fonction-publique\/#primaryimage","url":"https:\/\/af.ca\/ottawa\/wp-content\/uploads\/2023\/10\/Tests-ecrits-logo-1.png","contentUrl":"https:\/\/af.ca\/ottawa\/wp-content\/uploads\/2023\/10\/Tests-ecrits-logo-1.png","width":203,"height":170},{"@type":"BreadcrumbList","@id":"https:\/\/af.ca\/ottawa\/preparation-en-ligne-aux-tests-ecrits-de-la-fonction-publique\/#breadcrumb","itemListElement":[{"@type":"ListItem","position":1,"name":"Home","item":"https:\/\/af.ca\/ottawa\/"},{"@type":"ListItem","position":2,"name":"Cours de pr\u00e9paration aux tests \u00e9crits niveau C"}]},{"@type":"WebSite","@id":"https:\/\/af.ca\/ottawa\/#website","url":"https:\/\/af.ca\/ottawa\/","name":"Alliance Fran\u00e7aise Ottawa","description":"\u00c9cole de langue fran\u00e7aise et centre culturel","potentialAction":[{"@type":"SearchAction","target":{"@type":"EntryPoint","urlTemplate":"https:\/\/af.ca\/ottawa\/?s={search_term_string}"},"query-input":{"@type":"PropertyValueSpecification","valueRequired":true,"valueName":"search_term_string"}}],"inLanguage":"fr-FR"}]}},"blog_post_layout_featured_media_urls":{"thumbnail":"","full":""},"categories_names":null,"comments_number":"0","_links":{"self":[{"href":"https:\/\/af.ca\/ottawa\/wp-json\/wp\/v2\/pages\/9760","targetHints":{"allow":["GET"]}}],"collection":[{"href":"https:\/\/af.ca\/ottawa\/wp-json\/wp\/v2\/pages"}],"about":[{"href":"https:\/\/af.ca\/ottawa\/wp-json\/wp\/v2\/types\/page"}],"author":[{"embeddable":true,"href":"https:\/\/af.ca\/ottawa\/wp-json\/wp\/v2\/users\/3"}],"replies":[{"embeddable":true,"href":"https:\/\/af.ca\/ottawa\/wp-json\/wp\/v2\/comments?post=9760"}],"version-history":[{"count":0,"href":"https:\/\/af.ca\/ottawa\/wp-json\/wp\/v2\/pages\/9760\/revisions"}],"wp:attachment":[{"href":"https:\/\/af.ca\/ottawa\/wp-json\/wp\/v2\/media?parent=9760"}],"curies":[{"name":"wp","href":"https:\/\/api.w.org\/{rel}","templated":true}]}}